NOAA-Style Climate Reports

WeatherLink Software Version 6.0.3
Discontinued 1/31/2017
Select a Year or Month report
2018: Jan Feb Mar Apr May Jun Jul Aug Sep Oct Nov Dec
2017: Jan Feb Mar Apr May Jun Jul Aug Sep Oct Nov Dec
2016: Jan Feb Mar Apr May Jun Jul Aug Sep Oct Nov Dec
2015: Jan Feb Mar Apr May Jun Jul Aug Sep Oct Nov Dec
2014: Jan Feb Mar Apr May Jun Jul Aug Sep Oct Nov Dec
2013: Jan Feb Mar Apr May Jun Jul Aug Sep Oct Nov Dec
2012: Jan Feb Mar Apr May Jun Jul Aug Sep Oct Nov Dec
2011: Jan Feb Mar Apr May Jun Jul Aug Sep Oct Nov Dec
2010: Jan Feb Mar Apr May Jun Jul Aug Sep Oct Nov Dec

Report for 2017 July
                   MONTHLY CLIMATOLOGICAL SUMMARY for JUL. 2017

NAME: cvweather   CITY: Mechanicsburg   STATE: PA 
ELEV:   439 ft  LAT:  40° 13' 22" N  LONG:  77° 00' 51" W

                   TEMPERATURE (°F), RAIN  (in), WIND SPEED (mph)

                                      HEAT  COOL        AVG
    MEAN                              DEG   DEG         WIND                 DOM
DAY TEMP  HIGH   TIME   LOW    TIME   DAYS  DAYS  RAIN  SPEED HIGH   TIME    DIR
------------------------------------------------------------------------------------
 1  76.3  83.9  12:06p  69.5  11:58p   0.0  11.4  1.34   0.6  23.0   2:45p   SSE
 2  76.8  90.2   3:48p  64.7   5:48a   0.0  12.0  0.00   0.8  14.0   2:26p   WSW
 3  76.4  91.0   4:35p  61.9   5:49a   0.3  11.7  0.00   0.6  13.0   2:48p   WSW
 4  77.3  87.2   5:04p  67.0   6:13a   0.0  12.3  0.00   0.6  11.0   1:58p     N
 5  74.5  79.8   4:22p  68.8   5:14a   0.0   9.5  0.00   1.3  18.0   4:32p   ESE
 6  71.1  73.6   4:39p  67.9   6:54a   0.0   6.1  0.12   1.0  10.0   5:31p   ESE
 7  73.7  87.6   3:41p  67.9   6:57a   0.0   8.7  1.29   0.8  14.0   5:02p    NW
 8  72.2  85.2   4:00p  63.6  11:48p   0.1   7.3  0.00   1.2  22.0   4:47p   WSW
 9  69.3  83.1   4:08p  57.7   6:10a   1.7   6.3  0.00   0.5  12.0   9:19a   WSW
10  72.5  86.6   4:39p  58.5   5:25a   1.7   9.2  0.00   0.3  13.0   1:45p   WSW
11  75.5  89.8   4:40p  66.5   5:03a   0.0  10.5  0.05   0.4  20.0   8:37p   WSW
12  77.1  87.1   4:27p  67.1   5:49a   0.0  12.1  0.00   0.6  15.0  10:09a   WSW
13  78.6  88.6   4:01p  68.8   6:23a   0.0  13.6  0.00   0.8  22.0   4:37p   WSW
14  76.0  85.1   4:06p  70.1   7:55a   0.0  11.0  2.30   0.5  14.0   6:46a   ESE
15  74.5  83.6   3:48p  65.1  12:00m   0.0   9.5  0.01   1.7  16.0   1:07p    NW
16  72.1  84.9   4:21p  59.6   6:25a   1.1   8.2  0.00   0.3   8.0   2:26p   WNW
17  73.7  85.4  12:56p  66.1   2:40a   0.0   8.8  0.00   0.7  17.0   4:42p    SE
18  76.6  89.5   3:56p  66.0   6:12a   0.0  11.6  0.00   0.5  12.0   7:09p   SSE
19  78.7  92.9   4:13p  67.7   6:13a   0.0  13.9  0.01   0.7  21.0   7:18p   WSW
20  80.4  92.5   4:48p  69.5   5:44a   0.0  15.4  0.00   1.3  14.0   5:50p   WSW
21  81.2  91.6   4:02p  70.6   6:18a   0.0  16.0  0.00   0.6  11.0   3:20p   WSW
22  77.5  87.8   1:22p  70.2   6:19a   0.0  12.5  0.02   0.6  18.0   6:29p   WSW
23  75.7  85.8   4:43p  70.2  10:39p   0.0  10.7  0.94   0.5  14.0   5:19p   ESE
24  73.9  87.5   4:15p  66.8  11:59p   0.0   8.9  0.56   1.0  18.0   5:36p   WNW
25  67.6  74.7  12:21p  59.3   6:06a   1.0   3.6  0.00   0.9  13.0  11:27a   WNW
26  69.9  82.2   5:02p  56.8   6:11a   1.6   6.6  0.00   0.4  11.0   4:06p   SSE
27  74.3  82.5   5:17p  69.0   3:46a   0.0   9.3  0.30   0.5  11.0  10:35p   ESE
28  72.5  79.7   1:24p  67.8  11:58p   0.0   7.6  0.44   0.6  14.0   2:00p   ESE
29  69.2  79.8   4:30p  61.3  11:49p   0.5   4.8  0.42   3.6  21.0   4:31p     N
30  68.7  82.9   5:05p  55.5   6:10a   2.4   6.1  0.00   1.2  13.0  12:53p   NNW
31  73.0  88.0   4:46p  58.8   5:30a   1.4   9.4  0.00   0.9  12.0   1:19p   WNW
-------------------------------------------------------------------------------------
    74.4  92.9    19    55.5    30    11.8 304.6  7.80   0.8  23.0     1     WSW

Max >=  90.0:  5
Max <=  32.0:  0
Min <=  32.0:  0
Min <=   0.0:  0
Max Rain: 2.30 ON 07/14/17
Days of Rain: 11 (>.01 in) 9 (>.1 in) 3 (>1 in)
Heat Base:  65.0  Cool Base:  65.0  Method: Integration