NOAA-Style Climate Reports

WeatherLink Software Version 6.0.3
Discontinued 1/31/2017
Select a Year or Month report
2018: Jan Feb Mar Apr May Jun Jul Aug Sep Oct Nov Dec
2017: Jan Feb Mar Apr May Jun Jul Aug Sep Oct Nov Dec
2016: Jan Feb Mar Apr May Jun Jul Aug Sep Oct Nov Dec
2015: Jan Feb Mar Apr May Jun Jul Aug Sep Oct Nov Dec
2014: Jan Feb Mar Apr May Jun Jul Aug Sep Oct Nov Dec
2013: Jan Feb Mar Apr May Jun Jul Aug Sep Oct Nov Dec
2012: Jan Feb Mar Apr May Jun Jul Aug Sep Oct Nov Dec
2011: Jan Feb Mar Apr May Jun Jul Aug Sep Oct Nov Dec
2010: Jan Feb Mar Apr May Jun Jul Aug Sep Oct Nov Dec

Report for 2017 August
                   MONTHLY CLIMATOLOGICAL SUMMARY for AUG. 2017

NAME: cvweather   CITY: Mechanicsburg   STATE: PA 
ELEV:   439 ft  LAT:  40° 13' 22" N  LONG:  77° 00' 51" W

                   TEMPERATURE (°F), RAIN  (in), WIND SPEED (mph)

                                      HEAT  COOL        AVG
    MEAN                              DEG   DEG         WIND                 DOM
DAY TEMP  HIGH   TIME   LOW    TIME   DAYS  DAYS  RAIN  SPEED HIGH   TIME    DIR
------------------------------------------------------------------------------------
 1  75.6  89.4   3:45p  61.9   6:07a   0.5  11.5  0.00   0.5  11.0   2:09p   WNW
 2  74.4  89.0   1:33p  67.8   3:02p   0.0   9.4  0.19   0.7  38.0   2:51p   ESE
 3  72.8  84.4   3:50p  62.8   6:29a   0.2   8.0  0.09   0.3  11.0   4:16p   SSE
 4  73.3  87.4   1:06p  66.2  11:33p   0.0   8.3  2.89   0.9  25.0   7:44p   SSE
 5  67.7  75.9   3:57p  60.3  12:00m   0.6   3.4  0.02   2.0  17.0  12:02p   WNW
 6  64.9  74.2   3:20p  54.9   6:31a   2.8   2.7  0.00   0.1   8.0   2:09p    SW
 7  64.8  66.9   6:10p  62.8   7:41a   0.6   0.5  0.40   0.4  10.0   2:37p   ESE
 8  69.0  80.7   4:14p  61.8   6:23a   0.7   4.7  0.00   1.4  12.0  10:53a    NW
 9  68.6  82.9   3:50p  54.1   6:38a   2.7   6.3  0.00   0.3   7.0   1:14p    NW
10  68.9  81.0   1:40p  55.2   6:42a   2.4   6.2  0.00   0.2  12.0  11:54a   SSE
11  71.1  80.0  11:49a  66.1  11:45p   0.0   6.2  0.78   0.4  10.0  10:32p   SSE
12  70.2  83.5   2:25p  63.3   5:23a   0.1   5.4  0.61   0.3   9.0   2:33p    SE
13  69.2  80.0   3:15p  58.1   6:36a   1.1   5.3  0.00   0.8  15.0   9:15a   WNW
14  67.2  74.9   5:06p  58.0   6:21a   1.7   3.9  0.03   0.2  10.0   9:05p   SSE
15  69.9  78.0   5:25p  65.0   2:51a   0.0   4.9  0.01   0.2   5.0   1:05a   WNW
16  73.7  86.8   3:24p  64.2   3:36a   0.0   8.8  0.00   0.9  11.0   2:56p    NW
17  74.7  87.1   4:03p  61.0   6:36a   0.6  10.5  0.00   0.9  11.0   9:19p    SE
18  77.6  87.9   1:05p  72.2   6:31a   0.0  12.7  0.34   0.4  17.0   3:21p   SSE
19  73.4  86.2   4:11p  61.5  11:50p   0.3   8.7  0.05   0.9  34.0   7:31p   WSW
20  70.2  84.2   4:04p  57.8   6:50a   1.8   7.1  0.00   0.6  10.0  10:29a   WNW
21  74.5  86.2   3:53p  61.9   4:58a   0.6  10.1  0.00   0.3   8.0  12:52p   SSE
22  77.4  91.1   3:05p  66.7   6:04a   0.0  12.4  0.11   0.8  16.0   7:46p   SSE
23  72.1  81.7   4:01p  60.2  11:49p   0.3   7.5  0.01   1.6  16.0   1:16p    NW
24  66.2  77.8   1:42p  55.4   6:57a   2.7   3.9  0.00   0.4  13.0  11:15a   WNW
25  66.5  76.2   3:14p  58.7   5:47a   1.6   3.1  0.01   0.4  12.0   2:04p    NW
26  66.0  76.7   1:52p  55.6   6:54a   2.5   3.5  0.00   0.2   9.0  11:24a   ESE
27  64.9  76.7   2:45p  55.2   6:42a   3.4   3.4  0.00   0.6  11.0   1:20p   ESE
28  63.9  74.8   2:35p  51.2   6:49a   4.2   3.1  0.00   1.2  16.0   1:53p   ESE
29  60.7  63.6  12:01a  59.0  11:42p   4.3   0.0  0.35   0.2  10.0   3:30p   NNE
30  65.7  77.8   3:12p  56.3   6:41a   2.8   3.5  0.00   0.6  12.0   4:11p   WNW
31  68.0  82.3   1:32p  58.4   2:46a   2.0   5.0  0.02   1.1  18.0   4:51p    NW
-------------------------------------------------------------------------------------
    69.8  91.1    22    51.2    28    40.5 190.0  5.91   0.6  38.0     2     WNW

Max >=  90.0:  1
Max <=  32.0:  0
Min <=  32.0:  0
Min <=   0.0:  0
Max Rain: 2.89 ON 08/04/17
Days of Rain: 13 (>.01 in) 8 (>.1 in) 1 (>1 in)
Heat Base:  65.0  Cool Base:  65.0  Method: Integration