NOAA-Style Climate Reports

WeatherLink Software Version 6.0.3
Discontinued 1/31/2017
Select a Year or Month report
2018: Jan Feb Mar Apr May Jun Jul Aug Sep Oct Nov Dec
2017: Jan Feb Mar Apr May Jun Jul Aug Sep Oct Nov Dec
2016: Jan Feb Mar Apr May Jun Jul Aug Sep Oct Nov Dec
2015: Jan Feb Mar Apr May Jun Jul Aug Sep Oct Nov Dec
2014: Jan Feb Mar Apr May Jun Jul Aug Sep Oct Nov Dec
2013: Jan Feb Mar Apr May Jun Jul Aug Sep Oct Nov Dec
2012: Jan Feb Mar Apr May Jun Jul Aug Sep Oct Nov Dec
2011: Jan Feb Mar Apr May Jun Jul Aug Sep Oct Nov Dec
2010: Jan Feb Mar Apr May Jun Jul Aug Sep Oct Nov Dec

Report for 2017 September
                   MONTHLY CLIMATOLOGICAL SUMMARY for SEP. 2017

NAME: cvweather_new   CITY: Mechanicsburg   STATE: PA 
ELEV:   439 ft  LAT:  40° 13' 22" N  LONG:  77° 00' 51" W

                   TEMPERATURE (°F), RAIN  (in), WIND SPEED (mph)

                                      HEAT  COOL        AVG
    MEAN                              DEG   DEG         WIND                 DOM
DAY TEMP  HIGH   TIME   LOW    TIME   DAYS  DAYS  RAIN  SPEED HIGH   TIME    DIR
------------------------------------------------------------------------------------
 1  59.3  65.7   3:21p  51.7   6:53a   5.8   0.0  0.00   1.5  17.0  12:06a     N
 2  51.3  54.5   3:31p  48.3   4:17a   8.9   0.0  0.37   0.4   8.0   6:41a   NNE
 3
 4
 5
 6
 7
 8
 9
10  61.8  71.9   3:05p  50.1  11:58p   2.0   0.7  0.00   1.2  12.0   2:10p   NNW
11  57.8  72.3   3:39p  43.2   6:41a   8.7   1.5  0.00   0.1   6.0   2:03p   WNW
12  61.9  77.0   3:14p  51.5   6:57a   5.5   2.4  0.00   0.1   5.0   1:05p   SSE
13  64.1  69.2   5:47p  57.0   1:30a   2.3   1.4  0.01   0.1   8.0   6:04p     E
14  68.7  78.2   1:33p  61.1  11:37p   0.4   4.0  0.01   0.7  11.0  11:58a   WNW
15  67.9  79.3   1:20p  56.9   6:06a   2.3   5.2  0.00   0.3   8.0  11:25a   WNW
16  69.8  82.1   1:35p  58.9   7:15a   1.4   6.2  0.00   0.2   9.0   5:42p     N
17  68.4  79.6   3:34p  59.5   6:38a   1.1   4.5  0.00   0.2  10.0   3:44p   ESE
18  67.0  75.2   2:56p  61.3   6:03a   0.7   2.7  0.00   0.5  13.0   4:03p   ESE
19  67.5  79.0   3:10p  58.2   2:52a   1.4   3.9  0.00   0.8  11.0  10:55a   NNW
20  71.0  85.6   3:16p  61.5   7:08a   0.9   7.0  0.00   0.7  12.0  11:30a     N
21  70.8  85.1   2:52p  59.2   5:11a   1.6   7.4  0.00   0.6  12.0   2:06p    NW
22  69.9  83.3   3:39p  59.8  11:58p   1.2   6.2  0.00   0.6  12.0  12:24p     N
23  68.7  86.9   3:20p  53.9   7:03a   3.2   6.9  0.00   0.6  12.0   2:44p    NW
24  72.9  90.2   3:29p  58.1   7:03a   1.8   9.7  0.00   0.6  13.0   3:49p     N
25  75.6  90.0   3:27p  63.3   6:34a   0.2  10.8  0.00   0.4   8.0  12:06p   ESE
26  74.0  85.2   2:59p  64.3   7:18a   0.0   9.0  0.00   0.4  14.0   2:01p   ESE
27  73.7  90.1   3:31p  61.5   7:19a   0.5   9.1  0.00   0.7  11.0   2:20p   NNW
28  68.0  75.6   3:23p  54.4  11:54p   1.0   3.9  0.00   3.7  20.0   2:59p    NW
29  58.2  72.2   3:29p  43.9   7:27a   7.8   1.0  0.00   1.0  17.0   9:28p   WNW
30  56.1  64.1   2:47p  45.4  11:58p   8.9   0.0  0.00   4.4  23.0  10:25a    NW
-------------------------------------------------------------------------------------
    66.3  90.2    24    43.2    11    67.6 103.5  0.39   0.9  23.0    30       N

Max >=  90.0:  3
Max <=  32.0:  0
Min <=  32.0:  0
Min <=   0.0:  0
Max Rain: 0.37 ON 09/02/17
Days of Rain: 1 (>.01 in) 1 (>.1 in) 0 (>1 in)
Heat Base:  65.0  Cool Base:  65.0  Method: Integration