NOAA-Style Climate Reports

WeatherLink Software Version 6.0.3
Discontinued 1/31/2017
Select a Year or Month report
2018: Jan Feb Mar Apr May Jun Jul Aug Sep Oct Nov Dec
2017: Jan Feb Mar Apr May Jun Jul Aug Sep Oct Nov Dec
2016: Jan Feb Mar Apr May Jun Jul Aug Sep Oct Nov Dec
2015: Jan Feb Mar Apr May Jun Jul Aug Sep Oct Nov Dec
2014: Jan Feb Mar Apr May Jun Jul Aug Sep Oct Nov Dec
2013: Jan Feb Mar Apr May Jun Jul Aug Sep Oct Nov Dec
2012: Jan Feb Mar Apr May Jun Jul Aug Sep Oct Nov Dec
2011: Jan Feb Mar Apr May Jun Jul Aug Sep Oct Nov Dec
2010: Jan Feb Mar Apr May Jun Jul Aug Sep Oct Nov Dec

Report for 2017 October
                   MONTHLY CLIMATOLOGICAL SUMMARY for OCT. 2017

NAME: cvweather_new   CITY: Mechanicsburg   STATE: PA 
ELEV:   439 ft  LAT:  40° 13' 22" N  LONG:  77° 00' 51" W

                   TEMPERATURE (°F), RAIN  (in), WIND SPEED (mph)

                                      HEAT  COOL        AVG
    MEAN                              DEG   DEG         WIND                 DOM
DAY TEMP  HIGH   TIME   LOW    TIME   DAYS  DAYS  RAIN  SPEED HIGH   TIME    DIR
------------------------------------------------------------------------------------
 1  51.4  67.0   3:27p  37.9   7:26a  13.6   0.0  0.00   0.2   7.0  11:08a    SW
 2  54.2  72.8   3:38p  37.3   7:24a  12.0   1.2  0.00   0.2   7.0   2:29p     E
 3  58.2  72.5   3:41p  43.7   7:23a   8.3   1.5  0.00   0.7  10.0   2:23p    SE
 4  60.9  79.3   3:33p  43.9   7:22a   7.2   3.1  0.00   0.3  10.0   3:33p   SSE
 5  66.6  79.7   3:25p  55.5   6:23a   2.6   4.2  0.24   0.5  13.0   1:16p   SSE
 6  68.7  77.9   3:09p  61.7   4:28a   0.7   4.3  0.00   0.2  10.0   3:11p    SW
 7  70.4  82.0   3:31p  59.0   7:04a   1.3   6.7  0.00   1.3  18.0   1:38p   SSE
 8  73.9  77.9   2:09p  71.3   9:17p   0.0   8.9  0.16   0.3  12.0  12:28a   SSE
 9  74.1  82.4   3:38p  67.9  11:53p   0.0   9.1  1.03   1.9  19.0   2:08p    SE
10  69.7  79.4   3:48p  63.1  11:42p   0.3   5.0  0.00   0.2   8.0   2:12p   WNW
11  63.8  65.0   3:07p  61.0  11:57p   1.2   0.0  0.63   0.5  12.0   7:05p   ESE
12  57.9  61.0  12:01a  54.4  12:00m   7.1   0.0  0.16   2.2  21.0  12:31p   ESE
13  56.1  60.2   3:19p  51.2   4:44a   8.9   0.0  0.03   0.5   9.0  10:18a   ESE
14  60.3  63.6   3:56p  57.5   5:53a   4.7   0.0  0.01   0.0   4.0  11:43a   WNW
15  65.7  74.2   3:48p  60.6   7:27a   1.8   2.5  0.10   1.1  16.0  11:07p   SSE
16  55.7  63.1  12:01a  44.3  11:56p   9.3   0.0  0.00   4.8  23.0   9:28a   WNW
17  46.6  59.5   4:26p  34.4   7:36a  18.0   0.0  0.00   0.4  10.0   4:03p   WNW
18  51.1  69.3   3:31p  36.5   6:52a  14.1   0.5  0.00   0.3   9.0   5:16p   SSE
19  53.1  71.3   4:39p  38.1   7:41a  12.8   0.9  0.00   0.3  15.0   4:27p    SW
20  56.3  70.9   4:38p  45.9  11:57p   9.9   1.2  0.00   1.1  14.0  12:14p   WNW
21  54.2  73.4   3:11p  38.5   7:22a  12.3   1.5  0.00   0.1   7.0   3:01p   SSE
22  58.3  73.9   3:37p  44.0   7:31a   8.5   1.8  0.00   0.8  14.0   5:22p    SE
23  63.0  70.8   4:43p  52.0   4:05a   4.0   2.0  0.07   2.0  23.0  11:52p   ESE
24  63.7  68.1   2:58p  57.5  12:00m   2.0   0.7  0.65   1.9  24.0   1:47a   SSE
25  52.5  59.8   3:21p  40.7  11:57p  12.5   0.0  0.00   2.2  14.0   5:00p   WNW
26  47.1  56.4   3:39p  38.7  11:59p  17.8   0.0  0.00   2.8  21.0   4:13p   WNW
27  48.0  63.6   4:33p  32.7   7:44a  16.8   0.0  0.00   0.6  11.0   4:18p   SSE
28  56.0  66.6   2:45p  43.1   5:38a   9.1   0.1  0.00   1.2  23.0   4:05p   SSE
29  57.2  64.0  12:47p  45.1  11:52p   7.8   0.0  1.64   2.8  31.0  11:26p   ESE
30  48.9  54.4   3:50p  42.6   3:12a  15.5   0.0  0.17   5.5  29.0   6:05a   WSW
31  45.5  53.2   3:38p  35.1  11:08p  18.9   0.0  0.00   2.6  23.0  11:25a   WSW
-------------------------------------------------------------------------------------
    58.4  82.4     9    32.7    27   259.0  55.2  4.89   1.3  31.0    29     SSE

Max >=  90.0:  0
Max <=  32.0:  0
Min <=  32.0:  0
Min <=   0.0:  0
Max Rain: 1.64 ON 10/29/17
Days of Rain: 11 (>.01 in) 8 (>.1 in) 2 (>1 in)
Heat Base:  65.0  Cool Base:  65.0  Method: Integration