NOAA-Style Climate Reports

WeatherLink Software Version 6.0.3
Discontinued 1/31/2017
Select a Year or Month report
2018: Jan Feb Mar Apr May Jun Jul Aug Sep Oct Nov Dec
2017: Jan Feb Mar Apr May Jun Jul Aug Sep Oct Nov Dec
2016: Jan Feb Mar Apr May Jun Jul Aug Sep Oct Nov Dec
2015: Jan Feb Mar Apr May Jun Jul Aug Sep Oct Nov Dec
2014: Jan Feb Mar Apr May Jun Jul Aug Sep Oct Nov Dec
2013: Jan Feb Mar Apr May Jun Jul Aug Sep Oct Nov Dec
2012: Jan Feb Mar Apr May Jun Jul Aug Sep Oct Nov Dec
2011: Jan Feb Mar Apr May Jun Jul Aug Sep Oct Nov Dec
2010: Jan Feb Mar Apr May Jun Jul Aug Sep Oct Nov Dec

Report for 2017 December
                   MONTHLY CLIMATOLOGICAL SUMMARY for NOV. 2017

NAME: cvweather_new   CITY: Mechanicsburg   STATE: PA 
ELEV:   439 ft  LAT:  40° 13' 22" N  LONG:  77° 00' 51" W

                   TEMPERATURE (°F), RAIN  (in), WIND SPEED (mph)

                                      HEAT  COOL        AVG
    MEAN                              DEG   DEG         WIND                 DOM
DAY TEMP  HIGH   TIME   LOW    TIME   DAYS  DAYS  RAIN  SPEED HIGH   TIME    DIR
------------------------------------------------------------------------------------
 1  40.7  45.7  11:55p  32.9   3:03a  23.7   0.0  0.05   0.2   6.0   1:25p     N
 2  53.1  68.1   3:42p  42.7   3:41a  12.1   0.2  0.00   0.0   5.0  12:00p   SSE
 3  56.0  69.4   2:54p  46.5   7:33a   9.5   0.5  0.00   1.5  16.0   5:37p     N
 4  48.6  56.1   2:32p  36.8   8:02a  16.4   0.0  0.32   0.9  12.0  12:24a     N
 5  52.7  57.8   7:55p  48.0  12:01a  12.3   0.0  0.13   0.3  11.0  11:40p   ESE
 6  56.3  62.9   3:38p  43.8  11:59p   8.7   0.0  0.10   2.0  16.0   3:50p     N
 7  38.2  43.8  12:01a  33.0   4:51p  26.8   0.0  0.43   2.4  14.0   9:02p     N
 8  37.4  44.5   2:15p  30.3  11:58p  26.6   0.0  0.04   1.0  10.0  12:25a     N
 9  38.4  44.6   9:56p  29.3   1:37a  26.0   0.0  0.05   0.2   8.0  10:06p    SW
10  33.9  43.0  12:01a  23.8  11:58p  30.1   0.0  0.01   6.5  29.0  12:37p    NW
11  25.6  35.4   2:48p  16.5   6:34a  38.2   0.0  0.00   0.7   9.0  10:25a   WNW
12  34.7  44.6   2:53p  22.5  12:12a  29.0   0.0  0.00   0.5   7.0   2:55p     E
13  38.4  46.4   3:27p  31.8  10:22p  26.5   0.0  0.06   0.4   8.0  12:28p     N
14  41.4  45.7   2:24p  35.0  12:01a  23.5   0.0  0.00   1.0  12.0  11:54a    NW
15  41.5  49.2   2:56p  27.2   6:12a  22.2   0.0  0.00   0.6  11.0  11:34a    SE
16  46.1  55.1  12:45p  38.8   7:22a  18.8   0.0  0.00   4.2  28.0   1:18p   WNW
17  39.8  48.2   3:15p  29.4   9:57p  25.0   0.0  0.00   3.7  20.0   1:42a   WNW
18  37.3  47.8  12:00m  29.9   1:10a  27.5   0.0  1.14   0.7  13.0  11:36p   ESE
19  45.3  55.3   3:40a  35.9  11:57p  19.7   0.0  0.05   6.7  31.0   4:17a   WNW
20  37.7  46.4   3:49p  28.2  11:59p  27.1   0.0  0.00   2.9  20.0   1:08a   WSW
21  37.4  54.4   1:27p  23.9   7:19a  27.2   0.0  0.00   0.5  14.0   1:45p   SSE
22  40.4  49.6   9:47a  32.3  12:00m  24.6   0.0  0.00   5.1  28.0  10:15a    NW
23  32.2  41.5   2:55p  23.6   7:16a  32.5   0.0  0.00   0.9   8.0  12:10a   WNW
24  34.8  51.5   2:43p  21.9   7:09a  30.1   0.0  0.00   0.2   9.0   3:20p   SSE
25  42.3  54.7   2:33p  28.1   7:17a  22.5   0.0  0.00   0.8  19.0  10:26p   WNW
26  40.8  49.0  12:01a  28.1   8:49p  24.2   0.0  0.00   4.0  23.0   6:22a   WNW
27  40.5  54.4   2:38p  29.1  12:06a  24.4   0.0  0.00   2.1  16.0  11:42a   WNW
28  41.7  57.3   3:34p  29.2   3:50a  23.3   0.0  0.00   0.8  10.0   9:33a   SSE
29  42.8  61.4   1:37p  30.3  11:53p  22.2   0.0  0.00   1.4  21.0  12:54p   WNW
30  39.4  51.1   3:28p  29.1   3:49a  25.1   0.0  0.02   0.4  10.0  11:24a   SSE
-------------------------------------------------------------------------------------
    41.2  69.4     3    16.5    11   705.8   0.7  2.40   1.8  31.0    19     WNW

Max >=  90.0:  0
Max <=  32.0:  0
Min <=  32.0: 19
Min <=   0.0:  0
Max Rain: 1.14 ON 11/18/17
Days of Rain: 11 (>.01 in) 4 (>.1 in) 1 (>1 in)
Heat Base:  65.0  Cool Base:  65.0  Method: Integration