NOAA-Style Climate Reports

WeatherLink Software Version 6.0.3
Discontinued 1/31/2017
Select a Year or Month report
2018: Jan Feb Mar Apr May Jun Jul Aug Sep Oct Nov Dec
2017: Jan Feb Mar Apr May Jun Jul Aug Sep Oct Nov Dec
2016: Jan Feb Mar Apr May Jun Jul Aug Sep Oct Nov Dec
2015: Jan Feb Mar Apr May Jun Jul Aug Sep Oct Nov Dec
2014: Jan Feb Mar Apr May Jun Jul Aug Sep Oct Nov Dec
2013: Jan Feb Mar Apr May Jun Jul Aug Sep Oct Nov Dec
2012: Jan Feb Mar Apr May Jun Jul Aug Sep Oct Nov Dec
2011: Jan Feb Mar Apr May Jun Jul Aug Sep Oct Nov Dec
2010: Jan Feb Mar Apr May Jun Jul Aug Sep Oct Nov Dec

Report for 2018
                            ANNUAL CLIMATOLOGICAL SUMMARY

NAME: cvweather_new  CITY: Mechanicsburg   STATE: PA  
ELEV:   439 ft  LAT:  40° 13' 22" N  LONG:  77° 00' 51" W

               TEMPERATURE (°F), HEAT BASE 65.0, COOL BASE 65.0
                          DEP.  HEAT  COOL                                          
        MEAN  MEAN        FROM  DEG   DEG                        MAX  MAX  MIN  MIN 
 YR MO  MAX   MIN   MEAN  NORM  DAYS  DAYS  HI  DATE  LOW  DATE  >=90 <=32 <=32 <=0 
------------------------------------------------------------------------------------
 18  1  36.5  17.2  27.5   0.0  1127     0  65.7  12  -2.8    3    0   13   27    2
 18  2  45.7  28.6  37.4   0.0   761     5  80.4  21  10.4    3    0    1   19    0
 18  3  44.8  28.2  36.5   0.0   859     0  61.3  29  19.4    6    0    0   25    0
 18  4  58.8  36.1  47.2   0.0   547    20  86.1  14  22.7    8    0    0   11    0
 18  5  76.5  55.6  65.7   0.0   108   132  91.3  26  37.3    1    2    0    0    0
 18  6  80.4  59.7  69.5   0.0    51   185  94.9  18  47.5   12    3    0    0    0
 18  7  84.9  64.3  73.9   0.0    17   286  96.1   3  52.2    8    8    0    0    0
 18  8  84.8  66.6  74.4   0.0     7   299  94.3  29  53.1   24    4    0    0    0
 18  9  75.9  61.8  68.1   0.0    63   156  93.9   6  47.5   30    4    0    0    0
 18 10  64.0  47.6  55.6   0.0   353    58  85.1   7  31.9   25    0    0    1    0
 18 11  49.3  35.8  43.2   0.0   320     2  72.2   1  23.4   11    0    0    7    0
 18 12
------------------------------------------------------------------------------------
        64.6  46.1  55.1   0.0  4214  1142  96.1 JUL  -2.8  JAN   21   14   90    2

                                PRECIPITATION (in)

               DEP.   MAX        DAYS OF RAIN 
               FROM   OBS.          OVER
 YR MO  TOTAL  NORM   DAY  DATE .01   .1   1
---------------------------------------------
 18  1  3.15   0.00  1.07   23   11    6    1
 18  2  5.24   0.00  0.97   15   16   12    0
 18  3  2.83   0.00  1.12    1   12    5    1
 18  4  4.56   0.00  2.08   16   15    8    1
 18  5  6.07   0.00  1.22   13   14   12    1
 18  6  4.07   0.00  0.97    3   13    8    0
 18  7  8.44   0.00  1.99   21   10    8    5
 18  8  4.77   0.00  0.84   21   13   10    0
 18  9  7.86   0.00  2.70    9   17   10    1
 18 10  2.50   0.00  0.96   27   10    6    0
 18 11  5.11   0.00  1.54    2    7    6    3
 18 12
---------------------------------------------
       54.60  0.00  2.70  SEP  138   91   13

                                WIND SPEED (mph)
                          DOM
 YR MO   AVG.  HI   DATE  DIR
---------------------------------
 18  1   2.7  39.0    4    NW
 18  2   1.4  30.0   16   SSE
 18  3   3.8  39.0    2    NW
 18  4   3.0  39.0    4    NW
 18  5   0.8  26.0   15   SSE
 18  6   1.0  29.0   24    NW
 18  7   0.9  26.0   23   SSE
 18  8   0.7  28.0    1   SSE
 18  9   0.7  25.0    6   ESE
 18 10   1.6  31.0   20   WNW
 18 11   1.7  30.0   10   WNW
 18 12
---------------------------------
         1.7  39.0  JAN   NW