NOAA-Style Climate Reports

WeatherLink Software Version 6.0.3
Discontinued 1/31/2017
Select a Year or Month report
2018: Jan Feb Mar Apr May Jun Jul Aug Sep Oct Nov Dec
2017: Jan Feb Mar Apr May Jun Jul Aug Sep Oct Nov Dec
2016: Jan Feb Mar Apr May Jun Jul Aug Sep Oct Nov Dec
2015: Jan Feb Mar Apr May Jun Jul Aug Sep Oct Nov Dec
2014: Jan Feb Mar Apr May Jun Jul Aug Sep Oct Nov Dec
2013: Jan Feb Mar Apr May Jun Jul Aug Sep Oct Nov Dec
2012: Jan Feb Mar Apr May Jun Jul Aug Sep Oct Nov Dec
2011: Jan Feb Mar Apr May Jun Jul Aug Sep Oct Nov Dec
2010: Jan Feb Mar Apr May Jun Jul Aug Sep Oct Nov Dec

Report for 2018 January
                   MONTHLY CLIMATOLOGICAL SUMMARY for JAN. 2018

NAME: cvweather_new   CITY: Mechanicsburg   STATE: PA 
ELEV:   439 ft  LAT:  40° 13' 22" N  LONG:  77° 00' 51" W

                   TEMPERATURE (°F), RAIN  (in), WIND SPEED (mph)

                                      HEAT  COOL        AVG
    MEAN                              DEG   DEG         WIND                 DOM
DAY TEMP  HIGH   TIME   LOW    TIME   DAYS  DAYS  RAIN  SPEED HIGH   TIME    DIR
------------------------------------------------------------------------------------
 1  11.9  18.5   1:23p   2.4   7:54a  51.8   0.0  0.00   3.8  20.0   8:22p   WNW
 2  12.6  19.6   4:30p   6.5   8:55p  51.0   0.0  0.00   3.1  19.0   9:15a    SW
 3  13.3  25.2   3:13p  -2.8   7:35a  49.8   0.0  0.00   1.0   8.0   1:33p     E
 4  19.7  24.6   3:20p  12.3  11:53p  42.8   0.0  0.00   8.2  39.0   9:03p    NW
 5  10.7  14.1   2:19p   7.8  11:57p  52.2   0.0  0.00   8.6  33.0   1:17a   WNW
 6   8.8  13.9   1:39p   4.1   5:11a  51.6   0.0  0.00   6.5  30.0   2:55p   WNW
 7  11.2  18.9   3:14p  -1.9   7:27a  51.9   0.0  0.00   2.2  12.0  12:22a   SSE
 8  21.1  27.4  10:33p  14.0   7:38a  43.5   0.0  0.00   1.4  12.0  12:36p   SSE
 9  29.9  44.5   1:50p  13.1   6:05a  35.0   0.0  0.11   1.5  15.0   3:49p    NW
10  31.0  40.1   3:27p  18.7   7:26a  33.7   0.0  0.01   0.3  12.0  11:59a   SSE
11  41.5  49.8   3:41p  29.2   3:07a  23.4   0.0  0.13   0.1  10.0  10:55a   SSE
12  59.1  65.7   3:41p  45.7  12:00m   5.9   0.0  0.80   2.5  23.0   5:19a   SSE
13  27.8  45.6  12:01a  15.8  11:55p  36.7   0.0  0.56   8.5  26.0  12:40p    NW
14  14.6  19.7   2:33p  10.5   9:55p  43.0   0.0  0.00   4.0  15.0  12:14a    NW
15  17.8  24.3  11:50p   8.3   2:38a  45.6   0.0  0.00   1.2  10.0   8:35a    NE
16  28.2  31.7   1:05p  24.3  12:01a  35.9   0.0  0.07   0.1   6.0   2:17a   ESE
17  19.8  29.1  12:01a   7.5  12:00m  43.6   0.0  0.00   4.2  18.0   5:35a   WNW
18  19.7  37.0   3:23p   1.9   2:32a  44.9   0.0  0.04   1.8  16.0   4:10p    SW
19  26.7  42.9   4:14p  11.2   4:34a  37.7   0.0  0.08   0.7  11.0  11:05a   WNW
20  34.3  49.7   3:36p  21.8   3:32a  30.4   0.0  0.01   0.5  13.0  11:55a    SW
21  39.1  50.1   2:30p  26.8   2:12a  25.4   0.0  0.00   0.0   5.0   6:27p     E
22  44.6  52.9   2:30p  38.9   6:48a  20.4   0.0  0.00   0.3  14.0   3:40p     E
23  46.4  51.5   3:25p  43.1  11:40p  18.3   0.0  1.07   2.6  26.0   6:10p   WSW
24  37.0  43.6  12:45a  30.2  11:54p  27.0   0.0  0.00   7.2  25.0   1:34a    NW
25  29.3  35.9   3:18p  20.3  11:28p  34.2   0.0  0.00   3.7  16.0   1:15a    NW
26  29.8  42.1   3:24p  16.8   7:38a  34.3   0.0  0.00   0.9  12.0   1:40p   SSE
27  40.2  54.4   7:42p  22.4   7:38a  24.6   0.0  0.02   0.2  13.0   7:30p   SSE
28  42.9  48.7  12:01a  33.4  11:34p  22.0   0.0  0.20   0.0   5.0   1:12a   NNW
29  35.2  45.1   3:05p  24.5   7:13a  29.7   0.0  0.00   0.2   9.0  10:25a     N
30  25.8  31.6   5:42a  15.9  11:58p  38.9   0.0  0.05   5.9  29.0  12:39p    NW
31  23.0  32.4   4:29p  10.0   6:25a  41.5   0.0  0.00   1.8  15.0   3:26p   SSE
-------------------------------------------------------------------------------------
    27.5  65.7    12    -2.8     3  1126.7   0.0  3.15   2.7  39.0     4      NW

Max >=  90.0:  0
Max <=  32.0: 13
Min <=  32.0: 27
Min <=   0.0:  2
Max Rain: 1.07 ON 01/23/18
Days of Rain: 11 (>.01 in) 6 (>.1 in) 1 (>1 in)
Heat Base:  65.0  Cool Base:  65.0  Method: Integration