NOAA-Style Climate Reports

WeatherLink Software Version 6.0.3
Discontinued 1/31/2017
Select a Year or Month report
2018: Jan Feb Mar Apr May Jun Jul Aug Sep Oct Nov Dec
2017: Jan Feb Mar Apr May Jun Jul Aug Sep Oct Nov Dec
2016: Jan Feb Mar Apr May Jun Jul Aug Sep Oct Nov Dec
2015: Jan Feb Mar Apr May Jun Jul Aug Sep Oct Nov Dec
2014: Jan Feb Mar Apr May Jun Jul Aug Sep Oct Nov Dec
2013: Jan Feb Mar Apr May Jun Jul Aug Sep Oct Nov Dec
2012: Jan Feb Mar Apr May Jun Jul Aug Sep Oct Nov Dec
2011: Jan Feb Mar Apr May Jun Jul Aug Sep Oct Nov Dec
2010: Jan Feb Mar Apr May Jun Jul Aug Sep Oct Nov Dec

Report for 2018 February
                   MONTHLY CLIMATOLOGICAL SUMMARY for FEB. 2018

NAME: cvweather_new   CITY: Mechanicsburg   STATE: PA 
ELEV:   439 ft  LAT:  40° 13' 22" N  LONG:  77° 00' 51" W

                   TEMPERATURE (°F), RAIN  (in), WIND SPEED (mph)

                                      HEAT  COOL        AVG
    MEAN                              DEG   DEG         WIND                 DOM
DAY TEMP  HIGH   TIME   LOW    TIME   DAYS  DAYS  RAIN  SPEED HIGH   TIME    DIR
------------------------------------------------------------------------------------
 1  33.6  41.6   1:25p  25.2   7:58a  30.4   0.0  0.15   0.0   7.0   7:40p   ESE
 2  24.2  36.5  12:41a  17.3   9:30p  40.3   0.0  0.04   8.3  29.0   7:46a    NW
 3  23.9  32.1   3:42p  10.4   7:39a  37.8   0.0  0.00   2.0  17.0  12:11a   SSE
 4  31.2  33.2   9:17a  29.3   5:07a  33.6   0.0  0.16   0.9  20.0   9:17a   SSE
 5  25.8  32.8   4:42a  17.6  10:28p  39.0   0.0  0.02   1.8  20.0  10:20a   WNW
 6  26.9  33.5   3:00p  19.1  12:01a  35.4   0.0  0.05   0.3   9.0   2:13p    SW
 7  29.2  33.4   7:31p  23.7   2:27a  35.6   0.0  0.01   0.5  16.0  11:25p   ESE
 8  23.3  29.5   2:19p  16.9  11:25p  40.7   0.0  0.00   2.8  18.0  12:02p   WNW
 9  26.5  36.2   4:04p  13.9   4:06a  38.0   0.0  0.01   0.4  10.0  11:56a   SSE
10  34.9  39.4   2:12p  30.1   1:22a  29.8   0.0  0.40   0.1   6.0   1:37p     E
11  38.4  43.6   2:36p  34.6   4:47a  26.5   0.0  0.81   0.1   7.0   1:03p   ENE
12  38.4  44.8   2:29p  29.2  12:00m  26.4   0.0  0.00   4.6  21.0   2:45p   WNW
13  31.8  39.0   2:43p  21.7   7:13a  33.0   0.0  0.00   1.8  15.0   3:21a     N
14  37.5  41.1   1:32p  30.7   7:25a  27.4   0.0  0.11   0.1   7.0   2:29a   SSE
15  50.0  66.9   4:07p  37.9   6:25a  15.0   0.0  0.97   0.1   9.0   3:56p   SSE
16  48.4  56.2  10:53a  31.0  12:00m  16.6   0.0  0.23   3.7  30.0   3:54p   WNW
17  31.0  38.7  12:08p  22.1   7:14a  31.1   0.0  0.00   1.5  15.0   2:53p   SSE
18  34.4  43.3   3:49p  26.1   5:38a  29.1   0.0  0.49   1.1  15.0   8:56a    NW
19  38.9  44.3   8:01p  27.0  12:31a  25.4   0.0  0.07   0.7  13.0  12:06p   SSE
20  55.3  74.1   4:01p  43.8  12:33a  10.8   1.1  0.00   0.7  15.0   2:44p   SSE
21  62.5  80.4   2:35p  44.9   7:07a   6.2   3.7  0.00   1.4  16.0   9:06p   SSE
22  41.4  52.0  12:01a  37.1  11:54p  23.5   0.0  0.42   1.5  18.0   1:48p   NNE
23  39.1  42.0  11:15p  36.7   4:14a  25.2   0.0  0.17   0.8  10.0   2:59a   ESE
24  44.4  47.6   2:28p  41.9  12:01a  20.6   0.0  0.39   0.1   8.0  12:45p     E
25  44.9  47.8   8:29p  42.6  11:50p  20.1   0.0  0.74   0.8  16.0   7:38a   ESE
26  42.7  52.3   3:54p  31.6  11:56p  21.4   0.0  0.00   1.9  16.0   7:11a    NW
27  40.4  56.8   1:17p  24.2   6:55a  24.5   0.0  0.00   0.7  12.0   2:33p   SSE
28  47.7  60.4   5:09p  34.8   6:31a  17.2   0.0  0.00   0.6  12.0   4:02p   SSE
-------------------------------------------------------------------------------------
    37.4  80.4    21    10.4     3   760.6   4.8  5.24   1.4  30.0    16     SSE

Max >=  90.0:  0
Max <=  32.0:  1
Min <=  32.0: 19
Min <=   0.0:  0
Max Rain: 0.97 ON 02/15/18
Days of Rain: 16 (>.01 in) 12 (>.1 in) 0 (>1 in)
Heat Base:  65.0  Cool Base:  65.0  Method: Integration