NOAA-Style Climate Reports

WeatherLink Software Version 6.0.3
Discontinued 1/31/2017
Select a Year or Month report
2018: Jan Feb Mar Apr May Jun Jul Aug Sep Oct Nov Dec
2017: Jan Feb Mar Apr May Jun Jul Aug Sep Oct Nov Dec
2016: Jan Feb Mar Apr May Jun Jul Aug Sep Oct Nov Dec
2015: Jan Feb Mar Apr May Jun Jul Aug Sep Oct Nov Dec
2014: Jan Feb Mar Apr May Jun Jul Aug Sep Oct Nov Dec
2013: Jan Feb Mar Apr May Jun Jul Aug Sep Oct Nov Dec
2012: Jan Feb Mar Apr May Jun Jul Aug Sep Oct Nov Dec
2011: Jan Feb Mar Apr May Jun Jul Aug Sep Oct Nov Dec
2010: Jan Feb Mar Apr May Jun Jul Aug Sep Oct Nov Dec

Report for 2018 March
                   MONTHLY CLIMATOLOGICAL SUMMARY for MAR. 2018

NAME: cvweather_new   CITY: Mechanicsburg   STATE: PA 
ELEV:   439 ft  LAT:  40° 13' 22" N  LONG:  77° 00' 51" W

                   TEMPERATURE (°F), RAIN  (in), WIND SPEED (mph)

                                      HEAT  COOL        AVG
    MEAN                              DEG   DEG         WIND                 DOM
DAY TEMP  HIGH   TIME   LOW    TIME   DAYS  DAYS  RAIN  SPEED HIGH   TIME    DIR
------------------------------------------------------------------------------------
 1  45.1  53.8  12:12p  36.6   4:54a  19.8   0.0  1.12   0.9  14.0   8:43p   ESE
 2  37.7  45.7  12:03a  32.5   8:20a  27.2   0.0  0.21  12.1  39.0   2:25p    NW
 3  37.8  45.1  12:42p  33.4   6:33a  27.1   0.0  0.00  10.0  30.0   5:34a    NW
 4  38.1  46.6   3:13p  30.2  11:51p  26.5   0.0  0.00   7.0  27.0   3:51p   NNW
 5  34.3  44.8   2:06p  26.5   6:30a  30.0   0.0  0.00   5.1  22.0   1:24p    NW
 6  33.0  43.4   2:21p  19.4   5:23a  31.9   0.0  0.00   1.1  15.0   6:37p    SE
 7  34.7  38.3   5:51p  30.3   8:47p  30.2   0.0  0.21   1.1  20.0  11:10p   WNW
 8  33.2  40.7  12:38p  26.0   9:42p  31.1   0.0  0.00   4.6  23.0  12:52p   WNW
 9  33.4  39.6   1:06p  29.4   1:18a  28.9   0.0  0.00   5.4  25.0  10:27a   WSW
10  33.9  45.7   2:59p  23.9   5:12a  29.3   0.0  0.00   3.0  18.0   9:40a    NW
11  33.1  45.8   3:58p  19.8   7:12a  29.1   0.0  0.00   1.6  16.0  11:45a   WNW
12  30.0  34.8  12:12p  22.0   5:46a  34.0   0.0  0.02   1.0  10.0   4:58p   NNW
13  33.4  40.2   3:40p  28.7   7:55a  31.0   0.0  0.03   6.6  30.0  12:09p    NW
14  31.6  37.0   2:11p  27.1   6:59a  31.5   0.0  0.00   6.4  29.0   7:18p   WSW
15  35.6  41.8   4:55p  27.0   7:36a  28.6   0.0  0.00   4.5  29.0   4:48p   WNW
16  34.0  39.8   3:20p  27.1   8:11a  30.4   0.0  0.00   8.0  32.0   3:01p   WNW
17  34.3  43.7   2:48p  21.4   7:25a  30.5   0.0  0.00   2.6  16.0   2:11a    SW
18  38.3  54.1   4:07p  24.3   4:13a  25.4   0.0  0.00   2.8  18.0   2:53p    NW
19  39.0  52.6   2:51p  25.0   7:34a  25.5   0.0  0.00   1.9  13.0   1:14p     N
20  31.3  37.3  12:01a  28.1   7:39p  32.6   0.0  0.00   2.5  19.0  12:02p   ENE
21  30.5  32.4  12:59p  29.3  12:01a  31.9   0.0  0.09   2.6  17.0   3:46a    NW
22  36.1  45.2   3:56p  27.3   7:25a  28.3   0.0  0.85   5.4  24.0  12:01p    NW
23  36.5  42.7   4:57p  29.4   7:16a  27.1   0.0  0.02   4.9  19.0  10:25p    NW
24  36.6  46.9   3:52p  25.6   6:59a  28.3   0.0  0.00   2.3  14.0   1:32p    NW
25  32.5  42.3   4:46p  25.0   6:45a  32.3   0.0  0.05   3.5  22.0  12:44a     N
26  35.7  48.3   3:27p  21.8   6:41a  29.1   0.0  0.00   1.4  16.0   3:19p    SE
27  36.0  41.1   1:04p  29.2   4:45a  28.1   0.0  0.07   1.2  13.0  12:15p   SSE
28  40.4  44.5   4:18p  36.0  12:38a  23.5   0.0  0.11   0.0   3.0  12:05a     E
29  50.2  61.3   5:11p  43.3   1:12a  14.8   0.0  0.04   0.2   8.0   2:22p     E
30  49.7  56.1   9:45a  39.5  11:44p  15.3   0.0  0.01   3.8  22.0   3:19p    NW
31  45.2  58.0   3:16p  29.4   7:21a  19.6   0.0  0.00   2.8  19.0   5:46p   SSE
-------------------------------------------------------------------------------------
    36.5  61.3    29    19.4     6   858.9   0.0  2.83   3.8  39.0     2      NW

Max >=  90.0:  0
Max <=  32.0:  0
Min <=  32.0: 25
Min <=   0.0:  0
Max Rain: 1.12 ON 03/01/18
Days of Rain: 12 (>.01 in) 5 (>.1 in) 1 (>1 in)
Heat Base:  65.0  Cool Base:  65.0  Method: Integration