NOAA-Style Climate Reports

WeatherLink Software Version 6.0.3
Discontinued 1/31/2017
Select a Year or Month report
2018: Jan Feb Mar Apr May Jun Jul Aug Sep Oct Nov Dec
2017: Jan Feb Mar Apr May Jun Jul Aug Sep Oct Nov Dec
2016: Jan Feb Mar Apr May Jun Jul Aug Sep Oct Nov Dec
2015: Jan Feb Mar Apr May Jun Jul Aug Sep Oct Nov Dec
2014: Jan Feb Mar Apr May Jun Jul Aug Sep Oct Nov Dec
2013: Jan Feb Mar Apr May Jun Jul Aug Sep Oct Nov Dec
2012: Jan Feb Mar Apr May Jun Jul Aug Sep Oct Nov Dec
2011: Jan Feb Mar Apr May Jun Jul Aug Sep Oct Nov Dec
2010: Jan Feb Mar Apr May Jun Jul Aug Sep Oct Nov Dec

Report for 2018 April
                   MONTHLY CLIMATOLOGICAL SUMMARY for APR. 2018

NAME: cvweather_new   CITY: Mechanicsburg   STATE: PA 
ELEV:   439 ft  LAT:  40° 13' 22" N  LONG:  77° 00' 51" W

                   TEMPERATURE (°F), RAIN  (in), WIND SPEED (mph)

                                      HEAT  COOL        AVG
    MEAN                              DEG   DEG         WIND                 DOM
DAY TEMP  HIGH   TIME   LOW    TIME   DAYS  DAYS  RAIN  SPEED HIGH   TIME    DIR
------------------------------------------------------------------------------------
 1  48.3  56.5   3:21p  39.3  10:53p  16.6   0.0  0.02   1.8  16.0  11:32a    NW
 2  37.3  46.0   1:37a  30.1  12:00m  26.2   0.0  0.65   0.3  14.0   1:36a     N
 3  40.4  44.0   5:45p  29.8  12:19a  24.2   0.0  0.35   0.7   9.0  12:51p   ESE
 4  45.1  53.5  11:45a  36.9  11:09p  19.7   0.0  0.03   6.2  39.0   3:22p   WSW
 5  36.8  45.3   2:31p  28.0  11:21p  27.7   0.0  0.00   5.7  28.0   2:53a   WNW
 6  47.1  62.1   2:42p  28.1  12:01a  17.9   0.0  0.00   1.3  26.0   3:05p   SSE
 7  38.7  50.9  12:05a  31.5  10:35p  26.1   0.0  0.00   5.6  26.0   4:04a    NW
 8  34.8  45.9   3:37p  22.7   6:51a  29.5   0.0  0.00   4.6  21.0   3:42p    NW
 9  34.3  42.7  12:28p  28.1  12:02a  29.7   0.0  0.02   0.5  10.0   2:26p   SSE
10  38.6  50.9   3:32p  29.7  11:59p  26.2   0.0  0.03   2.4  18.0   4:06p    NW
11  42.4  55.0   3:46p  27.3   1:56a  22.5   0.0  0.00   1.0  18.0   3:20p    SW
12  53.7  74.0   4:55p  36.4   6:23a  12.9   1.6  0.03   1.3  28.0   3:56p   SSE
13  66.9  85.4   2:46p  47.1   4:45a   5.4   7.4  0.00   1.6  21.0   4:59p   SSE
14  69.7  86.1   2:23p  50.2   6:47a   3.3   8.0  0.00   1.3  21.0   2:42p   SSE
15  44.3  66.6  12:16a  38.3   9:07p  20.6   0.0  0.07   8.8  30.0  11:10p   ESE
16  43.2  47.1   2:18p  39.2  12:03a  21.7   0.0  2.08   5.4  30.0  12:20a   WNW
17  38.5  42.1   2:36p  35.0   7:42p  26.3   0.0  0.02   4.2  25.0   5:24p   WSW
18  43.4  55.5   5:11p  29.0   5:01a  21.6   0.0  0.00   2.0  19.0  12:04a    SW
19  42.9  50.3  12:07a  38.3  11:54p  22.0   0.0  0.16   5.1  30.0   3:07p    NW
20  44.5  57.1   5:28p  33.7   5:27a  20.4   0.0  0.00   5.8  23.0   5:08p    NW
21  46.5  59.8   4:55p  27.9   6:12a  17.4   0.0  0.00   0.4   9.0  12:41a   WSW
22  51.2  66.3   3:25p  33.4   6:36a  13.7   0.0  0.00   0.6  14.0  10:59a   ESE
23  55.3  70.4   2:08p  36.1   5:08a  10.6   1.0  0.00   1.9  17.0   3:27p    SE
24  54.7  63.2   1:50p  45.3   3:18a  10.3   0.0  0.22   3.7  24.0   3:14p   ESE
25  55.3  61.1   3:33p  50.1   1:58a   9.7   0.0  0.37   0.7  23.0  11:32p   WNW
26  55.1  67.8   4:33p  45.9   5:32a  10.1   0.2  0.00   3.8  25.0   5:54a   WNW
27  53.7  63.2   5:11p  48.6   1:28a  11.3   0.0  0.30   0.3  15.0  11:38p   ESE
28  53.7  72.4   1:47p  40.7   5:49a  11.8   0.5  0.21   1.8  27.0   2:55p    NW
29  45.1  52.8   4:13p  39.6   6:23a  19.9   0.0  0.00   6.0  25.0   4:30p   WNW
30  54.6  70.6   5:08p  36.2   6:36a  11.2   0.8  0.00   4.9  27.0   1:06p   WNW
-------------------------------------------------------------------------------------
    47.2  86.1    14    22.7     8   546.5  19.5  4.56   3.0  39.0     4      NW

Max >=  90.0:  0
Max <=  32.0:  0
Min <=  32.0: 11
Min <=   0.0:  0
Max Rain: 2.08 ON 04/16/18
Days of Rain: 15 (>.01 in) 8 (>.1 in) 1 (>1 in)
Heat Base:  65.0  Cool Base:  65.0  Method: Integration