NOAA-Style Climate Reports

WeatherLink Software Version 6.0.3
Discontinued 1/31/2017
Select a Year or Month report
2018: Jan Feb Mar Apr May Jun Jul Aug Sep Oct Nov Dec
2017: Jan Feb Mar Apr May Jun Jul Aug Sep Oct Nov Dec
2016: Jan Feb Mar Apr May Jun Jul Aug Sep Oct Nov Dec
2015: Jan Feb Mar Apr May Jun Jul Aug Sep Oct Nov Dec
2014: Jan Feb Mar Apr May Jun Jul Aug Sep Oct Nov Dec
2013: Jan Feb Mar Apr May Jun Jul Aug Sep Oct Nov Dec
2012: Jan Feb Mar Apr May Jun Jul Aug Sep Oct Nov Dec
2011: Jan Feb Mar Apr May Jun Jul Aug Sep Oct Nov Dec
2010: Jan Feb Mar Apr May Jun Jul Aug Sep Oct Nov Dec

Report for 2018 May
                   MONTHLY CLIMATOLOGICAL SUMMARY for MAY. 2018

NAME: cvweather_new   CITY: Mechanicsburg   STATE: PA 
ELEV:   439 ft  LAT:  40° 13' 22" N  LONG:  77° 00' 51" W

                   TEMPERATURE (°F), RAIN  (in), WIND SPEED (mph)

                                      HEAT  COOL        AVG
    MEAN                              DEG   DEG         WIND                 DOM
DAY TEMP  HIGH   TIME   LOW    TIME   DAYS  DAYS  RAIN  SPEED HIGH   TIME    DIR
------------------------------------------------------------------------------------
 1  62.0  82.3   5:04p  37.3   6:09a   8.2   5.2  0.00   1.0  14.0   1:13p    SW
 2  68.0  87.9   3:34p  43.9   6:17a   5.7   8.8  0.00   1.2  19.0   3:13p    SW
 3  75.5  90.2   3:52p  57.9   6:16a   1.5  12.0  0.00   1.2  21.0  12:44p   SSE
 4  73.9  84.9   1:22p  63.6   5:23a   0.1   8.9  0.00   2.0  25.0   9:16p   SSE
 5  63.8  72.1   1:52p  54.4  11:50p   2.8   1.6  0.12   1.1  16.0  12:57a   SSE
 6  55.1  58.1   5:28p  53.1   2:04a   9.9   0.0  0.58   0.3  12.0   6:14p   NNW
 7  59.2  73.2   2:24p  45.4   6:16a   7.4   1.6  0.00   0.8  12.0   2:56p     N
 8  61.8  75.2   2:19p  49.9   3:22a   6.0   2.7  0.00   0.5  10.0   2:20p   SSE
 9  65.6  79.6   4:22p  49.5   6:23a   4.2   4.8  0.00   0.7  15.0   6:50p   SSE
10  63.3  75.8   3:26p  53.8   4:36a   3.3   1.6  0.39   0.4  12.0   3:21p   SSE
11  63.6  75.8   2:06p  53.2   4:57a   3.9   2.5  0.00   1.6  17.0   2:45p   WNW
12  58.7  71.4   4:31p  50.8   6:25a   6.8   0.6  0.73   0.6  17.0   1:32a   ESE
13  55.3  60.9  12:06a  52.1  11:19a   9.7   0.0  1.22   1.1  15.0   8:28p   ESE
14  62.1  75.1   3:45p  53.9   6:48a   5.0   2.1  0.01   0.2   7.0   6:57a     W
15  70.8  89.8   3:23p  60.4   6:17a   0.8   6.6  0.29   1.2  26.0   4:06p   WSW
16  62.0  67.0  12:01a  59.0  11:36p   3.1   0.1  0.59   0.3   9.0   2:17p    NE
17  62.1  66.6   5:42p  58.2   5:48a   3.1   0.2  0.34   0.0   7.0   2:30a    NE
18  62.2  67.2  12:57p  50.6  12:00m   2.9   0.2  0.13   1.9  19.0   6:58p   ESE
19  53.3  57.7  11:33p  48.0   4:19a   8.7   0.0  0.73   0.4  16.0  12:03a   ESE
20  67.6  82.2   4:16p  57.6  12:15a   2.3   4.9  0.01   1.5  17.0   4:14p   WNW
21  67.6  79.0   4:11p  54.7   6:03a   2.1   4.6  0.00   0.4   9.0  11:21a   NNE
22  63.7  69.4  12:01a  61.9   9:25a   1.5   0.3  0.74   0.4  12.0   9:53a   ESE
23  68.5  79.2   5:03p  60.4  11:58p   1.0   4.5  0.00   1.8  20.0  11:07a    NW
24  68.7  84.1   3:15p  52.9   4:45a   3.2   6.9  0.00   0.6  12.0   1:18p     N
25  71.1  86.5   3:15p  52.2   5:48a   3.1   9.2  0.00   0.6  13.0   4:41p   SSE
26  76.8  91.3   4:32p  64.5   4:57a   0.0  11.7  0.00   0.9  12.0   3:23p   WNW
27  71.7  78.9   1:37p  63.8  11:58p   0.0   6.7  0.02   1.1  16.0   8:55p   ESE
28  65.5  72.2   4:04p  59.3   6:32a   2.1   2.5  0.02   0.4  10.0  11:28p   SSE
29  73.8  84.7   4:14p  67.2   5:56a   0.0   8.7  0.00   0.1  10.0  12:09a   SSE
30  74.2  81.5   3:35p  69.1   1:39a   0.0   9.1  0.00   1.6  21.0   5:32p   ESE
31  68.3  72.3   6:45p  64.1   6:51a   0.1   3.4  0.15   0.1   9.0  11:36a   ESE
-------------------------------------------------------------------------------------
    65.7  91.3    26    37.3     1   108.5 132.0  6.07   0.8  26.0    15     SSE

Max >=  90.0:  2
Max <=  32.0:  0
Min <=  32.0:  0
Min <=   0.0:  0
Max Rain: 1.22 ON 05/13/18
Days of Rain: 14 (>.01 in) 12 (>.1 in) 1 (>1 in)
Heat Base:  65.0  Cool Base:  65.0  Method: Integration