NOAA-Style Climate Reports

WeatherLink Software Version 6.0.3
Discontinued 1/31/2017
Select a Year or Month report
2018: Jan Feb Mar Apr May Jun Jul Aug Sep Oct Nov Dec
2017: Jan Feb Mar Apr May Jun Jul Aug Sep Oct Nov Dec
2016: Jan Feb Mar Apr May Jun Jul Aug Sep Oct Nov Dec
2015: Jan Feb Mar Apr May Jun Jul Aug Sep Oct Nov Dec
2014: Jan Feb Mar Apr May Jun Jul Aug Sep Oct Nov Dec
2013: Jan Feb Mar Apr May Jun Jul Aug Sep Oct Nov Dec
2012: Jan Feb Mar Apr May Jun Jul Aug Sep Oct Nov Dec
2011: Jan Feb Mar Apr May Jun Jul Aug Sep Oct Nov Dec
2010: Jan Feb Mar Apr May Jun Jul Aug Sep Oct Nov Dec

Report for 2018 June
                   MONTHLY CLIMATOLOGICAL SUMMARY for JUN. 2018

NAME: cvweather_new   CITY: Mechanicsburg   STATE: PA 
ELEV:   439 ft  LAT:  40° 13' 22" N  LONG:  77° 00' 51" W

                   TEMPERATURE (°F), RAIN  (in), WIND SPEED (mph)

                                      HEAT  COOL        AVG
    MEAN                              DEG   DEG         WIND                 DOM
DAY TEMP  HIGH   TIME   LOW    TIME   DAYS  DAYS  RAIN  SPEED HIGH   TIME    DIR
------------------------------------------------------------------------------------
 1  75.8  86.1   5:05p  67.9   4:37a   0.0  10.8  0.01   0.7   9.0  10:53a    NW
 2  75.2  84.4   3:08p  68.2   6:13a   0.0  10.2  0.00   1.7  17.0   7:49p   NNW
 3  62.6  70.2  12:21a  53.7  11:57p   3.2   0.8  0.97   1.0  19.0  10:12a   ESE
 4  61.8  75.1   5:12p  52.4   3:11a   5.6   2.4  0.03   1.4  18.0   1:42p   WNW
 5  62.5  75.8   4:38p  49.7   5:46a   4.7   2.2  0.00   1.5  27.0  12:28p   WSW
 6  60.2  69.1   3:59p  53.9  11:36p   5.1   0.3  0.00   0.7  14.0   1:15p   WNW
 7  63.6  76.3   4:54p  52.4   1:22a   4.5   3.1  0.00   0.2   8.0  11:27a   SSE
 8  68.6  82.4   5:12p  54.2   4:49a   2.9   6.5  0.00   0.2   7.0   3:05p   WNW
 9  71.5  82.0   4:37p  60.7   5:58a   0.7   7.1  0.00   0.5  10.0   4:46p     N
10  63.7  70.6  12:20a  57.4  11:56p   2.5   1.3  0.38   0.6  17.0  11:45a   ESE
11  60.0  68.6   4:44p  53.6  11:56p   5.3   0.4  0.91   0.4  15.0  12:05a   ESE
12  63.4  76.6   3:58p  47.5   6:08a   5.4   3.8  0.00   0.9  15.0   1:36p   SSE
13  71.9  82.8   5:24p  64.8   6:15a   0.0   6.9  0.12   0.5  16.0   5:22p   SSE
14  73.1  84.0   4:50p  58.9   6:31a   0.5   8.6  0.00   3.6  23.0   3:25p   WNW
15  69.5  79.8   5:20p  58.9  11:57p   0.8   5.3  0.00   2.3  17.0   2:00p    NW
16  69.3  85.7   4:09p  52.4   6:07a   3.3   7.6  0.00   0.4  11.0   1:14p   WNW
17  69.3  86.7   1:21p  62.4   5:05a   0.4   2.8  0.00   0.1  11.0   1:30p   SSE
18  80.4  94.9   4:10p  66.6   6:05a   0.0  15.1  0.00   0.9  13.0   2:03p    SW
19  75.7  83.9   4:55p  65.2  12:00m   0.0  10.6  0.25   1.5  24.0   1:18a   NNW
20  69.0  78.3   1:07p  60.3   6:06a   0.9   4.9  0.06   0.1   8.0  12:55p    SW
21  71.8  82.5   4:20p  66.1   8:00a   0.0   6.8  0.07   0.6  12.0   1:57p   NNW
22  68.6  75.0  12:30p  63.1  11:19p   0.2   3.8  0.04   1.4  21.0  11:38a   ESE
23  65.7  71.0   6:20p  62.2   2:50a   0.9   1.5  0.20   0.4  10.0  12:50a   ESE
24  72.4  87.6   3:30p  63.9  11:57p   0.0   7.4  0.23   1.2  29.0   5:16p   WSW
25  70.1  80.2   3:58p  59.5  12:00m   0.7   5.8  0.00   1.6  18.0  11:18a    NW
26  67.5  81.4   3:04p  50.6   5:33a   3.8   6.3  0.00   0.8  11.0  10:20a   SSE
27  71.2  75.5   4:29p  66.3   6:18a   0.0   6.2  0.70   0.7  12.0  12:28a   SSE
28  75.3  84.3   4:00p  68.5   6:18a   0.0  10.2  0.10   1.6  19.0   1:45p     W
29  77.5  90.2   3:45p  64.2   5:40a   0.0  12.5  0.00   1.1  13.0  12:23p   WNW
30  78.7  92.3   4:41p  65.1   6:31a   0.0  13.7  0.00   0.7   9.0  12:22p     W
-------------------------------------------------------------------------------------
    69.5  94.9    18    47.5    12    51.4 184.9  4.07   1.0  29.0    24      NW

Max >=  90.0:  3
Max <=  32.0:  0
Min <=  32.0:  0
Min <=   0.0:  0
Max Rain: 0.97 ON 06/03/18
Days of Rain: 13 (>.01 in) 8 (>.1 in) 0 (>1 in)
Heat Base:  65.0  Cool Base:  65.0  Method: Integration