NOAA-Style Climate Reports

WeatherLink Software Version 6.0.3
Discontinued 1/31/2017
Select a Year or Month report
2018: Jan Feb Mar Apr May Jun Jul Aug Sep Oct Nov Dec
2017: Jan Feb Mar Apr May Jun Jul Aug Sep Oct Nov Dec
2016: Jan Feb Mar Apr May Jun Jul Aug Sep Oct Nov Dec
2015: Jan Feb Mar Apr May Jun Jul Aug Sep Oct Nov Dec
2014: Jan Feb Mar Apr May Jun Jul Aug Sep Oct Nov Dec
2013: Jan Feb Mar Apr May Jun Jul Aug Sep Oct Nov Dec
2012: Jan Feb Mar Apr May Jun Jul Aug Sep Oct Nov Dec
2011: Jan Feb Mar Apr May Jun Jul Aug Sep Oct Nov Dec
2010: Jan Feb Mar Apr May Jun Jul Aug Sep Oct Nov Dec

Report for 2018 July
                   MONTHLY CLIMATOLOGICAL SUMMARY for JUL. 2018

NAME: cvweather_new   CITY: Mechanicsburg   STATE: PA 
ELEV:   439 ft  LAT:  40° 13' 22" N  LONG:  77° 00' 51" W

                   TEMPERATURE (°F), RAIN  (in), WIND SPEED (mph)

                                      HEAT  COOL        AVG
    MEAN                              DEG   DEG         WIND                 DOM
DAY TEMP  HIGH   TIME   LOW    TIME   DAYS  DAYS  RAIN  SPEED HIGH   TIME    DIR
------------------------------------------------------------------------------------
 1  80.2  93.7   4:37p  65.7   6:02a   0.0  15.1  0.00   0.7  13.0   3:53p   SSE
 2  81.8  96.0   4:57p  67.9   5:58a   0.0  16.8  0.12   0.8  14.0  11:50p   SSE
 3  81.6  96.1   4:58p  71.5   5:12a   0.0  16.5  0.01   0.8   9.0  12:16p   NNW
 4  78.4  91.4   2:16p  71.6   5:54a   0.0  13.4  0.10   0.4  12.0   4:07p   ESE
 5  78.8  90.6   2:31p  72.1   4:46a   0.0  13.7  0.00   0.6  12.0   3:15p   SSE
 6  75.7  85.5   3:57p  69.8  11:59p   0.0  10.7  0.07   1.0  20.0  11:49p   WSW
 7  67.5  79.3   4:48p  54.2   6:01a   2.0   4.5  0.00   1.1  18.0  12:04a   NNE
 8  68.1  82.6   5:26p  52.2   6:10a   3.6   6.6  0.00   0.3  11.0   4:15p   SSE
 9  71.8  89.1   4:55p  54.9   6:14a   2.4   9.1  0.00   0.4  10.0  12:59p    NW
10  77.2  93.0   4:32p  61.5   5:49a   0.5  12.7  0.00   1.4  16.0   8:31p   WNW
11  76.6  87.5   3:05p  66.6   6:18a   0.0  11.6  0.00   2.0  17.0  12:55p     N
12  72.0  85.9   3:17p  55.5   6:12a   1.5   8.5  0.00   0.4  13.0   4:05p   NNE
13  74.7  87.3   3:18p  61.4   5:17a   0.5  10.2  0.00   0.5  12.0   5:35p   SSE
14  77.6  91.5   3:01p  64.9   6:04a   0.0  12.6  0.00   0.5  11.0   1:23p   SSE
15  76.4  85.3   4:49p  70.5   5:57a   0.0  11.3  0.00   0.4  12.0  10:06a   SSE
16  80.7  95.0   4:53p  67.8   6:10a   0.0  15.7  0.00   1.0  13.0   7:42p   SSE
17  75.3  80.0   9:49a  70.4   2:41p   0.0  10.3  1.09   0.2  14.0  12:51p     W
18  72.1  84.6   4:36p  60.7   6:20a   0.5   7.6  0.00   1.4  13.0   8:32a    NW
19  71.1  85.5   5:11p  57.4   6:10a   1.5   7.6  0.00   0.4   9.0   8:45a    NW
20  73.2  84.9   2:29p  61.0   4:34a   0.7   8.9  0.00   1.4  16.0   2:33p    SE
21  65.6  70.5  12:17a  58.7   7:30p   1.2   1.8  1.99   1.6  20.0   6:42p   ESE
22  68.6  77.1   3:07p  61.7   2:49a   0.9   4.5  1.71   1.4  15.0   6:02p   ESE
23  74.3  82.0   1:34p  68.6   5:41a   0.0   9.3  0.65   1.9  26.0   3:59p   SSE
24  73.3  76.7   5:36p  71.3   8:34a   0.0   8.3  1.18   1.2  22.0   6:05p    SE
25  72.6  79.1   3:14p  68.8  11:44p   0.0   7.6  1.20   1.1  20.0   4:56p   SSE
26  72.1  85.6   1:55p  67.7   1:24a   0.0   4.2  0.00   1.3  10.0  11:37a   WNW
27  69.4  73.1   7:54p  67.1  11:54p   0.0   0.8  0.00   0.0   0.0     ---   ---
28  73.1  84.3   3:03p  64.9   5:54a   0.0   8.1  0.00   1.4  13.0   2:53p   WNW
29  70.8  84.3   3:20p  58.7   6:25a   1.2   6.9  0.00   0.4   9.0   1:10p    NW
30  68.3  76.7  12:32p  61.8   5:20a   0.7   4.0  0.32   0.4  14.0   6:19p   ESE
31  71.9  78.2   5:04p  66.5   6:31a   0.0   6.9  0.00   0.7  10.0   1:15p   ESE
-------------------------------------------------------------------------------------
    73.9  96.1     3    52.2     8    17.2 285.8  8.44   0.9  26.0    23     SSE

Max >=  90.0:  8
Max <=  32.0:  0
Min <=  32.0:  0
Min <=   0.0:  0
Max Rain: 1.99 ON 07/21/18
Days of Rain: 10 (>.01 in) 8 (>.1 in) 5 (>1 in)
Heat Base:  65.0  Cool Base:  65.0  Method: Integration