NOAA-Style Climate Reports

WeatherLink Software Version 6.0.3
Discontinued 1/31/2017
Select a Year or Month report
2018: Jan Feb Mar Apr May Jun Jul Aug Sep Oct Nov Dec
2017: Jan Feb Mar Apr May Jun Jul Aug Sep Oct Nov Dec
2016: Jan Feb Mar Apr May Jun Jul Aug Sep Oct Nov Dec
2015: Jan Feb Mar Apr May Jun Jul Aug Sep Oct Nov Dec
2014: Jan Feb Mar Apr May Jun Jul Aug Sep Oct Nov Dec
2013: Jan Feb Mar Apr May Jun Jul Aug Sep Oct Nov Dec
2012: Jan Feb Mar Apr May Jun Jul Aug Sep Oct Nov Dec
2011: Jan Feb Mar Apr May Jun Jul Aug Sep Oct Nov Dec
2010: Jan Feb Mar Apr May Jun Jul Aug Sep Oct Nov Dec

Report for 2018 August
                   MONTHLY CLIMATOLOGICAL SUMMARY for AUG. 2018

NAME: cvweather_new   CITY: Mechanicsburg   STATE: PA 
ELEV:   439 ft  LAT:  40° 13' 22" N  LONG:  77° 00' 51" W

                   TEMPERATURE (°F), RAIN  (in), WIND SPEED (mph)

                                      HEAT  COOL        AVG
    MEAN                              DEG   DEG         WIND                 DOM
DAY TEMP  HIGH   TIME   LOW    TIME   DAYS  DAYS  RAIN  SPEED HIGH   TIME    DIR
------------------------------------------------------------------------------------
 1  76.2  85.2   2:15p  68.4  11:51p   0.0  11.1  0.80   1.0  28.0   8:13p   SSE
 2  72.5  78.2   4:35p  67.9  12:41a   0.0   7.5  0.14   0.0   5.0   9:13p   ESE
 3  74.5  81.8   3:40p  70.6  11:28p   0.0   9.4  0.61   0.8  15.0   5:19p   SSE
 4  76.0  87.9   4:35p  67.7   6:00a   0.0  11.0  0.05   1.0  11.0   3:15p   WNW
 5  77.7  91.9   3:46p  66.2   6:15a   0.0  12.7  0.00   0.5   7.0   2:27p   SSE
 6  78.6  92.6   3:41p  67.9   6:26a   0.0  13.6  0.00   0.7  18.0   6:37p    NW
 7  76.0  89.6   1:52p  68.2   6:36a   0.0  11.0  0.43   0.5  18.0   5:18p   SSE
 8  76.9  89.4   4:03p  67.3   6:29a   0.0  11.8  0.04   0.9  12.0  12:30p   WSW
 9  76.0  89.0   3:56p  67.1   5:26a   0.0  11.0  0.00   1.1  13.0   3:20p   WNW
10  75.6  86.8   2:31p  65.8   5:18a   0.0  10.6  0.00   0.5  11.0  11:54a    SW
11  76.0  85.5   2:04p  70.7   6:45a   0.0  11.0  0.22   0.5  11.0   9:09p   WNW
12  75.1  82.3   2:01p  69.8   5:39a   0.0  10.1  0.00   0.2   7.0   2:10p   SSE
13  73.2  78.9   4:46p  68.1   7:27a   0.0   8.1  0.41   0.6  11.0  11:20a    NW
14  71.2  77.7   3:13p  65.8   5:43a   0.0   6.2  0.00   1.4  15.0  11:37a   WSW
15  75.8  89.0   4:08p  64.3   6:22a   0.0  10.9  0.00   1.2  14.0  12:35p   WSW
16  77.1  88.8   3:16p  67.3   5:02a   0.0  12.1  0.00   0.4   8.0   2:32p   SSE
17  76.5  89.7   3:12p  71.9   3:14a   0.0  11.5  0.72   0.4  20.0   3:29p   SSE
18  74.8  83.3   1:02p  68.6  11:55p   0.0   9.8  0.01   0.6  14.0   1:47p   WSW
19  67.4  69.8  12:21p  65.4   4:27a   0.0   2.4  0.14   0.3  11.0   8:18p   ESE
20  69.3  75.8   4:40p  64.1   7:32a   0.1   4.4  0.03   0.8  11.0   5:02p   ESE
21  71.3  75.9   1:59p  68.2   6:00a   0.0   6.3  0.84   1.0  13.0  10:03a   ESE
22  72.1  83.6   3:21p  66.5   4:52a   0.0   7.1  0.00   1.9  21.0  12:51p   WNW
23  68.5  79.9   3:59p  59.3   7:23a   1.0   4.5  0.00   2.5  16.0  12:17p   WNW
24  67.2  82.5   3:56p  53.1   6:45a   3.6   5.8  0.00   0.2  11.0   2:54p   SSE
25  69.0  81.2   1:41p  57.1   6:22a   2.0   6.0  0.00   0.5  12.0  12:53p   SSE
26  72.9  84.3   2:24p  61.7   4:20a   0.7   8.5  0.00   0.2   8.0   2:39p   SSE
27  77.1  89.2   3:22p  66.8   6:32a   0.0  12.1  0.00   0.3   7.0   4:16p   SSE
28  80.3  93.9   3:49p  68.8   6:34a   0.0  15.3  0.00   0.8  10.0   2:15p   WSW
29  81.1  94.3   3:19p  71.3   5:29a   0.0  16.1  0.00   0.8  12.0  12:35p   SSE
30  78.2  89.8   3:45p  68.8   6:58a   0.0  13.2  0.00   0.7  11.0  12:51a   WNW
31  73.1  80.8   2:01p  68.6  11:56p   0.0   8.1  0.33   0.9  17.0   7:07p   ESE
-------------------------------------------------------------------------------------
    74.4  94.3    29    53.1    24     7.4 299.2  4.77   0.7  28.0     1     SSE

Max >=  90.0:  4
Max <=  32.0:  0
Min <=  32.0:  0
Min <=   0.0:  0
Max Rain: 0.84 ON 08/21/18
Days of Rain: 13 (>.01 in) 10 (>.1 in) 0 (>1 in)
Heat Base:  65.0  Cool Base:  65.0  Method: Integration