NOAA-Style Climate Reports

WeatherLink Software Version 6.0.3
Discontinued 1/31/2017
Select a Year or Month report
2018: Jan Feb Mar Apr May Jun Jul Aug Sep Oct Nov Dec
2017: Jan Feb Mar Apr May Jun Jul Aug Sep Oct Nov Dec
2016: Jan Feb Mar Apr May Jun Jul Aug Sep Oct Nov Dec
2015: Jan Feb Mar Apr May Jun Jul Aug Sep Oct Nov Dec
2014: Jan Feb Mar Apr May Jun Jul Aug Sep Oct Nov Dec
2013: Jan Feb Mar Apr May Jun Jul Aug Sep Oct Nov Dec
2012: Jan Feb Mar Apr May Jun Jul Aug Sep Oct Nov Dec
2011: Jan Feb Mar Apr May Jun Jul Aug Sep Oct Nov Dec
2010: Jan Feb Mar Apr May Jun Jul Aug Sep Oct Nov Dec

Report for 2018 September
                   MONTHLY CLIMATOLOGICAL SUMMARY for SEP. 2018

NAME: cvweather_new   CITY: Mechanicsburg   STATE: PA 
ELEV:   439 ft  LAT:  40° 13' 22" N  LONG:  77° 00' 51" W

                   TEMPERATURE (°F), RAIN  (in), WIND SPEED (mph)

                                      HEAT  COOL        AVG
    MEAN                              DEG   DEG         WIND                 DOM
DAY TEMP  HIGH   TIME   LOW    TIME   DAYS  DAYS  RAIN  SPEED HIGH   TIME    DIR
------------------------------------------------------------------------------------
 1  70.3  75.6   4:54p  66.9   5:44a   0.0   5.3  0.03   0.9  13.0   4:57p   ESE
 2  76.4  85.5   4:02p  70.4   7:24a   0.0  11.4  0.00   0.4   8.0   3:56p   SSE
 3  79.4  93.0   3:47p  69.4   7:05a   0.0  14.4  0.00   0.6   8.0   2:27p   SSE
 4  79.9  93.2   3:08p  69.1   6:47a   0.0  14.9  0.00   0.6   9.0   3:51p    NW
 5  80.8  93.2   3:38p  70.0   6:49a   0.0  15.8  0.00   0.6   9.0   1:33p   SSE
 6  77.1  93.9   3:34p  70.2   6:26a   0.0  12.1  0.04   0.7  25.0   4:22p    SW
 7  74.2  83.6   3:26p  67.4   6:40a   0.0   9.2  0.01   0.3   9.0   4:32p     N
 8  64.3  71.1  12:03a  55.9  11:44p   1.9   1.2  0.46   0.8  13.0   7:09p   NNE
 9  54.3  56.0  12:01a  52.2   4:50a  10.7   0.0  2.70   1.4  14.0   3:13p   ESE
10  57.5  64.2   8:23p  52.9   5:47a   7.5   0.0  0.86   1.3  22.0   5:43a   ESE
11  64.4  68.3   4:36p  60.8   6:25a   1.4   0.8  0.07   0.2   9.0  12:51a   ESE
12  68.2  72.4   4:42p  63.6   3:35a   0.1   3.3  0.04   0.1   4.0   3:36p   WNW
13  73.5  80.7   3:28p  70.6  12:01a   0.0   8.5  0.01   0.7  15.0   4:04p   ESE
14  71.9  75.6   4:10p  69.0   7:10a   0.0   6.9  0.02   0.8  11.0   5:40p   ESE
15  72.0  80.7   1:51p  64.7   7:11a   0.0   7.0  0.00   0.4  11.0   2:41p   NNE
16  71.6  80.9   3:14p  61.4   7:20a   0.3   7.0  0.00   0.6  14.0   5:17p   ESE
17  69.6  73.4  11:51p  64.3   1:34a   0.0   4.6  0.63   1.0  21.0   6:14p   ESE
18  73.5  82.2   3:17p  66.9  11:57p   0.0   8.4  0.21   1.2  14.0   3:12p    NW
19  71.7  82.1   3:40p  63.1   6:16a   0.2   6.9  0.00   0.5  11.0   3:30p    NW
20  69.2  79.6   2:56p  58.0   6:59a   1.5   5.7  0.00   0.7  11.0   4:38p    SE
21  70.2  72.1  10:40p  67.5   3:48a   0.0   3.9  0.01   1.1  15.0   2:12p   SSE
22  64.6  71.9  12:01a  56.9  11:56p   1.8   1.4  0.04   1.4  14.0   1:14p    NW
23  59.0  63.4   4:48p  55.5   6:54a   6.0   0.0  0.02   0.1   6.0   1:15p   ESE
24  60.8  64.6   1:42p  57.9  11:54p   3.3   0.0  0.44   0.8  13.0  12:47p   ESE
25  60.7  64.4  11:46p  57.8  12:30a   4.3   0.0  0.98   0.2  10.0   1:18a   ESE
26  68.5  77.0   4:01p  63.2  11:57p   0.1   3.6  0.43   0.7  25.0   5:08p   WNW
27  59.7  64.5   2:10p  54.9   7:00a   5.3   0.0  0.46   0.4  10.0  10:41a    NW
28  60.1  72.1   3:41p  54.8   7:19a   5.6   0.7  0.40   1.2  11.0   1:32p   WNW
29  59.9  71.7   3:17p  50.0   6:33a   6.5   1.4  0.00   1.3  13.0   2:16p   WNW
30  59.5  71.5   3:06p  47.5   6:43a   6.8   1.3  0.00   0.3  16.0   2:21p   SSE
-------------------------------------------------------------------------------------
    68.1  93.9     6    47.5    30    63.3 155.7  7.86   0.7  25.0     6     ESE

Max >=  90.0:  4
Max <=  32.0:  0
Min <=  32.0:  0
Min <=   0.0:  0
Max Rain: 2.70 ON 09/09/18
Days of Rain: 17 (>.01 in) 10 (>.1 in) 1 (>1 in)
Heat Base:  65.0  Cool Base:  65.0  Method: Integration