NOAA-Style Climate Reports

WeatherLink Software Version 6.0.3
Discontinued 1/31/2017
Select a Year or Month report
2018: Jan Feb Mar Apr May Jun Jul Aug Sep Oct Nov Dec
2017: Jan Feb Mar Apr May Jun Jul Aug Sep Oct Nov Dec
2016: Jan Feb Mar Apr May Jun Jul Aug Sep Oct Nov Dec
2015: Jan Feb Mar Apr May Jun Jul Aug Sep Oct Nov Dec
2014: Jan Feb Mar Apr May Jun Jul Aug Sep Oct Nov Dec
2013: Jan Feb Mar Apr May Jun Jul Aug Sep Oct Nov Dec
2012: Jan Feb Mar Apr May Jun Jul Aug Sep Oct Nov Dec
2011: Jan Feb Mar Apr May Jun Jul Aug Sep Oct Nov Dec
2010: Jan Feb Mar Apr May Jun Jul Aug Sep Oct Nov Dec

Report for 2018 October
                   MONTHLY CLIMATOLOGICAL SUMMARY for OCT. 2018

NAME: cvweather_new   CITY: Mechanicsburg   STATE: PA 
ELEV:   439 ft  LAT:  40° 13' 22" N  LONG:  77° 00' 51" W

                   TEMPERATURE (°F), RAIN  (in), WIND SPEED (mph)

                                      HEAT  COOL        AVG
    MEAN                              DEG   DEG         WIND                 DOM
DAY TEMP  HIGH   TIME   LOW    TIME   DAYS  DAYS  RAIN  SPEED HIGH   TIME    DIR
------------------------------------------------------------------------------------
 1  65.6  79.3   4:39p  54.8   5:05a   3.5   4.1  0.00   0.1   7.0  12:49p     W
 2  69.3  79.4   3:05p  61.2   4:19a   0.5   4.8  0.01   0.2  10.0  11:41a   SSE
 3  66.6  75.8   3:43p  58.0  11:54p   1.3   2.8  0.00   0.9  14.0  11:36a    NW
 4  67.9  80.8   2:15p  57.5   6:39a   2.5   5.4  0.11   0.2   9.0  11:08p    NW
 5  62.3  69.8  12:14a  56.1   7:52a   3.1   0.4  0.00   1.1  17.0   1:47a     N
 6  66.1  69.9   3:04p  62.3   2:41a   1.0   2.1  0.00   0.3  12.0   4:51p   SSE
 7  73.6  85.1   3:41p  68.1   5:08a   0.0   8.6  0.00   0.4   7.0   3:02p   WNW
 8  73.9  82.0   3:10p  70.4   1:52a   0.0   8.9  0.00   1.1  16.0   5:44p   ESE
 9  74.2  81.4   2:28p  69.6  11:42p   0.0   9.1  0.00   0.6  14.0  12:50p   SSE
10  75.2  81.2   1:34p  68.6   1:24a   0.0   6.1  0.00   0.5  18.0   3:05p   SSE
11  71.0  73.2   2:04p  62.8  11:37p   0.1   6.0  0.76   0.7  17.0  11:47p   WNW
12  55.1  63.9  12:04a  47.9  10:26p   9.9   0.0  0.00   5.6  26.0   6:27a    NW
13  49.1  55.7   4:39p  40.7  11:59p  15.9   0.0  0.10   2.2  20.0   2:24p   WNW
14  47.0  52.6   4:37p  39.6   2:41a  17.8   0.0  0.00   0.3   8.0   1:43p   SSE
15  57.8  62.2   6:18p  51.9   1:49a   7.2   0.0  0.06   1.0  19.0  10:08p   SSE
16  49.8  58.6  12:02a  41.7  11:57p  15.1   0.0  0.01   2.4  19.0   1:12a    NW
17  48.3  62.1   2:24p  36.8   7:46a  16.7   0.0  0.00   3.3  26.0   2:43p    NW
18  45.2  52.7   4:24p  36.0  11:57p  19.7   0.0  0.00   3.7  22.0   9:18a   WNW
19  46.9  60.8   4:24p  32.1   4:42a  18.0   0.0  0.00   0.3  10.0   2:32p   SSE
20  54.0  61.9   1:22p  46.3  11:17p  11.0   0.0  0.07   1.8  31.0   8:54p   WSW
21  43.7  47.9   3:40p  38.7   7:32a  21.1   0.0  0.13   5.0  26.0  12:58p   WNW
22  44.7  54.9   2:43p  35.0   6:07a  20.3   0.0  0.00   0.8  13.0  11:35a   SSE
23  51.1  64.1   1:12p  38.6   7:51a  13.9   0.0  0.00   2.0  24.0   1:36p   WNW
24  46.2  52.8   1:01p  40.1   3:55a  18.7   0.0  0.00   4.2  22.0  10:42a   WNW
25  42.0  51.4   3:28p  31.9   6:52a  22.8   0.0  0.00   1.7  13.0  10:57a   WNW
26  41.8  47.6   2:28p  34.3   6:46a  23.0   0.0  0.13   1.5  16.0   5:33p   ESE
27  43.6  45.2   2:24p  42.0  12:03a  21.3   0.0  0.96   1.8  19.0   9:51a   NNE
28  46.5  50.9   2:55p  43.2  12:01a  18.5   0.0  0.14   0.6  18.0   1:54p    SW
29  46.8  53.7   2:40p  37.0  11:58p  18.1   0.0  0.02   2.3  26.0   2:45p   WNW
30  45.0  59.1   4:28p  34.3   7:54a  19.7   0.0  0.00   1.3  16.0  10:56a    NW
31  52.7  67.2   4:40p  39.1  12:08a  12.4   0.1  0.00   0.4  10.0   3:25p   SSE
-------------------------------------------------------------------------------------
    55.6  85.1     7    31.9    25   353.1  58.4  2.50   1.6  31.0    20     WNW

Max >=  90.0:  0
Max <=  32.0:  0
Min <=  32.0:  1
Min <=   0.0:  0
Max Rain: 0.96 ON 10/27/18
Days of Rain: 10 (>.01 in) 6 (>.1 in) 0 (>1 in)
Heat Base:  65.0  Cool Base:  65.0  Method: Integration