NOAA-Style Climate Reports

WeatherLink Software Version 6.0.3
Discontinued 1/31/2017
Select a Year or Month report
2019: Jan Feb Mar Apr May Jun Jul Aug Sep Oct Nov Dec
2018: Jan Feb Mar Apr May Jun Jul Aug Sep Oct Nov Dec
2017: Jan Feb Mar Apr May Jun Jul Aug Sep Oct Nov Dec
2016: Jan Feb Mar Apr May Jun Jul Aug Sep Oct Nov Dec
2015: Jan Feb Mar Apr May Jun Jul Aug Sep Oct Nov Dec
2014: Jan Feb Mar Apr May Jun Jul Aug Sep Oct Nov Dec
2013: Jan Feb Mar Apr May Jun Jul Aug Sep Oct Nov Dec
2012: Jan Feb Mar Apr May Jun Jul Aug Sep Oct Nov Dec
2011: Jan Feb Mar Apr May Jun Jul Aug Sep Oct Nov Dec
2010: Jan Feb Mar Apr May Jun Jul Aug Sep Oct Nov Dec

Report for 2018 November
                   MONTHLY CLIMATOLOGICAL SUMMARY for NOV. 2018

NAME: cvweather_new   CITY: Mechanicsburg   STATE: PA 
ELEV:   439 ft  LAT:  40° 13' 22" N  LONG:  77° 00' 51" W

                   TEMPERATURE (°F), RAIN  (in), WIND SPEED (mph)

                                      HEAT  COOL        AVG
    MEAN                              DEG   DEG         WIND                 DOM
DAY TEMP  HIGH   TIME   LOW    TIME   DAYS  DAYS  RAIN  SPEED HIGH   TIME    DIR
------------------------------------------------------------------------------------
 1  61.4  72.2   3:06p  49.6   4:40a   5.1   1.6  0.00   0.7  17.0   7:08p   SSE
 2  62.1  67.2   2:43a  52.0  12:00m   3.5   0.5  1.54   0.8  22.0   7:10a   SSE
 3  48.3  54.3   2:52p  37.1  11:44p  16.7   0.0  0.01   3.2  26.0  11:47a   WSW
 4  43.9  54.4   2:37p  31.4   5:41a  21.0   0.0  0.00   1.2  11.0  10:51p   ESE
 5  47.8  50.1   6:27p  44.0   7:04a  17.1   0.0  1.26   0.7  11.0   3:44a   NNE
 6  50.7  56.3   3:56p  44.3  11:47p  14.3   0.0  0.45   0.4  10.0  11:00a   ESE
 7  49.5  58.5  11:16a  40.4   3:13a  15.5   0.0  0.01   1.1  17.0   9:53a   WNW
 8  43.0  52.4   3:00p  34.6   7:21a  22.0   0.0  0.00   1.1  13.0   9:15a     N
 9  40.2  42.4   7:36p  35.5   2:11a  24.7   0.0  1.02   1.2  14.0  10:10a   ESE
10  36.0  41.8  12:01a  29.2  11:33p  28.7   0.0  0.00   5.2  30.0  12:24p   WNW
11  32.4  43.8   3:14p  23.4   6:34a  32.4   0.0  0.00   0.7  10.0   1:13p    SW
12  37.0  46.8   2:23p  24.5   2:38a  27.9   0.0  0.31   0.3   7.0  10:30a   SSE
13  40.4  43.3  12:37p  37.3  11:42p  23.9   0.0  0.46   3.3  26.0  10:08p   WNW
14  35.9  40.5  12:25p  30.7   8:45p  28.1   0.0  0.00   4.1  19.0   4:41a   WNW
15  30.1  32.4  12:09a  27.3   4:02p  34.6   0.0  0.05   2.9  14.0   9:01a   ESE
16  35.6  40.0   1:55p  32.0  12:01a  29.3   0.0  0.60   2.0  19.0  12:42p   WSW
17  38.9  44.8   1:02p  33.5  11:58p  25.7   0.0  0.13   1.8  19.0   9:49a   WSW
18  37.5  42.6   3:45p  31.5   2:04a  27.3   0.0  0.00   0.2   7.0  12:15p   ESE
19  42.0  51.5   2:53p  34.3   6:21a  23.0   0.0  0.01   0.1   5.0   4:38p   ESE
20  41.1  45.3  11:42a  37.2  11:01p  23.0   0.0  0.00   3.5  20.0   2:19p   WNW
21  36.2  46.1  12:06p  26.6   7:16a  28.6   0.0  0.00   4.2  26.0   9:27p   WNW
22  23.9  29.7  12:01a  19.2   7:23p  39.3   0.0  0.00   4.4  18.0   3:17a    NW
23  24.4  30.6   1:27p  17.5   6:15a  39.6   0.0  0.00   2.7  11.0   3:05p   ESE
24  30.8  35.9   6:46p  23.9  12:23a  32.9   0.0  1.27   0.9  17.0   6:07p   ESE
25  38.7  54.8   2:52p  28.9   5:08a  25.6   0.0  0.00   0.1   8.0   1:17p   WSW
26  42.7  47.0   3:00p  36.3  12:13a  22.2   0.0  0.29   1.8  19.0   8:08p   ESE
27  36.1  40.2   1:22a  33.2   6:44p  28.5   0.0  0.00   6.1  24.0  10:15a   WNW
28  33.3  35.6   1:33p  31.8   7:56a  31.4   0.0  0.00   8.1  28.0  10:22a   WNW
29  33.6  39.5  11:22a  29.0   7:23p  30.7   0.0  0.00   4.2  22.0  10:40a    NW
30  35.9  38.0  12:05p  32.9  12:01a  29.0   0.0  0.00   0.0   5.0  11:20a    SW
-------------------------------------------------------------------------------------
    39.6  72.2     1    17.5    23   751.6   2.1  7.41   2.2  30.0    10     WNW

Max >=  90.0:  0
Max <=  32.0:  2
Min <=  32.0: 15
Min <=   0.0:  0
Max Rain: 1.54 ON 11/02/18
Days of Rain: 11 (>.01 in) 10 (>.1 in) 4 (>1 in)
Heat Base:  65.0  Cool Base:  65.0  Method: Integration