NOAA-Style Climate Reports

WeatherLink Software Version 6.0.3
Discontinued 1/31/2017
Select a Year or Month report
2019: Jan Feb Mar Apr May Jun Jul Aug Sep Oct Nov Dec
2018: Jan Feb Mar Apr May Jun Jul Aug Sep Oct Nov Dec
2017: Jan Feb Mar Apr May Jun Jul Aug Sep Oct Nov Dec
2016: Jan Feb Mar Apr May Jun Jul Aug Sep Oct Nov Dec
2015: Jan Feb Mar Apr May Jun Jul Aug Sep Oct Nov Dec
2014: Jan Feb Mar Apr May Jun Jul Aug Sep Oct Nov Dec
2013: Jan Feb Mar Apr May Jun Jul Aug Sep Oct Nov Dec
2012: Jan Feb Mar Apr May Jun Jul Aug Sep Oct Nov Dec
2011: Jan Feb Mar Apr May Jun Jul Aug Sep Oct Nov Dec
2010: Jan Feb Mar Apr May Jun Jul Aug Sep Oct Nov Dec

Report for 2018 December
                   MONTHLY CLIMATOLOGICAL SUMMARY for DEC. 2018

NAME: cvweather_new   CITY: Mechanicsburg   STATE: PA 
ELEV:   439 ft  LAT:  40° 13' 22" N  LONG:  77° 00' 51" W

                   TEMPERATURE (°F), RAIN  (in), WIND SPEED (mph)

                                      HEAT  COOL        AVG
    MEAN                              DEG   DEG         WIND                 DOM
DAY TEMP  HIGH   TIME   LOW    TIME   DAYS  DAYS  RAIN  SPEED HIGH   TIME    DIR
------------------------------------------------------------------------------------
 1  36.8  41.8  11:16a  27.5   7:17a  28.1   0.0  0.23   0.7  12.0   7:55p   ESE
 2  44.1  47.9   3:18p  40.5  12:01a  20.8   0.0  0.29   0.1  10.0   3:04a     E
 3  46.0  51.0   1:18p  40.3  11:59p  18.6   0.0  0.01   3.0  24.0  12:21p   WSW
 4  34.4  40.3  12:01a  22.4  11:56p  30.4   0.0  0.00   4.0  18.0   4:03a    NW
 5  25.8  33.7   1:49p  16.9   5:04a  38.8   0.0  0.00   0.7   9.0   3:08p    SW
 6  33.5  39.3   2:12p  23.2   3:50a  31.4   0.0  0.00   1.4  15.0  11:08a    SW
 7  31.2  38.0  12:28a  20.3  11:53p  33.7   0.0  0.00   3.5  28.0   3:02a   WNW
 8  26.6  35.5   1:53p  17.0   2:50a  34.4   0.0  0.00   2.1  15.0  10:27a   WNW
 9  25.3  31.5   1:29p  20.0  11:58p  34.8   0.0  0.00   0.0   3.0  12:37p   NNW
10  25.4  35.0  11:43a  16.4   2:47a  38.8   0.0  0.00   1.3  14.0  12:26p   WNW
11  25.7  37.9   3:17p  14.2   7:04a  37.3   0.0  0.00   0.5   9.0  10:18a   WSW
12  35.7  42.0   1:26p  28.5   7:47a  29.2   0.0  0.00   2.0  22.0   2:55a    NW
13  36.9  44.1   1:39p  32.7  11:45p  27.9   0.0  0.00   1.2  11.0  10:39a     E
14  37.8  40.9   3:28p  32.7  12:01a  27.1   0.0  0.14   0.3  10.0   1:21a     E
15  43.8  48.5   2:09p  40.5   4:19a  20.7   0.0  1.05   0.5  15.0   8:59p   NNE
16  39.0  42.1  12:01a  37.2   8:58a  25.6   0.0  0.57   2.4  15.0   3:58a   NNE
17  41.4  48.4  12:14p  36.9   5:06a  22.4   0.0  0.00   6.1  29.0   2:17p    NW
18  35.8  42.0   2:29p  25.3  12:00m  29.1   0.0  0.00   4.9  31.0  12:37a    NW
19  30.5  44.5   3:25p  19.5   7:37a  34.2   0.0  0.00   0.2   9.0   1:10p   SSE
20  32.5  43.5  11:59p  25.2   6:37a  32.1   0.0  0.63   0.9  13.0   9:52p     E
21  57.2  65.5  12:38p  43.5  12:01a   7.7   0.0  0.44   2.7  25.0   3:18p   SSE
22  40.0  44.5  12:01a  35.9  11:16p  24.9   0.0  0.11   6.8  29.0  12:32p   WNW
23  39.2  45.2   1:53p  32.6   7:07a  25.6   0.0  0.12   0.8  15.0  12:19a   WNW
24  36.7  41.3   3:04p  31.3   9:22p  27.4   0.0  0.09   3.0  21.0   9:18a   WNW
25  32.5  38.2   2:09p  23.9  11:55p  32.1   0.0  0.00   1.5  11.0   9:18a   WNW
26  31.8  45.4   3:09p  21.8   2:26a  32.8   0.0  0.00   0.6  12.0   1:16p    SW
27  36.2  48.2   3:09p  22.4   7:23a  28.1   0.0  0.01   2.0  15.0   3:52p   ESE
28  42.1  45.7   1:12p  38.6   6:08a  22.9   0.0  1.00   0.2  10.0   5:40a   ESE
29  41.9  47.8   5:19a  37.3  11:56p  22.9   0.0  0.00   3.6  24.0   4:37a   WNW
30  35.5  43.3   2:17p  28.4  11:21p  28.2   0.0  0.00   0.3  13.0  12:06a    SW
31  35.2  43.0  11:57p  28.0   1:23a  29.5   0.0  0.92   0.3   8.0   9:40a     E
-------------------------------------------------------------------------------------
    36.0  65.5    21    14.2    11   877.5   0.0  5.61   1.9  31.0    18     WNW

Max >=  90.0:  0
Max <=  32.0:  1
Min <=  32.0: 19
Min <=   0.0:  0
Max Rain: 1.05 ON 12/15/18
Days of Rain: 12 (>.01 in) 11 (>.1 in) 1 (>1 in)
Heat Base:  65.0  Cool Base:  65.0  Method: Integration