NOAA-Style Climate Reports

WeatherLink Software Version 6.0.3
Discontinued 1/31/2017
Select a Year or Month report
2019: Jan Feb Mar Apr May Jun Jul Aug Sep Oct Nov Dec
2018: Jan Feb Mar Apr May Jun Jul Aug Sep Oct Nov Dec
2017: Jan Feb Mar Apr May Jun Jul Aug Sep Oct Nov Dec
2016: Jan Feb Mar Apr May Jun Jul Aug Sep Oct Nov Dec
2015: Jan Feb Mar Apr May Jun Jul Aug Sep Oct Nov Dec
2014: Jan Feb Mar Apr May Jun Jul Aug Sep Oct Nov Dec
2013: Jan Feb Mar Apr May Jun Jul Aug Sep Oct Nov Dec
2012: Jan Feb Mar Apr May Jun Jul Aug Sep Oct Nov Dec
2011: Jan Feb Mar Apr May Jun Jul Aug Sep Oct Nov Dec
2010: Jan Feb Mar Apr May Jun Jul Aug Sep Oct Nov Dec

Report for 2019
                            ANNUAL CLIMATOLOGICAL SUMMARY

NAME: cvweather_new  CITY: Mechanicsburg   STATE: PA  
ELEV:   439 ft  LAT:  40° 13' 22" N  LONG:  77° 00' 51" W

               TEMPERATURE (°F), HEAT BASE 65.0, COOL BASE 65.0
                          DEP.  HEAT  COOL                                          
        MEAN  MEAN        FROM  DEG   DEG                        MAX  MAX  MIN  MIN 
 YR MO  MAX   MIN   MEAN  NORM  DAYS  DAYS  HI  DATE  LOW  DATE  >=90 <=32 <=32 <=0 
------------------------------------------------------------------------------------
 19  1  35.5  21.1  29.0   0.0  1017     0  53.5   1  -6.9   31    0    8   27    2
 19  2  40.8  24.8  32.9   0.0   877     0  64.6   5   0.5    2    0    4   24    0
 19  3  49.1  27.8  38.9   0.0   801     4  76.0  15   9.0    6    0    2   21    0
 19  4  65.9  43.8  54.5   0.0   339    25  80.7  23  24.2    2    0    0    4    0
 19  5  73.8  54.9  63.5   0.0   144    96  86.7  28  39.2   15    0    0    0    0
 19  6  80.8  58.6  69.4   0.0    60   191  92.4  27  42.3    4    4    0    0    0
 19  7  88.4  65.8  75.7   0.0     9   341  96.5  21  56.8    1   11    0    0    0
 19  8  84.3  62.8  72.5   0.0    28   260  92.9  18  52.4   26    3    0    0    0
 19  9  79.9  57.0  67.7   0.0    72   152  93.1  11  42.1   20    1    0    0    0
 19 10  66.1  46.3  56.0   0.0   299    26  90.0   2  32.2   19    1    0    0    0
 19 11  48.8  29.6  39.4   0.0   762     0  64.4  11  18.8   13    0    0   21    0
 19 12  40.4  28.5  34.9   0.0   386     0  50.8  10  17.7   12    0    0    9    0
------------------------------------------------------------------------------------
        64.1  44.3  53.9   0.0  4795  1095  96.5 JUL  -6.9  JAN   20   14  106    2

                                PRECIPITATION (in)

               DEP.   MAX        DAYS OF RAIN 
               FROM   OBS.          OVER
 YR MO  TOTAL  NORM   DAY  DATE .01   .1   1
---------------------------------------------
 19  1  3.34   0.00  1.15   24   11    6    1
 19  2  2.92   0.00  0.54   21   14    8    0
 19  3  4.48   0.00  2.17   21   12    8    1
 19  4  4.46   0.00  1.05   12   13    8    1
 19  5  7.66   0.00  1.85   12   17   11    2
 19  6  3.00   0.00  0.50   13   15    8    0
 19  7  6.03   0.00  1.44    7   12   11    3
 19  8  3.24   0.00  1.46   16   11    9    1
 19  9  2.27   0.00  1.47    2    5    3    1
 19 10  6.99   0.00  1.88   31   11   10    3
 19 11  1.56   0.00  1.03   24    3    3    1
 19 12  1.48   0.00  0.45    1    7    5    0
---------------------------------------------
       47.43  0.00  2.17  MAR  131   90   14

                                WIND SPEED (mph)
                          DOM
 YR MO   AVG.  HI   DATE  DIR
---------------------------------
 19  1   1.6  34.0    1    NW
 19  2   2.3  41.0   25    NW
 19  3   2.6  37.0   22   WNW
 19  4   2.3  37.0   15    NW
 19  5   1.2  29.0   29   ESE
 19  6   1.3  27.0   29    NW
 19  7   0.7  29.0    6    NW
 19  8   0.6  30.0   18    NW
 19  9   0.8  33.0    4    NW
 19 10   0.9  41.0   17   SSE
 19 11   2.2  41.0   27   WNW
 19 12   2.2  25.0    3    NW
---------------------------------
         1.5  41.0  FEB   NW