NOAA-Style Climate Reports

WeatherLink Software Version 6.0.3
Discontinued 1/31/2017
Select a Year or Month report
2019: Jan Feb Mar Apr May Jun Jul Aug Sep Oct Nov Dec
2018: Jan Feb Mar Apr May Jun Jul Aug Sep Oct Nov Dec
2017: Jan Feb Mar Apr May Jun Jul Aug Sep Oct Nov Dec
2016: Jan Feb Mar Apr May Jun Jul Aug Sep Oct Nov Dec
2015: Jan Feb Mar Apr May Jun Jul Aug Sep Oct Nov Dec
2014: Jan Feb Mar Apr May Jun Jul Aug Sep Oct Nov Dec
2013: Jan Feb Mar Apr May Jun Jul Aug Sep Oct Nov Dec
2012: Jan Feb Mar Apr May Jun Jul Aug Sep Oct Nov Dec
2011: Jan Feb Mar Apr May Jun Jul Aug Sep Oct Nov Dec
2010: Jan Feb Mar Apr May Jun Jul Aug Sep Oct Nov Dec

Report for 2019 January
                   MONTHLY CLIMATOLOGICAL SUMMARY for JAN. 2019

NAME: cvweather_new   CITY: Mechanicsburg   STATE: PA 
ELEV:   439 ft  LAT:  40° 13' 22" N  LONG:  77° 00' 51" W

                   TEMPERATURE (°F), RAIN  (in), WIND SPEED (mph)

                                      HEAT  COOL        AVG
    MEAN                              DEG   DEG         WIND                 DOM
DAY TEMP  HIGH   TIME   LOW    TIME   DAYS  DAYS  RAIN  SPEED HIGH   TIME    DIR
------------------------------------------------------------------------------------
 1  45.5  53.5   9:32a  37.4  10:46p  19.4   0.0  0.01   4.3  34.0   9:44a    NW
 2  40.1  42.2   1:23p  37.3   2:26a  24.8   0.0  0.00   1.3  17.0   6:35p    SE
 3  36.4  41.6   8:25a  25.1  11:16p  28.4   0.0  0.00   2.0  21.0  10:26a    NW
 4  33.7  41.2   3:20p  23.8   6:11a  30.0   0.0  0.25   0.0   0.0     ---   ---
 5  42.4  48.4   4:35p  38.8  12:00m  22.2   0.0  0.11   1.9  20.0   2:00p   WNW
 6  41.2  48.2  10:53a  31.9  11:54p  23.7   0.0  0.00   5.4  28.0  11:53a    NW
 7  30.2  32.6  12:01a  27.2   6:20a  34.5   0.0  0.02   0.0   0.0     ---   ---
 8  36.3  40.4   3:36p  31.4  12:56a  28.4   0.0  0.30   0.2   9.0   2:40p   ESE
 9  37.5  43.3   1:20a  29.2  11:38p  27.5   0.0  0.01   1.9  25.0  12:55p    NW
10  30.2  34.5   1:42p  26.4  11:37p  34.5   0.0  0.00   4.4  33.0   8:17a   WNW
11  26.7  33.4   3:07p  18.8  11:40p  37.7   0.0  0.00   2.4  19.0  11:35a    NW
12  24.3  31.9   2:34p  15.6   6:02a  39.9   0.0  0.00   0.2   8.0  10:55a     E
13  27.6  30.2   3:51p  25.2   7:07a  36.9   0.0  0.03   0.4  10.0   1:40p   ENE
14  23.7  33.4   3:28p  13.0   7:45a  39.6   0.0  0.04   0.1   7.0  12:47p    SW
15  24.2  35.5   2:34p  14.0   5:28a  33.2   0.0  0.02   1.1  12.0  10:24a   WNW
16
17  27.4  27.8   7:11p  27.0  11:45p   7.5   0.0  0.00   0.0   0.0     ---   ---
18  30.7  35.7   3:26p  26.3   3:40a  31.8   0.0  0.08   0.1   9.0   3:15p   WSW
19  32.6  35.3  11:27a  30.3   6:51p  31.8   0.0  0.00   0.0   0.0     ---   ---
20  26.2  35.5   9:42a   9.8  11:52p  37.8   0.0  0.92   3.9  34.0  12:00p    NW
21  10.6  15.9   3:32p   5.9   7:25a  50.7   0.0  0.00   3.4  29.0  11:06a   WNW
22  15.8  25.9   3:48p   3.2   7:23a  47.9   0.0  0.00   0.5   9.0  12:20p    SW
23  35.3  44.2   6:51p  22.4  12:07a  29.4   0.0  0.39   0.8  13.0   1:26p   SSE
24  37.6  43.4  11:49a  31.5  10:36p  27.3   0.0  1.15   0.0   0.0     ---   ---
25  29.1  34.8  12:35p  15.3  11:58p  35.5   0.0  0.00   2.2  30.0  12:52p    SW
26  26.1  34.6   1:54p  15.0   5:14a  37.4   0.0  0.00   0.2   7.0   1:38p   SSE
27  31.3  41.1   3:58p  25.0   3:01a  33.0   0.0  0.00   1.2  15.0   7:48a   SSE
28  25.5  32.1   3:09p  15.2   7:55a  38.2   0.0  0.00   2.1  15.0   2:09a   ESE
29  27.2  29.9  11:44a  20.1  11:30p  37.1   0.0  0.00   2.4  15.0   8:36p   ESE
30  11.7  22.9  11:21a  -2.4  11:50p  51.6   0.0  0.01   4.6  29.0   2:05p   WNW
31   3.5  15.1   4:16p  -6.9   6:54a  59.4   0.0  0.00   1.3  16.0   2:38p    SW
-------------------------------------------------------------------------------------
    29.0  53.5     1    -6.9    31  1017.1   0.0  3.34   1.6  34.0     1      NW

Max >=  90.0:  0
Max <=  32.0:  8
Min <=  32.0: 27
Min <=   0.0:  2
Max Rain: 1.15 ON 01/24/19
Days of Rain: 11 (>.01 in) 6 (>.1 in) 1 (>1 in)
Heat Base:  65.0  Cool Base:  65.0  Method: Integration