NOAA-Style Climate Reports

WeatherLink Software Version 6.0.3
Discontinued 1/31/2017
Select a Year or Month report
2019: Jan Feb Mar Apr May Jun Jul Aug Sep Oct Nov Dec
2018: Jan Feb Mar Apr May Jun Jul Aug Sep Oct Nov Dec
2017: Jan Feb Mar Apr May Jun Jul Aug Sep Oct Nov Dec
2016: Jan Feb Mar Apr May Jun Jul Aug Sep Oct Nov Dec
2015: Jan Feb Mar Apr May Jun Jul Aug Sep Oct Nov Dec
2014: Jan Feb Mar Apr May Jun Jul Aug Sep Oct Nov Dec
2013: Jan Feb Mar Apr May Jun Jul Aug Sep Oct Nov Dec
2012: Jan Feb Mar Apr May Jun Jul Aug Sep Oct Nov Dec
2011: Jan Feb Mar Apr May Jun Jul Aug Sep Oct Nov Dec
2010: Jan Feb Mar Apr May Jun Jul Aug Sep Oct Nov Dec

Report for 2019 February
                   MONTHLY CLIMATOLOGICAL SUMMARY for FEB. 2019

NAME: cvweather_new   CITY: Mechanicsburg   STATE: PA 
ELEV:   439 ft  LAT:  40° 13' 22" N  LONG:  77° 00' 51" W

                   TEMPERATURE (°F), RAIN  (in), WIND SPEED (mph)

                                      HEAT  COOL        AVG
    MEAN                              DEG   DEG         WIND                 DOM
DAY TEMP  HIGH   TIME   LOW    TIME   DAYS  DAYS  RAIN  SPEED HIGH   TIME    DIR
------------------------------------------------------------------------------------
 1  10.5  16.7   2:14p   1.2  12:54a  51.8   0.0  0.00   0.4   6.0  10:23a    SW
 2  16.0  29.4   4:15p   0.5   6:45a  43.4   0.0  0.00   0.0   6.0  12:54p    NW
 3  32.2  50.8   2:47p  15.2   3:11a  31.9   0.0  0.05   0.3  11.0   2:23p    SE
 4  38.3  57.9   3:37p  24.2   7:25a  26.2   0.0  0.01   0.0   8.0   4:35p    SE
 5  46.7  64.6   2:41p  32.4  12:01a  18.2   0.0  0.00   0.4  11.0   1:08p    SW
 6  38.6  43.9   1:44p  30.5   4:51a  26.2   0.0  0.26   0.7  11.0   1:08p   ESE
 7  43.6  49.8   2:07p  38.0   4:05a  21.3   0.0  0.26   0.3  14.0  10:50p   ESE
 8  40.5  48.1  11:15a  27.5  12:00m  24.5   0.0  0.48   4.9  29.0  12:19p   WNW
 9  24.8  31.7   4:07p  16.4  11:53p  39.7   0.0  0.00   5.7  29.0   1:11a    NW
10  25.1  34.1   2:30p  11.8   6:48a  38.3   0.0  0.00   0.2   9.0   7:48p   SSE
11  30.3  33.4   1:56p  27.9   3:16a  34.5   0.0  0.08   0.2   8.0  11:29p   ESE
12  30.9  32.5   1:34p  28.4   5:16a  33.3   0.0  0.00   2.2  15.0  10:08a   ESE
13  33.3  35.9   2:15p  30.9  12:15a  31.6   0.0  0.19   3.2  28.0   1:13p    SW
14  34.7  40.9   3:45p  25.6   7:49a  30.0   0.0  0.20   1.3  18.0   1:29a     W
15  44.2  54.2   3:56p  33.6   2:07a  20.6   0.0  0.18   1.5  21.0   9:43p   WNW
16  33.9  40.2   4:05p  25.1  12:00m  30.9   0.0  0.00   4.5  20.0   3:10a    NW
17  29.3  35.9   2:23p  18.8   7:02a  35.4   0.0  0.08   1.8  12.0   3:21p    SE
18  33.8  40.3  11:10a  28.5  11:58p  29.9   0.0  0.03   4.3  24.0   1:13p    NW
19  27.3  34.6   3:18p  17.1   6:55a  37.4   0.0  0.00   2.8  15.0   1:30a    NW
20  28.2  30.8  11:51p  25.7  10:47a  35.9   0.0  0.01   2.3  13.0   8:01a   ESE
21  36.7  50.7   3:54p  30.6   4:42a  27.3   0.0  0.54   0.7  18.0   4:09p    SE
22  39.0  44.3   2:35p  30.1  11:52p  25.9   0.0  0.03   1.5  13.0   4:19a    NW
23  33.6  38.3   2:19p  29.8   4:17a  30.0   0.0  0.09   1.1  11.0  10:06a   ESE
24  37.6  46.8   5:49p  32.6   6:09a  26.9   0.0  0.43   3.2  40.0  11:22p   WSW
25  35.3  40.0  12:01a  30.7  11:36p  29.3   0.0  0.00   9.7  41.0   5:42a   WNW
26  32.1  38.5   2:15p  25.4   5:45a  32.6   0.0  0.00   4.3  16.0  12:23a    NW
27  31.9  39.5   2:56p  25.6   6:41a  32.6   0.0  0.00   3.3  20.0   3:01p   SSE
28  33.5  37.5   2:38p  29.8   7:16a  31.3   0.0  0.00   2.7  19.0   5:52a    NW
-------------------------------------------------------------------------------------
    32.9  64.6     5     0.5     2   876.9   0.0  2.92   2.3  41.0    25      NW

Max >=  90.0:  0
Max <=  32.0:  4
Min <=  32.0: 24
Min <=   0.0:  0
Max Rain: 0.54 ON 02/21/19
Days of Rain: 14 (>.01 in) 8 (>.1 in) 0 (>1 in)
Heat Base:  65.0  Cool Base:  65.0  Method: Integration