NOAA-Style Climate Reports

WeatherLink Software Version 6.0.3
Discontinued 1/31/2017
Select a Year or Month report
2019: Jan Feb Mar Apr May Jun Jul Aug Sep Oct Nov Dec
2018: Jan Feb Mar Apr May Jun Jul Aug Sep Oct Nov Dec
2017: Jan Feb Mar Apr May Jun Jul Aug Sep Oct Nov Dec
2016: Jan Feb Mar Apr May Jun Jul Aug Sep Oct Nov Dec
2015: Jan Feb Mar Apr May Jun Jul Aug Sep Oct Nov Dec
2014: Jan Feb Mar Apr May Jun Jul Aug Sep Oct Nov Dec
2013: Jan Feb Mar Apr May Jun Jul Aug Sep Oct Nov Dec
2012: Jan Feb Mar Apr May Jun Jul Aug Sep Oct Nov Dec
2011: Jan Feb Mar Apr May Jun Jul Aug Sep Oct Nov Dec
2010: Jan Feb Mar Apr May Jun Jul Aug Sep Oct Nov Dec

Report for 2019 April
                   MONTHLY CLIMATOLOGICAL SUMMARY for APR. 2019

NAME: cvweather_new   CITY: Mechanicsburg   STATE: PA 
ELEV:   439 ft  LAT:  40° 13' 22" N  LONG:  77° 00' 51" W

                   TEMPERATURE (°F), RAIN  (in), WIND SPEED (mph)

                                      HEAT  COOL        AVG
    MEAN                              DEG   DEG         WIND                 DOM
DAY TEMP  HIGH   TIME   LOW    TIME   DAYS  DAYS  RAIN  SPEED HIGH   TIME    DIR
------------------------------------------------------------------------------------
 1  35.7  46.3   4:01p  27.4  11:56p  29.3   0.0  0.00   5.5  26.0  12:29a    NW
 2  38.4  49.8   1:07p  24.2   6:49a  26.3   0.0  0.00   1.3  16.0   3:44p    SE
 3  46.1  64.2   1:50p  26.1   6:51a  18.9   0.0  0.00   3.9  33.0   2:32p   WNW
 4  48.7  64.2   3:19p  32.4   7:30a  16.2   0.0  0.00   1.1  16.0   3:18p   WNW
 5  42.2  50.5   1:25a  37.8  11:52p  22.8   0.0  0.20   2.7  17.0   4:53a     E
 6  47.5  63.8   4:21p  37.6  12:15a  17.5   0.0  0.01   0.4  12.0   3:13p    NW
 7  54.9  71.2   2:55p  36.9   6:44a  11.1   1.0  0.09   1.3  13.0  12:55p   SSE
 8  63.1  76.6   3:24p  50.5   6:07a   5.3   3.4  0.03   1.3  28.0   1:13p    SW
 9  62.1  77.7   3:11p  47.8   7:07a   5.8   2.9  0.00   3.7  29.0   5:58p    NW
10  51.2  64.4   3:31p  34.3   7:00a  13.8   0.0  0.00   3.1  23.0   3:41p    NW
11  49.1  59.4   4:45p  40.8   6:34a  15.8   0.0  0.00   3.4  17.0   4:17p   ESE
12  54.7  61.5   5:03p  45.8   6:31a  10.3   0.0  1.05   1.6  14.0   2:03a   ESE
13  64.4  75.5   3:32p  55.2  11:59p   3.3   2.7  0.45   0.6  12.0   2:31p   WSW
14  62.0  66.9   5:37p  54.2   1:35a   3.3   0.4  0.48   0.9  22.0   7:26p    SE
15  51.6  67.8  12:48a  44.8  10:38p  13.4   0.1  0.67   6.7  37.0   5:47p   WNW
16  54.1  65.4   3:28p  40.8   3:35a  10.8   0.0  0.00   2.9  19.0  12:06a   WNW
17  53.0  58.5   6:05p  48.3   6:23a  12.0   0.0  0.04   1.0  13.0  10:47p   ESE
18  58.7  71.4   6:25p  51.4   6:56a   7.1   0.8  0.00   1.3  14.0   5:36a   ESE
19  66.2  73.4  12:36p  57.0   1:35a   1.1   2.4  0.82   2.8  25.0   6:04p   SSE
20  66.8  75.9   3:21p  59.4  12:00m   1.0   2.8  0.03   2.4  25.0   2:41p   SSE
21  58.7  68.1   1:29p  48.3   7:10a   6.5   0.2  0.00   1.1  14.0   1:44p    NW
22  58.5  71.2   3:30p  50.3   4:21a   7.5   1.0  0.00   2.1  18.0  11:09a   NNW
23  62.3  80.7   3:31p  46.6   6:42a   6.5   3.7  0.17   0.5  13.0   4:02p   SSE
24  59.5  70.9   3:58p  50.5  11:47p   6.4   1.0  0.00   3.9  21.0   9:42a    NW
25  57.1  62.2  12:58p  50.6  12:07a   7.9   0.0  0.00   0.3   9.0   4:04p   ESE
26  56.5  69.1   2:24p  52.3  10:02p   8.7   0.3  0.32   3.2  32.0   6:31p   ESE
27  55.0  65.0   3:46p  46.5   5:27a   9.9   0.0  0.00   6.8  37.0  10:30a    NW
28  48.7  52.6   1:05p  38.2  11:55p  16.2   0.0  0.09   1.0  16.0   7:09p   NNW
29  47.6  58.6   3:50p  31.7   6:02a  17.4   0.0  0.00   0.9  14.0   2:25p    SE
30  60.2  74.7   3:45p  45.2   6:19a   6.7   2.0  0.01   1.0  13.0  12:19p    NW
-------------------------------------------------------------------------------------
    54.5  80.7    23    24.2     2   338.8  24.7  4.46   2.3  37.0    15      NW

Max >=  90.0:  0
Max <=  32.0:  0
Min <=  32.0:  4
Min <=   0.0:  0
Max Rain: 1.05 ON 04/12/19
Days of Rain: 13 (>.01 in) 8 (>.1 in) 1 (>1 in)
Heat Base:  65.0  Cool Base:  65.0  Method: Integration