NOAA-Style Climate Reports

WeatherLink Software Version 6.0.3
Discontinued 1/31/2017
Select a Year or Month report
2019: Jan Feb Mar Apr May Jun Jul Aug Sep Oct Nov Dec
2018: Jan Feb Mar Apr May Jun Jul Aug Sep Oct Nov Dec
2017: Jan Feb Mar Apr May Jun Jul Aug Sep Oct Nov Dec
2016: Jan Feb Mar Apr May Jun Jul Aug Sep Oct Nov Dec
2015: Jan Feb Mar Apr May Jun Jul Aug Sep Oct Nov Dec
2014: Jan Feb Mar Apr May Jun Jul Aug Sep Oct Nov Dec
2013: Jan Feb Mar Apr May Jun Jul Aug Sep Oct Nov Dec
2012: Jan Feb Mar Apr May Jun Jul Aug Sep Oct Nov Dec
2011: Jan Feb Mar Apr May Jun Jul Aug Sep Oct Nov Dec
2010: Jan Feb Mar Apr May Jun Jul Aug Sep Oct Nov Dec

Report for 2019 July
                   MONTHLY CLIMATOLOGICAL SUMMARY for JUN. 2019

NAME: cvweather_new   CITY: Mechanicsburg   STATE: PA 
ELEV:   439 ft  LAT:  40° 13' 22" N  LONG:  77° 00' 51" W

                   TEMPERATURE (°F), RAIN  (in), WIND SPEED (mph)

                                      HEAT  COOL        AVG
    MEAN                              DEG   DEG         WIND                 DOM
DAY TEMP  HIGH   TIME   LOW    TIME   DAYS  DAYS  RAIN  SPEED HIGH   TIME    DIR
------------------------------------------------------------------------------------
 1  68.4  83.5   4:00p  54.4   5:52a   3.0   6.5  0.34   0.6  16.0   9:01p   SSE
 2  65.3  78.4   4:41p  55.4  11:59p   2.5   2.9  0.45   0.8  14.0   6:03p    NW
 3  58.9  70.2   4:53p  48.3   5:41a   6.8   0.7  0.00   2.9  21.0  10:25a    NW
 4  60.2  74.4   4:42p  42.3   5:41a   7.0   2.2  0.00   0.5  13.0   3:20p   SSE
 5  70.0  82.0   1:03p  56.4   6:03a   1.5   6.5  0.00   0.5  16.0   2:10p   SSE
 6  74.3  85.0   4:49p  64.4   5:55a   0.0   9.3  0.00   1.0  14.0   1:33p    NW
 7  69.5  76.6   2:20p  60.1  12:00m   0.4   4.9  0.00   0.3   8.0  10:23a   NNW
 8  69.8  81.8   4:13p  55.1   5:51a   2.4   7.0  0.00   1.7  18.0   3:44p   ESE
 9  70.3  81.1   3:39p  58.7   4:15a   1.3   6.6  0.00   2.8  24.0   1:09p   ESE
10  61.5  69.2  12:01a  55.0   6:54a   3.8   0.3  0.20   0.4  17.0   1:01a   ESE
11  66.6  79.1   4:27p  56.4  11:59p   2.1   3.7  0.22   4.5  22.0  12:57p    NW
12  64.0  75.9   3:50p  49.2   6:07a   4.5   3.5  0.00   1.4  16.0   1:24p    SE
13  60.2  66.3   5:20p  53.4  11:58p   4.9   0.0  0.50   0.6  14.0   5:59a   ESE
14  62.0  74.5   5:12p  52.7   1:59a   4.9   1.9  0.02   3.0  25.0  11:25a    NW
15  63.1  74.2   4:15p  48.9   4:19a   5.1   3.2  0.00   0.1   8.0  12:36p   WSW
16  71.1  81.2   1:29p  62.9   5:52a   0.2   6.3  0.04   0.5  18.0  12:53p   SSE
17  71.2  77.3   1:41p  66.9   6:37a   0.0   6.2  0.04   0.3  11.0   3:19p    SW
18  72.1  80.4   2:41p  67.3  12:59a   0.0   7.1  0.08   0.6  16.0   1:42p    NW
19  72.9  80.3   1:42p  68.1   6:14a   0.0   7.9  0.04   0.2  10.0   2:35p   ESE
20  73.3  81.3   5:20p  68.8  12:00m   0.0   8.3  0.03   0.8  18.0   2:27p    SW
21  70.4  81.1   4:45p  61.3  11:44p   0.2   5.6  0.03   3.8  22.0   9:50a    NW
22  67.3  80.5   5:00p  53.9   6:12a   2.6   5.0  0.38   1.8  16.0  12:42p    NW
23  67.7  84.9   4:40p  51.5   5:19a   3.8   6.5  0.00   0.5  10.0   3:51p    NW
24  72.4  87.2   2:55p  56.4   5:19a   2.1   9.5  0.00   0.4  12.0   6:29p   SSE
25  76.1  85.7   4:34p  66.1  11:56p   0.0  11.1  0.40   1.7  17.0   3:56p    NW
26  75.3  90.2   4:47p  60.5   5:49a   0.8  11.0  0.00   1.0  13.0   4:18p     W
27  77.7  92.4   4:57p  64.3   5:57a   0.0  12.7  0.00   0.6   8.0   2:49p   WNW
28  79.0  92.1   4:50p  67.7   6:08a   0.0  14.0  0.00   0.5  11.0   3:12p   SSE
29  74.6  90.5   1:26p  66.6   5:59a   0.0   9.6  0.22   0.7  27.0   2:20p    SW
30  75.8  87.0   4:59p  66.3   4:29a   0.0  10.8  0.01   3.3  24.0  11:55a    NW
-------------------------------------------------------------------------------------
    69.4  92.4    27    42.3     4    59.9 190.8  3.00   1.3  27.0    29      NW

Max >=  90.0:  4
Max <=  32.0:  0
Min <=  32.0:  0
Min <=   0.0:  0
Max Rain: 0.50 ON 06/13/19
Days of Rain: 15 (>.01 in) 8 (>.1 in) 0 (>1 in)
Heat Base:  65.0  Cool Base:  65.0  Method: Integration