NOAA-Style Climate Reports

WeatherLink Software Version 6.0.3
Discontinued 1/31/2017
Select a Year or Month report
2019: Jan Feb Mar Apr May Jun Jul Aug Sep Oct Nov Dec
2018: Jan Feb Mar Apr May Jun Jul Aug Sep Oct Nov Dec
2017: Jan Feb Mar Apr May Jun Jul Aug Sep Oct Nov Dec
2016: Jan Feb Mar Apr May Jun Jul Aug Sep Oct Nov Dec
2015: Jan Feb Mar Apr May Jun Jul Aug Sep Oct Nov Dec
2014: Jan Feb Mar Apr May Jun Jul Aug Sep Oct Nov Dec
2013: Jan Feb Mar Apr May Jun Jul Aug Sep Oct Nov Dec
2012: Jan Feb Mar Apr May Jun Jul Aug Sep Oct Nov Dec
2011: Jan Feb Mar Apr May Jun Jul Aug Sep Oct Nov Dec
2010: Jan Feb Mar Apr May Jun Jul Aug Sep Oct Nov Dec

Report for 2019 August
                   MONTHLY CLIMATOLOGICAL SUMMARY for JUL. 2019

NAME: cvweather_new   CITY: Mechanicsburg   STATE: PA 
ELEV:   439 ft  LAT:  40° 13' 22" N  LONG:  77° 00' 51" W

                   TEMPERATURE (°F), RAIN  (in), WIND SPEED (mph)

                                      HEAT  COOL        AVG
    MEAN                              DEG   DEG         WIND                 DOM
DAY TEMP  HIGH   TIME   LOW    TIME   DAYS  DAYS  RAIN  SPEED HIGH   TIME    DIR
------------------------------------------------------------------------------------
 1  70.7  85.2   4:02p  56.8   6:24a   1.5   7.1  0.00   0.7  11.0   1:41p    NW
 2  74.1  92.5   4:17p  59.3   5:41a   1.2  10.2  0.00   0.6  23.0   5:30p    SW
 3  77.4  87.5   5:05p  68.4   4:23a   0.0  12.4  0.00   1.0  12.0  10:28a    NW
 4  77.3  89.2   2:23p  68.6   6:14a   0.0  12.3  0.00   0.5  14.0   1:36p   ESE
 5  77.1  86.4   1:27p  72.2  12:00m   0.0  12.1  1.05   0.5  18.0   2:46p   ESE
 6  76.3  92.2   4:28p  69.5   5:49a   0.0  11.3  1.37   1.0  29.0   5:49p   WNW
 7  75.3  85.8   3:49p  67.6   6:01a   0.0  10.2  1.44   0.4  15.0   9:10p   WNW
 8  72.1  78.2   5:16p  69.0   7:48a   0.0   7.1  0.71   0.5  12.0   6:02a   ESE
 9  73.7  86.7   4:14p  63.0   6:04a   0.2   8.8  0.00   0.5  12.0   1:46p   SSE
10  76.7  88.2   3:28p  65.4   4:55a   0.0  11.7  0.00   0.7  17.0   4:42p   SSE
11  74.7  81.8   2:11p  70.1  11:59p   0.0   9.7  0.18   0.2  19.0  11:59a   SSE
12  76.1  88.3   4:13p  67.4   6:02a   0.0  11.1  0.00   2.3  25.0   2:25p    NW
13  74.0  89.4   5:18p  60.2   6:10a   0.7   9.7  0.00   0.5  12.0  10:06a    SW
14  76.7  89.7   4:24p  66.3  11:58p   0.0  11.7  0.00   1.4  26.0  12:54p    NW
15  73.0  87.5   3:53p  60.0   6:13a   0.8   8.8  0.00   0.4  12.0   5:58p    SW
16  73.8  91.1   3:32p  61.4   6:10a   0.5   9.3  0.43   0.5  29.0   5:31p   SSE
17  77.3  92.9   2:27p  69.5   5:00a   0.0  12.2  0.14   0.5  16.0   4:44p   WNW
18  78.9  91.7   4:52p  73.2   3:37a   0.0  13.9  0.13   0.8  21.0   5:21p    NW
19  81.7  95.8   4:48p  69.1   6:17a   0.0  16.6  0.00   0.9  17.0   4:28p    SW
20  83.6  95.7   3:23p  73.7   6:24a   0.0  18.5  0.00   1.0  17.0   6:05p   SSE
21  84.1  96.5   4:13p  73.1  11:57p   0.0  19.1  0.03   1.7  20.0   2:07p   WSW
22  76.1  86.4   2:03p  67.3  11:54p   0.0  11.1  0.28   0.6  20.0   3:56p   SSE
23  70.1  78.5   4:02p  64.7   6:22a   0.0   5.1  0.12   1.0  22.0   2:44p    NW
24  70.3  82.6   3:05p  59.7   6:34a   1.0   6.3  0.00   1.0  14.0   2:58p    NW
25  70.8  84.8   4:25p  58.0   6:11a   1.5   7.3  0.00   0.7  19.0   2:29p    NW
26  72.6  88.2   4:01p  58.9   6:17a   1.2   8.8  0.00   0.3  12.0   8:25a    NW
27  74.9  88.8   3:49p  60.7   6:27a   0.6  10.6  0.00   0.3  10.0  12:18p   SSE
28  77.1  90.5   2:47p  64.5   6:30a   0.0  12.1  0.00   0.6  16.0   1:51p   WSW
29  79.2  92.6   4:41p  66.7   6:08a   0.0  14.1  0.00   0.6  15.0   2:32p   SSE
30  76.8  93.4   3:08p  67.8   6:07a   0.0  11.8  0.15   0.2  13.0   4:50p   SSE
31  75.0  83.2   1:01p  68.2   5:18a   0.0  10.0  0.00   0.0   8.0  10:53a    SW
-------------------------------------------------------------------------------------
    75.7  96.5    21    56.8     1     9.2 341.0  6.03   0.7  29.0     6      NW

Max >=  90.0: 11
Max <=  32.0:  0
Min <=  32.0:  0
Min <=   0.0:  0
Max Rain: 1.44 ON 07/07/19
Days of Rain: 12 (>.01 in) 11 (>.1 in) 3 (>1 in)
Heat Base:  65.0  Cool Base:  65.0  Method: Integration