NOAA-Style Climate Reports

WeatherLink Software Version 6.0.3
Discontinued 1/31/2017
Select a Year or Month report
2019: Jan Feb Mar Apr May Jun Jul Aug Sep Oct Nov Dec
2018: Jan Feb Mar Apr May Jun Jul Aug Sep Oct Nov Dec
2017: Jan Feb Mar Apr May Jun Jul Aug Sep Oct Nov Dec
2016: Jan Feb Mar Apr May Jun Jul Aug Sep Oct Nov Dec
2015: Jan Feb Mar Apr May Jun Jul Aug Sep Oct Nov Dec
2014: Jan Feb Mar Apr May Jun Jul Aug Sep Oct Nov Dec
2013: Jan Feb Mar Apr May Jun Jul Aug Sep Oct Nov Dec
2012: Jan Feb Mar Apr May Jun Jul Aug Sep Oct Nov Dec
2011: Jan Feb Mar Apr May Jun Jul Aug Sep Oct Nov Dec
2010: Jan Feb Mar Apr May Jun Jul Aug Sep Oct Nov Dec

Report for 2019 September
                   MONTHLY CLIMATOLOGICAL SUMMARY for SEP. 2019

NAME: cvweather_new   CITY: Mechanicsburg   STATE: PA 
ELEV:   439 ft  LAT:  40° 13' 22" N  LONG:  77° 00' 51" W

                   TEMPERATURE (°F), RAIN  (in), WIND SPEED (mph)

                                      HEAT  COOL        AVG
    MEAN                              DEG   DEG         WIND                 DOM
DAY TEMP  HIGH   TIME   LOW    TIME   DAYS  DAYS  RAIN  SPEED HIGH   TIME    DIR
------------------------------------------------------------------------------------
 1  69.5  77.2   4:46p  62.7   1:23a   0.3   4.8  0.00   0.7  12.0  10:35p    SE
 2  72.3  83.9   3:50p  64.6   7:38a   0.0   7.3  1.47   0.7  11.0   1:13a    NW
 3  71.1  82.8   3:55p  59.9   6:53a   0.7   6.8  0.00   0.4   8.0  12:55p   SSE
 4  74.5  89.3   3:36p  64.5   1:52a   0.0   9.5  0.00   1.8  33.0   4:15p    NW
 5  66.7  73.9   2:49p  58.0   6:46a   1.5   3.2  0.00   0.5  16.0   3:07p     N
 6  64.7  75.1   3:31p  56.6   7:10a   2.9   2.5  0.00   0.8  23.0  11:38a   NNE
 7  65.6  77.5   3:34p  54.0   7:08a   3.2   3.8  0.00   1.9  23.0   2:58p    NW
 8  66.6  81.9   3:50p  53.1   6:37a   3.3   4.9  0.00   0.3   9.0   3:26p    SW
 9  68.5  81.2   3:40p  60.1   4:04a   1.0   4.5  0.00   0.1   9.0  11:10a   NNE
10  71.5  82.7   3:03p  60.9   3:26a   1.0   7.4  0.00   0.5  12.0  11:35a   SSE
11  76.9  93.1   3:37p  64.7   6:56a   0.0  11.9  0.00   0.7  11.0   1:12a   SSE
12  74.6  85.9   3:29p  67.6   6:37a   0.0   9.6  0.34   1.2  20.0   4:57p    NW
13  62.9  69.0  12:07a  60.1   6:05a   2.3   0.2  0.02   1.6  15.0   9:58a   ESE
14  66.7  73.5   5:57p  62.3   4:47a   0.8   2.5  0.03   0.1   9.0   2:31p   ESE
15  68.5  83.1   3:39p  57.1   6:51a   1.7   5.2  0.00   0.5  10.0  12:55p    NW
16  70.4  80.4   2:12p  61.4   7:16a   0.7   6.2  0.00   0.2   9.0   6:13p   NNE
17  68.8  79.6   3:33p  55.4  11:59p   1.1   4.9  0.00   0.8  12.0   5:39p     N
18  61.1  76.0   3:41p  47.9   7:07a   6.5   2.6  0.00   0.4  12.0   2:43p   ESE
19  59.0  71.6   3:40p  46.4   7:19a   7.0   1.0  0.00   0.5  13.0  11:40a   ESE
20  59.3  78.8   3:36p  42.1   7:03a   8.6   2.9  0.00   0.2   8.0  12:36p    SE
21  66.2  85.9   3:40p  48.5   7:02a   5.3   6.5  0.00   0.3   9.0   2:20p    NW
22  73.4  87.9   3:26p  59.3   7:09a   1.1   9.5  0.00   0.4  12.0   5:54p   SSE
23  73.6  87.4   1:29p  63.1   7:29a   0.1   8.7  0.01   1.2  22.0  12:12p   WSW
24  66.5  76.2   3:50p  54.9  11:56p   2.1   3.6  0.00   3.3  18.0  10:28a   WNW
25  63.0  80.6   3:32p  47.7   7:21a   6.1   4.1  0.00   0.5  12.0   3:40p   WNW
26  62.5  75.0   5:20p  51.9   6:51a   4.9   2.3  0.00   0.8  12.0   1:25p    NW
27  63.0  78.2   3:23p  45.7   7:12a   5.9   4.0  0.00   0.5  13.0   2:18p   SSE
28  69.6  85.5   4:32p  57.1   1:44a   2.5   7.1  0.39   0.9  14.0   7:51p    SE
29  68.6  76.1   3:39p  63.0   5:59a   0.2   3.8  0.01   1.0  18.0   9:14a     N
30  64.1  67.7   4:09p  60.2   8:08a   1.3   0.5  0.00   0.3  10.0  10:14a   ESE
-------------------------------------------------------------------------------------
    67.7  93.1    11    42.1    20    72.1 151.8  2.27   0.8  33.0     4      NW

Max >=  90.0:  1
Max <=  32.0:  0
Min <=  32.0:  0
Min <=   0.0:  0
Max Rain: 1.47 ON 09/02/19
Days of Rain: 5 (>.01 in) 3 (>.1 in) 1 (>1 in)
Heat Base:  65.0  Cool Base:  65.0  Method: Integration