NOAA-Style Climate Reports

WeatherLink Software Version 6.0.3
Discontinued 1/31/2017
Select a Year or Month report
2020: Jan Feb Mar Apr May Jun Jul Aug Sep Oct Nov Dec
2019: Jan Feb Mar Apr May Jun Jul Aug Sep Oct Nov Dec
2018: Jan Feb Mar Apr May Jun Jul Aug Sep Oct Nov Dec
2017: Jan Feb Mar Apr May Jun Jul Aug Sep Oct Nov Dec
2016: Jan Feb Mar Apr May Jun Jul Aug Sep Oct Nov Dec
2015: Jan Feb Mar Apr May Jun Jul Aug Sep Oct Nov Dec
2014: Jan Feb Mar Apr May Jun Jul Aug Sep Oct Nov Dec
2013: Jan Feb Mar Apr May Jun Jul Aug Sep Oct Nov Dec
2012: Jan Feb Mar Apr May Jun Jul Aug Sep Oct Nov Dec
2011: Jan Feb Mar Apr May Jun Jul Aug Sep Oct Nov Dec
2010: Jan Feb Mar Apr May Jun Jul Aug Sep Oct Nov Dec

Report for 2019 October
                   MONTHLY CLIMATOLOGICAL SUMMARY for OCT. 2019

NAME: cvweather_new   CITY: Mechanicsburg   STATE: PA 
ELEV:   439 ft  LAT:  40° 13' 22" N  LONG:  77° 00' 51" W

                   TEMPERATURE (°F), RAIN  (in), WIND SPEED (mph)

                                      HEAT  COOL        AVG
    MEAN                              DEG   DEG         WIND                 DOM
DAY TEMP  HIGH   TIME   LOW    TIME   DAYS  DAYS  RAIN  SPEED HIGH   TIME    DIR
------------------------------------------------------------------------------------
 1  71.9  83.7   3:40p  64.2  12:01a   0.1   7.0  0.00   0.3   9.0  12:53p   SSE
 2  76.9  90.0   3:33p  65.6   6:52a   0.0  11.8  0.00   1.4  18.0   2:39p   WSW
 3  61.1  74.5  12:01a  56.8  12:00p   4.6   0.8  0.24   0.9  15.0  10:07a   ESE
 4  57.7  67.3  11:16a  47.1  11:59p   7.4   0.2  0.00   3.6  22.0   5:25p     N
 5  51.3  61.7   4:09p  37.3   7:33a  13.7   0.0  0.00   1.6  18.0   4:47p    SE
 6  57.9  62.8   9:06p  53.5   5:34a   7.1   0.0  0.13   0.2  10.0   2:05a    SE
 7  62.6  69.2   2:11p  55.4  11:58p   3.0   0.6  0.74   1.1  15.0   2:32a   SSE
 8  56.5  64.1   2:03p  52.3   3:17a   8.4   0.0  0.12   1.1  10.0  11:51a   NNW
 9  57.4  66.5   3:14p  50.1  10:32p   7.7   0.1  0.00   1.4  24.0   5:31p   ESE
10  56.1  70.4   4:26p  43.5   6:17a   9.7   0.8  0.00   0.6  16.0   1:54p     N
11  54.9  68.8   3:11p  40.4   7:22a  10.7   0.6  0.00   0.5  14.0  12:52p   NNW
12  52.8  65.4   4:29p  42.7   4:53a  12.2   0.0  0.00   0.1   7.0   3:09p   WSW
13  49.9  62.6   1:17p  34.4   7:23a  15.1   0.0  0.00   0.2  17.0   1:22p    SE
14  52.6  70.8   4:32p  36.6   7:30a  13.2   0.9  0.00   0.8  20.0   2:03p   WSW
15  52.2  64.9   4:13p  38.6   7:43a  12.7   0.0  0.00   0.1   8.0   3:42p   SSE
16  54.2  61.6  10:41a  44.4   1:07a  10.8   0.0  1.28   0.0   0.0     ---   ---
17  52.0  57.5   1:14p  49.4   8:23a  12.9   0.0  0.01   3.8  41.0   2:31p    NW
18  50.4  59.1   3:21p  40.1  11:54p  14.6   0.0  0.00   2.3  21.0  11:36a    NW
19  47.3  60.9   3:13p  32.2   7:24a  17.1   0.0  0.00   0.1   8.0   2:02p   SSE
20  49.6  53.2   4:00p  44.8   3:06a  15.4   0.0  0.27   0.0   0.0     ---   ---
21  55.3  64.6   4:44p  46.4  12:01a   9.7   0.0  0.00   0.2  13.0   4:45p    SE
22  56.3  59.6   3:58p  49.4  11:39p   5.8   0.0  0.25   0.3  14.0  11:47a    SE
23  52.3  63.4   4:37p  39.4  11:56p  12.7   0.0  0.00   1.5  32.0   1:48p   WSW
24  48.4  66.0   4:35p  33.7   7:27a  16.6   0.1  0.00   0.2  10.0  12:05p   SSE
25  50.0  62.8   4:37p  38.4   4:44a  14.9   0.0  0.00   0.1   8.0   3:43p   WNW
26  53.0  61.4   1:10p  41.2   7:48a  12.0   0.0  0.02   0.2  13.0  12:47p   ESE
27  60.4  73.6   2:56p  53.0   3:55a   5.8   1.2  1.38   1.6  38.0   3:36p   WSW
28  56.6  66.9   3:31p  45.8   7:56a   8.6   0.2  0.00   0.5  21.0   3:56p   ESE
29  57.1  61.1   3:09p  53.0   5:55a   7.9   0.0  0.00   0.1   9.0   1:43p   ESE
30  59.3  63.8   1:19p  56.3   7:38a   5.7   0.0  0.67   0.3   9.0   2:20p   ESE
31  63.3  70.9   7:22p  50.5  12:00m   3.2   1.5  1.88   2.8  34.0   9:28p   SSE
-------------------------------------------------------------------------------------
    56.0  90.0     2    32.2    19   299.3  25.8  6.99   0.9  41.0    17     SSE

Max >=  90.0:  1
Max <=  32.0:  0
Min <=  32.0:  0
Min <=   0.0:  0
Max Rain: 1.88 ON 10/31/19
Days of Rain: 11 (>.01 in) 10 (>.1 in) 3 (>1 in)
Heat Base:  65.0  Cool Base:  65.0  Method: Integration