NOAA-Style Climate Reports

WeatherLink Software Version 6.0.3
Discontinued 1/31/2017
Select a Year or Month report
2020: Jan Feb Mar Apr May Jun Jul Aug Sep Oct Nov Dec
2019: Jan Feb Mar Apr May Jun Jul Aug Sep Oct Nov Dec
2018: Jan Feb Mar Apr May Jun Jul Aug Sep Oct Nov Dec
2017: Jan Feb Mar Apr May Jun Jul Aug Sep Oct Nov Dec
2016: Jan Feb Mar Apr May Jun Jul Aug Sep Oct Nov Dec
2015: Jan Feb Mar Apr May Jun Jul Aug Sep Oct Nov Dec
2014: Jan Feb Mar Apr May Jun Jul Aug Sep Oct Nov Dec
2013: Jan Feb Mar Apr May Jun Jul Aug Sep Oct Nov Dec
2012: Jan Feb Mar Apr May Jun Jul Aug Sep Oct Nov Dec
2011: Jan Feb Mar Apr May Jun Jul Aug Sep Oct Nov Dec
2010: Jan Feb Mar Apr May Jun Jul Aug Sep Oct Nov Dec

Report for 2019 November
                   MONTHLY CLIMATOLOGICAL SUMMARY for NOV. 2019

NAME: cvweather_new   CITY: Mechanicsburg   STATE: PA 
ELEV:   439 ft  LAT:  40° 13' 22" N  LONG:  77° 00' 51" W

                   TEMPERATURE (°F), RAIN  (in), WIND SPEED (mph)

                                      HEAT  COOL        AVG
    MEAN                              DEG   DEG         WIND                 DOM
DAY TEMP  HIGH   TIME   LOW    TIME   DAYS  DAYS  RAIN  SPEED HIGH   TIME    DIR
------------------------------------------------------------------------------------
 1  43.2  50.4  12:03a  31.7  11:57p  21.6   0.0  0.00   6.0  29.0   2:07a    NW
 2  37.0  50.1   4:46p  27.3   7:52a  27.5   0.0  0.00   0.3  15.0   5:37p   WNW
 3  38.4  50.9   1:16p  28.8   6:59a  26.5   0.0  0.00   2.0  18.0   7:22a   WNW
 4  44.0  57.2   2:49p  27.9   4:23a  20.9   0.0  0.00   1.4  31.0  11:52a   SSE
 5  48.1  57.1   3:57p  40.8   6:51a  16.9   0.0  0.00   1.1  18.0   4:57p    NW
 6  42.3  53.6   3:37p  31.3   6:47a  22.6   0.0  0.00   1.4  24.0   9:51a   WNW
 7  44.2  47.3  10:43a  35.4  12:01a  20.4   0.0  0.39   1.4  19.0   8:26p    NW
 8  33.7  39.4   2:26p  23.1  12:00m  31.0   0.0  0.00   4.7  25.0  10:23a   WNW
 9  29.9  40.6   1:54p  19.3   4:16a  33.9   0.0  0.00   0.8  16.0  10:26a   SSE
10  40.0  53.3   3:45p  31.7   5:46a  24.1   0.0  0.00   0.3   6.0  12:40a   SSE
11  46.7  64.4   3:37p  30.8   6:44a  18.2   0.0  0.00   0.2  11.0   2:33p    SE
12  37.2  51.8   1:05a  24.0  12:00m  27.7   0.0  0.13   5.6  27.0   9:31a    NW
13  26.7  32.8   2:50p  18.8   3:42a  38.1   0.0  0.00   2.7  15.0   2:03p   WNW
14  32.6  42.1   2:16p  23.4   6:28a  32.1   0.0  0.00   1.4  12.0  10:04a   SSE
15  35.7  50.0   2:40p  23.6   6:53a  29.2   0.0  0.00   0.9  15.0  11:49p    NW
16  36.0  41.5   1:37p  28.2  10:45p  28.7   0.0  0.00   4.1  27.0   1:04p     N
17  33.9  41.1   1:57p  26.0   5:36a  30.8   0.0  0.00   1.6  12.0   2:32p    NE
18  38.3  45.2   2:53p  35.4   5:05a  26.6   0.0  0.00   0.3   8.0   1:41p    SW
19  42.3  52.4   2:26p  30.8   7:25a  22.7   0.0  0.00   0.1   9.0   2:24p   WNW
20  44.0  48.8  11:35a  33.2  12:00m  20.8   0.0  0.00   3.3  18.0  11:54a    NW
21  42.9  52.3   2:14p  30.1   7:19a  22.0   0.0  0.00   1.0  18.0   3:10a   WNW
22  44.7  51.5  11:44a  33.0  12:00m  20.2   0.0  0.00   3.6  28.0  12:05p   WNW
23  34.9  42.7  12:59p  24.6   7:20a  29.1   0.0  0.01   0.8  10.0   5:31p    SE
24  37.6  46.6   2:16p  30.9  10:03p  27.1   0.0  1.03   3.2  25.0  12:26p   WNW
25  41.7  54.8   2:45p  32.4  12:38a  23.2   0.0  0.00   0.5  11.0  12:05p    SW
26  41.9  59.1   2:18p  28.9   7:16a  23.0   0.0  0.00   0.0   4.0  12:47p   SSE
27  48.1  56.8   2:20p  37.1   1:14a  16.9   0.0  0.00   2.6  41.0  11:17p   SSE
28  43.7  47.0  12:01a  38.3  11:55p  21.3   0.0  0.00   9.7  36.0   2:20a    NW
29  36.9  41.0   2:48p  33.2   7:21a  28.0   0.0  0.00   3.4  15.0  12:06a   NNW
30  34.3  40.9  12:07p  29.3  10:05p  30.6   0.0  0.00   0.8   8.0  12:26p     N
-------------------------------------------------------------------------------------
    39.4  64.4    11    18.8    13   761.7   0.0  1.56   2.2  41.0    27     WNW

Max >=  90.0:  0
Max <=  32.0:  0
Min <=  32.0: 21
Min <=   0.0:  0
Max Rain: 1.03 ON 11/24/19
Days of Rain: 3 (>.01 in) 3 (>.1 in) 1 (>1 in)
Heat Base:  65.0  Cool Base:  65.0  Method: Integration