NOAA-Style Climate Reports

WeatherLink Software Version 6.0.3
Discontinued 1/31/2017
Select a Year or Month report
2020: Jan Feb Mar Apr May Jun Jul Aug Sep Oct Nov Dec
2019: Jan Feb Mar Apr May Jun Jul Aug Sep Oct Nov Dec
2018: Jan Feb Mar Apr May Jun Jul Aug Sep Oct Nov Dec
2017: Jan Feb Mar Apr May Jun Jul Aug Sep Oct Nov Dec
2016: Jan Feb Mar Apr May Jun Jul Aug Sep Oct Nov Dec
2015: Jan Feb Mar Apr May Jun Jul Aug Sep Oct Nov Dec
2014: Jan Feb Mar Apr May Jun Jul Aug Sep Oct Nov Dec
2013: Jan Feb Mar Apr May Jun Jul Aug Sep Oct Nov Dec
2012: Jan Feb Mar Apr May Jun Jul Aug Sep Oct Nov Dec
2011: Jan Feb Mar Apr May Jun Jul Aug Sep Oct Nov Dec
2010: Jan Feb Mar Apr May Jun Jul Aug Sep Oct Nov Dec

Report for 2019 December
                   MONTHLY CLIMATOLOGICAL SUMMARY for DEC. 2019

NAME: cvweather_new   CITY: Mechanicsburg   STATE: PA 
ELEV:   439 ft  LAT:  40° 13' 22" N  LONG:  77° 00' 51" W

                   TEMPERATURE (°F), RAIN  (in), WIND SPEED (mph)

                                      HEAT  COOL        AVG
    MEAN                              DEG   DEG         WIND                 DOM
DAY TEMP  HIGH   TIME   LOW    TIME   DAYS  DAYS  RAIN  SPEED HIGH   TIME    DIR
------------------------------------------------------------------------------------
 1  33.5  35.4   5:54a  30.8  12:01a  31.3   0.0  0.45   1.7  14.0   3:22p   ESE
 2  35.7  38.4   3:15p  33.8   2:17a  29.2   0.0  0.08   2.7  23.0  11:22p    NW
 3  36.5  41.4   2:08p  33.7   6:52p  28.2   0.0  0.00   7.1  25.0   5:00a    NW
 4  35.3  40.3   1:42p  32.2   5:24a  29.3   0.0  0.20   0.4  13.0   7:31p    SW
 5  37.4  40.7  11:52a  27.2  12:00m  26.8   0.0  0.00   5.6  24.0   1:26p   WNW
 6  37.4  47.8   6:54p  26.8  12:21a  27.4   0.0  0.00   1.4  23.0   8:08p    NW
 7  31.0  40.2   2:38p  20.4  11:58p  32.8   0.0  0.00   1.8  14.0  12:53p    NW
 8  30.6  41.6   1:46p  18.6   1:53a  33.0   0.0  0.00   1.3  16.0  11:49a   SSE
 9  38.5  45.7   6:27p  30.4   5:11a  26.0   0.0  0.33   0.4  14.0   6:13p   SSE
10  44.6  50.8   2:16p  36.0  11:55p  20.3   0.0  0.11   1.8  22.0   5:50p   WNW
11  33.1  36.0  12:01a  28.7  11:48p  30.0   0.0  0.01   4.6  20.0  10:42p    NW
12  28.0  36.0   2:04p  17.7   6:56a  36.8   0.0  0.00   1.8  16.0  12:01a    SE
13  31.9  34.8  11:43p  28.5  12:01a  32.7   0.0  0.22   0.6   9.0   5:28a   ESE
14  39.2  42.1   6:00p  34.8  12:01a  25.6   0.0  0.51   1.6  21.0   6:28p   WSW
15  39.2  46.1  10:00a  30.0   9:09p  25.6   0.0  0.00   4.4  29.0  11:00a    SW
16  32.3  33.5   2:01p  31.3   7:46a  32.7   0.0  0.42   0.5   9.0   2:38p   ESE
17  33.8  37.1   6:56p  31.9  12:01a  30.9   0.0  0.32   2.7  22.0   8:37p    NW
18  28.9  34.3  12:01a  20.3  11:52p  35.7   0.0  0.00   6.2  32.0   6:58p    NW
19  20.7  27.6   3:37p  14.3  11:53p  43.5   0.0  0.00   4.4  32.0  12:36a    NW
20  22.7  33.6   3:04p  12.3   4:41a  42.0   0.0  0.00   1.1  13.0  12:35p     N
21  23.8  33.0   3:06p  16.1   7:35a  40.8   0.0  0.00   0.3   8.0  12:26p   SSE
22  27.4  45.5   3:04p  14.7   7:13a  37.1   0.0  0.00   0.2  10.0  10:22a    SW
23  30.5  46.9   2:30p  20.0   7:19a  34.3   0.0  0.00   0.0   4.0   2:33p    SW
24  34.0  47.4   1:41p  23.3  11:48p  30.8   0.0  0.00   1.0  13.0   8:27a     N
25  29.8  44.5   1:58p  19.3   4:30a  34.6   0.0  0.00   0.1   7.0   9:59a   SSE
26  34.6  47.6   2:51p  21.8   5:50a  30.1   0.0  0.00   0.2   9.0   4:24p   ESE
27  40.9  50.4   2:29p  33.7  12:54a  24.0   0.0  0.01   0.2   9.0   9:58a   SSE
28  39.1  55.1   2:40p  28.7   7:23a  25.8   0.0  0.00   0.1   5.0   1:47p     N
29  38.7  43.0  11:10a  29.2   1:05a  26.0   0.0  0.28   0.7  12.0   6:32p     E
30  40.7  42.9   1:35p  38.5   1:13a  24.2   0.0  0.30   2.1  15.0   8:20p     E
31  40.7  48.2   2:44p  37.5   6:23a  24.2   0.0  0.01   1.9  22.0   2:22p    SW
-------------------------------------------------------------------------------------
    33.9  55.1    28    12.3    20   951.7   0.0  3.25   1.9  32.0    18      NW

Max >=  90.0:  0
Max <=  32.0:  1
Min <=  32.0: 23
Min <=   0.0:  0
Max Rain: 0.51 ON 12/14/19
Days of Rain: 11 (>.01 in) 10 (>.1 in) 0 (>1 in)
Heat Base:  65.0  Cool Base:  65.0  Method: Integration