NOAA-Style Climate Reports

WeatherLink Software Version 6.0.3
Discontinued 1/31/2017
Select a Year or Month report
2021: Jan Feb Mar Apr May Jun Jul Aug Sep Oct Nov Dec
2020: Jan Feb Mar Apr May Jun Jul Aug Sep Oct Nov Dec
2019: Jan Feb Mar Apr May Jun Jul Aug Sep Oct Nov Dec
2018: Jan Feb Mar Apr May Jun Jul Aug Sep Oct Nov Dec
2017: Jan Feb Mar Apr May Jun Jul Aug Sep Oct Nov Dec
2016: Jan Feb Mar Apr May Jun Jul Aug Sep Oct Nov Dec
2015: Jan Feb Mar Apr May Jun Jul Aug Sep Oct Nov Dec
2014: Jan Feb Mar Apr May Jun Jul Aug Sep Oct Nov Dec
2013: Jan Feb Mar Apr May Jun Jul Aug Sep Oct Nov Dec
2012: Jan Feb Mar Apr May Jun Jul Aug Sep Oct Nov Dec
2011: Jan Feb Mar Apr May Jun Jul Aug Sep Oct Nov Dec
2010: Jan Feb Mar Apr May Jun Jul Aug Sep Oct Nov Dec

Report for 2020
                            ANNUAL CLIMATOLOGICAL SUMMARY

NAME: cvweather_new  CITY: Mechanicsburg   STATE: PA  
ELEV:   439 ft  LAT:  40° 13' 22" N  LONG:  77° 00' 51" W

               TEMPERATURE (°F), HEAT BASE 65.0, COOL BASE 65.0
                          DEP.  HEAT  COOL                                          
        MEAN  MEAN        FROM  DEG   DEG                        MAX  MAX  MIN  MIN 
 YR MO  MAX   MIN   MEAN  NORM  DAYS  DAYS  HI  DATE  LOW  DATE  >=90 <=32 <=32 <=0 
------------------------------------------------------------------------------------
 20  1  43.0  26.1  35.1   0.0   912     1  67.6  11  12.2    9    0    3   24    0
 20  2  45.5  28.5  37.0   0.0   801     0  64.2   3   7.8   15    0    0   19    0
 20  3  55.9  35.9  45.5   0.0   604     3  77.0  20  20.2    1    0    0   11    0
 20  4  58.9  37.8  48.5   0.0   498     4  73.1   8  25.0   17    0    0    7    0
 20  5  69.0  49.3  59.1   0.0   246    62  87.2  29  27.4   10    0    0    2    0
 20  6  83.1  61.8  72.2   0.0    29   227  90.4   9  45.0    1    1    0    0    0
 20  7  90.6  69.2  79.5   0.0     1   413  98.9  19  62.0   15   17    0    0    0
 20  8  85.1  67.5  75.4   0.0     5   288  94.6  27  54.3   20    7    0    0    0
 20  9  76.2  55.9  65.9   0.0   104   132  87.0  10  34.8   21    0    0    0    0
 20 10  65.6  46.8  55.8   0.0   314    28  80.3   7  31.2   31    0    0    1    0
 20 11  59.7  38.6  49.1   0.0   491    13  77.8   8  23.3   19    0    0    4    0
 20 12  42.6  28.4  35.3   0.0   915     0  60.6  24  11.2   19    0    4   21    0
------------------------------------------------------------------------------------
        64.5  45.4  54.8   0.0  4920  1170  98.9 JUL   7.8  FEB   25    7   89    0

                                PRECIPITATION (in)

               DEP.   MAX        DAYS OF RAIN 
               FROM   OBS.          OVER
 YR MO  TOTAL  NORM   DAY  DATE .01   .1   1
---------------------------------------------
 20  1  2.77   0.00  1.42   25   10    4    1
 20  2  2.97   0.00  1.15    7   11    6    1
 20  3  4.23   0.00  1.44   28   14    8    2
 20  4  4.96   0.00  1.80   30   12    9    1
 20  5  1.72   0.00  0.48    6   11    5    0
 20  6  3.69   0.00  1.08    4    9    7    1
 20  7  2.18   0.00  1.07    6    9    3    1
 20  8  3.78   0.00  1.53    4    9    7    1
 20  9  1.91   0.00  1.02    3    7    4    1
 20 10  3.54   0.00  1.25   29   10    6    1
 20 11  2.31   0.00  0.91   30    8    4    0
 20 12  3.53   0.00  1.72   24   11    5    1
---------------------------------------------
       37.59  0.00  1.80  APR  121   68   11

                                WIND SPEED (mph)
                          DOM
 YR MO   AVG.  HI   DATE  DIR
---------------------------------
 20  1   2.6  38.0   16    NW
 20  2   2.1  32.0   27    NW
 20  3   2.2  34.0    3    NW
 20  4   2.7  51.0    9    NW
 20  5   2.3  43.0    9   ESE
 20  6   1.8  24.0    3   SSE
 20  7   1.6  36.0   18   WNW
 20  8   1.2  31.0   27   SSE
 20  9   1.3  35.0   18   SSE
 20 10   1.3 103.0   26   SSE
 20 11   1.7  35.0   15   WNW
 20 12   1.7  30.0   14    NW
---------------------------------
         1.9 103.0  OCT   NW