NOAA-Style Climate Reports

WeatherLink Software Version 6.0.3
Discontinued 1/31/2017
Select a Year or Month report
2021: Jan Feb Mar Apr May Jun Jul Aug Sep Oct Nov Dec
2020: Jan Feb Mar Apr May Jun Jul Aug Sep Oct Nov Dec
2019: Jan Feb Mar Apr May Jun Jul Aug Sep Oct Nov Dec
2018: Jan Feb Mar Apr May Jun Jul Aug Sep Oct Nov Dec
2017: Jan Feb Mar Apr May Jun Jul Aug Sep Oct Nov Dec
2016: Jan Feb Mar Apr May Jun Jul Aug Sep Oct Nov Dec
2015: Jan Feb Mar Apr May Jun Jul Aug Sep Oct Nov Dec
2014: Jan Feb Mar Apr May Jun Jul Aug Sep Oct Nov Dec
2013: Jan Feb Mar Apr May Jun Jul Aug Sep Oct Nov Dec
2012: Jan Feb Mar Apr May Jun Jul Aug Sep Oct Nov Dec
2011: Jan Feb Mar Apr May Jun Jul Aug Sep Oct Nov Dec
2010: Jan Feb Mar Apr May Jun Jul Aug Sep Oct Nov Dec

Report for 2020 January
                   MONTHLY CLIMATOLOGICAL SUMMARY for JAN. 2020

NAME: cvweather_new   CITY: Mechanicsburg   STATE: PA 
ELEV:   439 ft  LAT:  40° 13' 22" N  LONG:  77° 00' 51" W

                   TEMPERATURE (°F), RAIN  (in), WIND SPEED (mph)

                                      HEAT  COOL        AVG
    MEAN                              DEG   DEG         WIND                 DOM
DAY TEMP  HIGH   TIME   LOW    TIME   DAYS  DAYS  RAIN  SPEED HIGH   TIME    DIR
------------------------------------------------------------------------------------
 1  35.0  42.2   3:16p  22.5  11:55p  29.7   0.0  0.00   3.4  18.0  11:26a    NW
 2  32.8  45.8   3:35p  18.3   7:21a  31.7   0.0  0.00   0.0   4.0   3:40p   WSW
 3  42.1  44.4   3:46p  39.5   5:59a  22.7   0.0  0.24   0.0   3.0   7:19a    NE
 4  45.3  49.2   2:05p  39.8  11:56p  19.6   0.0  0.10   2.8  23.0  11:22p    NW
 5  35.4  39.8  12:01a  31.2   6:41p  29.4   0.0  0.00   6.6  33.0  11:27a    NW
 6  38.3  48.6  12:59p  28.9  11:59p  26.6   0.0  0.00   2.2  24.0  12:01p    SW
 7  30.4  37.1   1:12p  25.1  12:00m  34.3   0.0  0.00   0.1   6.0   1:07p   NNW
 8  26.7  35.8  12:56p  17.4   6:07a  37.9   0.0  0.10   4.9  33.0   1:14p    NW
 9  24.0  30.9   2:42p  12.2   7:40a  40.4   0.0  0.01   1.5  18.0  12:07a   WNW
10  37.2  50.4   3:37p  21.9   2:42a  27.5   0.0  0.06   0.4   9.0   5:09p   SSE
11  57.5  67.6  11:52p  39.7  12:01a   8.0   0.5  0.00   2.1  31.0  12:00m   SSE
12  53.8  67.6  12:01a  34.7  11:48p  11.2   0.0  0.47   4.5  26.0   6:20a    NW
13  36.3  46.1   3:24p  29.8   5:15a  28.4   0.0  0.00   0.0   5.0  10:23a   ESE
14  38.0  42.9  12:52p  31.2   2:21a  26.6   0.0  0.04   0.2   8.0   1:20p   ESE
15  43.3  51.3   3:21p  37.2   8:33a  21.5   0.0  0.00   0.4   9.0   4:45a    NW
16  41.7  52.6   5:56a  31.5  12:00m  22.3   0.0  0.01   9.3  38.0   7:59a    NW
17  26.4  31.5  12:01a  17.7  10:30p  38.3   0.0  0.00   5.3  30.0   2:52a    NW
18  26.4  33.0  11:00p  19.6  12:01a  37.2   0.0  0.00   2.8  18.0   3:24p   SSE
19  30.4  37.7   7:43a  23.0   9:37p  33.7   0.0  0.04   4.9  25.0   3:08p    NW
20  24.0  29.9   3:32p  20.4   7:00a  40.4   0.0  0.00   5.5  22.0   2:47a    NW
21  24.0  32.1   2:42p  14.6   5:55a  39.0   0.0  0.01   3.6  15.0   1:21a    NW
22  23.3  35.0   2:52p  13.1   7:00a  40.2   0.0  0.01   0.3   6.0  11:03a   WNW
23  25.8  38.0   3:43p  13.0   5:55a  37.6   0.0  0.09   0.0   5.0  12:55p   ESE
24  39.0  48.8   3:13p  26.0  12:10a  25.2   0.0  0.17   2.1  22.0  11:21p   ESE
25  38.8  44.6   4:28p  30.0  11:44p  25.8   0.0  1.42   2.1  25.0   1:25a     E
26  36.9  43.9  12:57p  29.7  12:34a  28.0   0.0  0.00   2.0  18.0  11:33a    SW
27  38.9  44.9   1:26p  32.4  12:14a  25.9   0.0  0.00   3.7  19.0   1:23p    NW
28  38.7  41.2   2:39p  36.2   5:47a  26.0   0.0  0.00   5.2  23.0  11:28p    NW
29  34.7  41.3   3:21p  25.1  11:59p  30.2   0.0  0.00   3.4  15.0   2:55a    NW
30  27.5  36.4   2:48p  17.1   6:25a  36.9   0.0  0.00   0.5   9.0   3:25p   ESE
31  35.4  42.1   3:16p  30.1  12:01a  29.5   0.0  0.00   0.4   9.0   5:44p   SSE
-------------------------------------------------------------------------------------
    35.1  67.6    11    12.2     9   911.7   0.5  2.77   2.6  38.0    16      NW

Max >=  90.0:  0
Max <=  32.0:  3
Min <=  32.0: 24
Min <=   0.0:  0
Max Rain: 1.42 ON 01/25/20
Days of Rain: 10 (>.01 in) 4 (>.1 in) 1 (>1 in)
Heat Base:  65.0  Cool Base:  65.0  Method: Integration