NOAA-Style Climate Reports

WeatherLink Software Version 6.0.3
Discontinued 1/31/2017
Select a Year or Month report
2020: Jan Feb Mar Apr May Jun Jul Aug Sep Oct Nov Dec
2019: Jan Feb Mar Apr May Jun Jul Aug Sep Oct Nov Dec
2018: Jan Feb Mar Apr May Jun Jul Aug Sep Oct Nov Dec
2017: Jan Feb Mar Apr May Jun Jul Aug Sep Oct Nov Dec
2016: Jan Feb Mar Apr May Jun Jul Aug Sep Oct Nov Dec
2015: Jan Feb Mar Apr May Jun Jul Aug Sep Oct Nov Dec
2014: Jan Feb Mar Apr May Jun Jul Aug Sep Oct Nov Dec
2013: Jan Feb Mar Apr May Jun Jul Aug Sep Oct Nov Dec
2012: Jan Feb Mar Apr May Jun Jul Aug Sep Oct Nov Dec
2011: Jan Feb Mar Apr May Jun Jul Aug Sep Oct Nov Dec
2010: Jan Feb Mar Apr May Jun Jul Aug Sep Oct Nov Dec

Report for 2020 February
                   MONTHLY CLIMATOLOGICAL SUMMARY for FEB. 2020

NAME: cvweather_new   CITY: Mechanicsburg   STATE: PA 
ELEV:   439 ft  LAT:  40° 13' 22" N  LONG:  77° 00' 51" W

                   TEMPERATURE (°F), RAIN  (in), WIND SPEED (mph)

                                      HEAT  COOL        AVG
    MEAN                              DEG   DEG         WIND                 DOM
DAY TEMP  HIGH   TIME   LOW    TIME   DAYS  DAYS  RAIN  SPEED HIGH   TIME    DIR
------------------------------------------------------------------------------------
 1  36.3  42.5   2:23p  29.7   1:52a  28.3   0.0  0.01   0.0   6.0   2:31p   WNW
 2  38.4  44.8   4:20p  32.4   2:21a  26.5   0.0  0.01   1.0  16.0   9:51a   SSE
 3  48.4  64.2   4:14p  29.2   3:19a  16.5   0.0  0.00   1.7  16.0   4:54a    NW
 4  48.9  60.5   3:22p  39.5  12:31a  16.1   0.0  0.03   0.0   7.0  12:00m   NNW
 5  37.8  49.8  12:01a  34.1  10:06p  27.0   0.0  0.01   3.1  17.0  12:14a     N
 6  36.3  40.0  11:52p  33.2   2:57a  28.4   0.0  0.17   0.7  17.0   7:09p   ESE
 7  37.5  42.2   8:12a  31.5   9:08p  26.9   0.0  1.15   5.5  30.0   1:17p    NW
 8  33.5  39.6   1:40p  28.9   4:10a  29.9   0.0  0.00   2.1  21.0  12:03a    SW
 9  35.6  43.0   2:31p  26.1   4:00a  29.2   0.0  0.00   0.5  12.0  10:34p    SE
10  41.5  44.0  12:32p  38.5   5:24a  23.3   0.0  0.08   0.3  11.0   1:15a   SSE
11  43.3  48.4   3:19p  37.1  10:47p  21.7   0.0  0.04   1.0  16.0   6:38p    NW
12  38.6  44.2   2:25p  30.9   7:38a  26.1   0.0  0.13   1.0  13.0   1:35a   SSE
13  40.5  44.6   2:25p  37.2  12:04a  24.3   0.0  0.16   2.6  22.0   4:32p    NW
14  28.1  38.2  12:03a  16.7  11:59p  35.6   0.0  0.00   6.2  23.0   3:05a    NW
15  21.8  32.8   4:06p   7.8   7:05a  42.4   0.0  0.00   1.4  13.0   1:55p   SSE
16  32.6  40.2   1:50p  24.9  12:01a  32.1   0.0  0.00   0.5  11.0  12:43a   SSE
17  37.5  49.8   2:13p  25.3   7:23a  27.1   0.0  0.00   0.2   8.0  11:00a     N
18  42.7  48.3   1:16p  36.8  12:05a  22.2   0.0  0.10   0.4  11.0  10:12a   ESE
19  39.2  46.6   3:54p  26.6  11:56p  25.8   0.0  0.00   5.5  25.0  11:39a   WNW
20  29.9  34.7   3:34p  25.6   2:09a  34.6   0.0  0.00   3.1  16.0  11:42p    NW
21  25.6  36.5   4:05p  16.7   7:08a  39.0   0.0  0.00   2.2  15.0   9:43a   NNW
22  32.8  52.4   3:58p  16.0   7:00a  31.9   0.0  0.00   1.3  17.0  11:17a    SW
23  37.3  57.1   3:58p  16.5   6:57a  27.4   0.0  0.00   0.4  13.0  12:12p   SSE
24  41.5  59.3   2:18p  23.1   6:54a  23.4   0.0  0.00   0.1   7.0   4:19p     N
25  45.5  48.8   2:50p  40.8  12:01a  19.5   0.0  0.02   0.2   6.0   5:38a   ESE
26  46.9  50.5   2:02p  42.9  11:58p  18.0   0.0  0.81   1.5  19.0  11:44p   ESE
27  33.9  42.9  12:01a  29.6  11:07p  30.8   0.0  0.25   7.7  32.0   7:29a   WSW
28  32.8  41.4   3:22p  26.5   2:35a  31.8   0.0  0.00   4.5  25.0  12:05a   WSW
29  28.5  32.8   2:21p  23.7   3:18a  35.4   0.0  0.00   5.7  26.0   1:21p    NW
-------------------------------------------------------------------------------------
    37.0  64.2     3     7.8    15   801.2   0.0  2.97   2.1  32.0    27      NW

Max >=  90.0:  0
Max <=  32.0:  0
Min <=  32.0: 19
Min <=   0.0:  0
Max Rain: 1.15 ON 02/07/20
Days of Rain: 11 (>.01 in) 6 (>.1 in) 1 (>1 in)
Heat Base:  65.0  Cool Base:  65.0  Method: Integration