NOAA-Style Climate Reports

WeatherLink Software Version 6.0.3
Discontinued 1/31/2017
Select a Year or Month report
2020: Jan Feb Mar Apr May Jun Jul Aug Sep Oct Nov Dec
2019: Jan Feb Mar Apr May Jun Jul Aug Sep Oct Nov Dec
2018: Jan Feb Mar Apr May Jun Jul Aug Sep Oct Nov Dec
2017: Jan Feb Mar Apr May Jun Jul Aug Sep Oct Nov Dec
2016: Jan Feb Mar Apr May Jun Jul Aug Sep Oct Nov Dec
2015: Jan Feb Mar Apr May Jun Jul Aug Sep Oct Nov Dec
2014: Jan Feb Mar Apr May Jun Jul Aug Sep Oct Nov Dec
2013: Jan Feb Mar Apr May Jun Jul Aug Sep Oct Nov Dec
2012: Jan Feb Mar Apr May Jun Jul Aug Sep Oct Nov Dec
2011: Jan Feb Mar Apr May Jun Jul Aug Sep Oct Nov Dec
2010: Jan Feb Mar Apr May Jun Jul Aug Sep Oct Nov Dec

Report for 2020 March
                   MONTHLY CLIMATOLOGICAL SUMMARY for MAR. 2020

NAME: cvweather_new   CITY: Mechanicsburg   STATE: PA 
ELEV:   439 ft  LAT:  40° 13' 22" N  LONG:  77° 00' 51" W

                   TEMPERATURE (°F), RAIN  (in), WIND SPEED (mph)

                                      HEAT  COOL        AVG
    MEAN                              DEG   DEG         WIND                 DOM
DAY TEMP  HIGH   TIME   LOW    TIME   DAYS  DAYS  RAIN  SPEED HIGH   TIME    DIR
------------------------------------------------------------------------------------
 1  33.1  46.8   4:06p  20.2   7:02a  31.8   0.0  0.00   2.0  17.0  12:39a    SW
 2  45.9  64.1   1:13p  26.6   1:37a  19.0   0.0  0.05   1.1  24.0   1:25p   SSE
 3  45.9  50.7   4:00p  39.2   6:57a  18.9   0.0  0.35   0.9  34.0   7:50p    NW
 4  49.1  58.4   2:51p  42.5   6:47a  15.9   0.0  0.00   4.7  24.0  11:41a   WSW
 5  41.6  52.8   3:41p  30.5   6:59a  23.3   0.0  0.00   1.5  19.0  12:05a    NW
 6  37.0  44.6   3:57p  27.7   4:07a  28.0   0.0  0.08   1.6  18.0  11:56p   NNW
 7  37.8  48.2   3:10p  26.6  11:25p  27.1   0.0  0.00   5.7  27.0  10:20a    NW
 8  41.6  61.2   4:10p  24.3   5:48a  22.4   0.0  0.00   0.8  14.0  12:31p    SW
 9  51.2  73.5   4:16p  28.0   7:37a  15.1   1.4  0.00   0.6  17.0   4:17p   SSE
10  55.2  66.7   4:49p  43.7   4:33a   9.8   0.0  0.01   2.4  24.0   9:43p   SSE
11  43.1  50.1  12:01a  31.6   7:42a  21.9   0.0  0.00   0.8  19.0   1:01a   WNW
12  47.8  62.1   3:52p  33.2   2:19a  17.1   0.0  0.00   2.0  17.0   6:13p   ESE
13  54.7  68.4   2:28p  47.3   6:21a  10.6   0.3  0.28   3.8  30.0   2:50p    NW
14  45.5  52.5   2:22p  37.4   6:58a  19.3   0.0  0.01   3.7  20.0  12:13a    NW
15  42.6  52.9   4:07p  36.9   8:51p  22.3   0.0  0.11   1.7  15.0   4:40p     N
16  40.7  52.3   3:21p  23.8   7:11a  24.2   0.0  0.00   3.4  22.0  10:08p    SE
17  46.0  55.9   3:32p  39.9   7:25a  19.0   0.0  0.04   2.8  18.0   6:13p    NW
18  45.0  55.9   2:40p  28.8   7:44a  19.8   0.0  0.14   1.6  16.0   5:36p   SSE
19  46.4  51.2   4:59p  42.8   9:32a  18.6   0.0  1.03   0.6   9.0   7:13p     E
20  58.1  77.0   5:10p  48.3   2:57a   8.4   1.5  0.02   1.8  26.0   5:13p    NW
21  43.8  61.6  12:01a  34.1  10:17p  21.1   0.0  0.00   6.4  26.0   1:36a     N
22  38.7  48.7   5:06p  25.8   7:28a  26.1   0.0  0.00   3.7  21.0   5:52p   ESE
23  37.6  40.7   4:41p  34.7   7:59a  27.0   0.0  0.35   2.2  18.0  12:24a   ESE
24  45.7  53.7   3:38p  38.8   3:09a  19.2   0.0  0.00   1.1  13.0   7:09a    NW
25  41.8  46.1  12:12a  37.6  11:15a  23.1   0.0  0.24   1.9  16.0   4:40a   NNE
26  47.9  58.8   5:22p  39.0   4:03a  16.9   0.0  0.00   0.5  13.0   2:33p   SSE
27  53.5  64.0   3:43p  46.0   7:07a  11.5   0.0  0.02   1.0  15.0  11:59a     N
28  46.7  51.3   2:13a  43.3  11:40a  18.3   0.0  1.44   0.9  15.0   5:17p   ESE
29  47.6  51.1   7:25p  44.7   3:37a  17.3   0.0  0.05   0.6  22.0  11:41a   ESE
30  52.9  61.4  11:26a  47.3   7:16a  12.1   0.0  0.01   3.4  23.0   4:43p    NW
31  46.2  50.8  12:10p  43.1   7:07p  18.7   0.0  0.00   1.6  15.0   5:45p   ESE
-------------------------------------------------------------------------------------
    45.5  77.0    20    20.2     1   603.8   3.2  4.23   2.2  34.0     3      NW

Max >=  90.0:  0
Max <=  32.0:  0
Min <=  32.0: 11
Min <=   0.0:  0
Max Rain: 1.44 ON 03/28/20
Days of Rain: 14 (>.01 in) 8 (>.1 in) 2 (>1 in)
Heat Base:  65.0  Cool Base:  65.0  Method: Integration