NOAA-Style Climate Reports

WeatherLink Software Version 6.0.3
Discontinued 1/31/2017
Select a Year or Month report
2020: Jan Feb Mar Apr May Jun Jul Aug Sep Oct Nov Dec
2019: Jan Feb Mar Apr May Jun Jul Aug Sep Oct Nov Dec
2018: Jan Feb Mar Apr May Jun Jul Aug Sep Oct Nov Dec
2017: Jan Feb Mar Apr May Jun Jul Aug Sep Oct Nov Dec
2016: Jan Feb Mar Apr May Jun Jul Aug Sep Oct Nov Dec
2015: Jan Feb Mar Apr May Jun Jul Aug Sep Oct Nov Dec
2014: Jan Feb Mar Apr May Jun Jul Aug Sep Oct Nov Dec
2013: Jan Feb Mar Apr May Jun Jul Aug Sep Oct Nov Dec
2012: Jan Feb Mar Apr May Jun Jul Aug Sep Oct Nov Dec
2011: Jan Feb Mar Apr May Jun Jul Aug Sep Oct Nov Dec
2010: Jan Feb Mar Apr May Jun Jul Aug Sep Oct Nov Dec

Report for 2020 April
                   MONTHLY CLIMATOLOGICAL SUMMARY for APR. 2020

NAME: cvweather_new   CITY: Mechanicsburg   STATE: PA 
ELEV:   439 ft  LAT:  40° 13' 22" N  LONG:  77° 00' 51" W

                   TEMPERATURE (°F), RAIN  (in), WIND SPEED (mph)

                                      HEAT  COOL        AVG
    MEAN                              DEG   DEG         WIND                 DOM
DAY TEMP  HIGH   TIME   LOW    TIME   DAYS  DAYS  RAIN  SPEED HIGH   TIME    DIR
------------------------------------------------------------------------------------
 1  46.4  55.2   4:01p  40.5   6:03a  18.5   0.0  0.01   2.1  19.0  10:13p     N
 2  48.8  60.5   3:32p  32.9   3:12a  16.1   0.0  0.00   7.2  30.0   6:17p    NW
 3  50.4  59.5   2:46p  44.4   7:10a  14.6   0.0  0.00   7.7  28.0  12:22p    NW
 4  51.1  58.7   1:53p  43.9  11:05p  13.8   0.0  0.00   0.7  13.0   2:52a   NNW
 5  53.9  67.9   3:58p  41.3   7:14a  11.3   0.2  0.00   0.2  10.0  12:14p   SSE
 6  54.1  66.8   4:02p  40.3   7:07a  11.0   0.1  0.00   1.2  18.0  11:44a     N
 7  55.4  69.6   3:51p  40.1  12:43a  10.0   0.4  0.00   0.3  13.0   5:14p    SW
 8  61.2  73.1   4:00p  48.7  12:00m   5.6   1.8  0.51   3.3  23.0  10:26a   WNW
 9  49.5  58.9  12:15p  37.1  10:52p  15.5   0.0  0.22   5.6  51.0  10:38p   WNW
10  41.0  45.4   2:04p  36.0   5:08a  24.0   0.0  0.00   9.5  38.0   4:52p   WNW
11  43.6  56.1   4:03p  30.5   6:37a  21.3   0.0  0.00   2.7  24.0   4:17a   WNW
12  49.4  64.8   5:06p  30.6   5:31a  15.6   0.0  0.08   0.6  22.0   6:46p   SSE
13  60.3  71.8   3:24p  47.8  12:00m   5.5   0.7  0.70   0.4  34.0   3:38p   WSW
14  45.7  52.0   1:55p  37.4  11:20p  19.2   0.0  0.04   1.5  16.0  10:10p    NW
15  42.0  52.0   4:00p  30.7   6:56a  23.0   0.0  0.00   1.3  19.0  12:48p   WNW
16  39.9  47.9   2:58p  29.0  12:00m  25.0   0.0  0.00   3.8  32.0  12:56p    NW
17  37.4  46.9   2:47p  25.0   5:34a  27.5   0.0  0.13   0.3  10.0  12:52p   SSE
18  42.3  50.7   5:06p  31.9  11:48p  22.6   0.0  0.16   3.6  26.0   3:43p    NW
19  45.8  60.7   1:40p  27.2   6:12a  19.1   0.0  0.00   0.4  12.0  10:49a    NW
20  50.0  61.3   5:33p  39.2  11:57p  15.0   0.0  0.00   0.7  12.0   7:58a     N
21  44.1  58.6   3:12p  34.0   4:22a  20.8   0.0  0.08   3.5  33.0   4:32p    NW
22  42.7  53.8   4:57p  33.8   6:21a  22.2   0.0  0.00   6.7  27.0   1:57a    NW
23  46.0  56.1   3:37p  38.3   4:57a  19.0   0.0  0.25   0.7  11.0  10:24a   ESE
24  47.8  53.4   6:37p  42.8   6:24a  17.2   0.0  0.32   0.5  13.0   2:21p     N
25  53.6  63.7   4:31p  39.3   3:03a  11.4   0.0  0.00   1.1  15.0  10:42p    SE
26  45.3  52.4  12:01a  41.5  11:07p  19.6   0.0  0.66   1.7  14.0   1:39a   ESE
27  45.0  53.8   1:40p  37.5  11:50p  19.9   0.0  0.00   4.0  24.0   2:29p   NNW
28  47.6  61.0  12:11p  34.2   2:13a  17.4   0.0  0.00   0.4  12.0  12:32p   SSE
29  57.0  71.3   4:00p  45.1   5:42a   9.0   1.0  0.00   4.5  25.0   4:03p   ESE
30  57.5  61.8   7:08a  54.0  10:47p   7.5   0.0  1.80   4.0  32.0  11:32a    SE
-------------------------------------------------------------------------------------
    48.5  73.1     8    25.0    17   498.2   4.2  4.96   2.7  51.0     9      NW

Max >=  90.0:  0
Max <=  32.0:  0
Min <=  32.0:  7
Min <=   0.0:  0
Max Rain: 1.80 ON 04/30/20
Days of Rain: 12 (>.01 in) 9 (>.1 in) 1 (>1 in)
Heat Base:  65.0  Cool Base:  65.0  Method: Integration