NOAA-Style Climate Reports

WeatherLink Software Version 6.0.3
Discontinued 1/31/2017
Select a Year or Month report
2020: Jan Feb Mar Apr May Jun Jul Aug Sep Oct Nov Dec
2019: Jan Feb Mar Apr May Jun Jul Aug Sep Oct Nov Dec
2018: Jan Feb Mar Apr May Jun Jul Aug Sep Oct Nov Dec
2017: Jan Feb Mar Apr May Jun Jul Aug Sep Oct Nov Dec
2016: Jan Feb Mar Apr May Jun Jul Aug Sep Oct Nov Dec
2015: Jan Feb Mar Apr May Jun Jul Aug Sep Oct Nov Dec
2014: Jan Feb Mar Apr May Jun Jul Aug Sep Oct Nov Dec
2013: Jan Feb Mar Apr May Jun Jul Aug Sep Oct Nov Dec
2012: Jan Feb Mar Apr May Jun Jul Aug Sep Oct Nov Dec
2011: Jan Feb Mar Apr May Jun Jul Aug Sep Oct Nov Dec
2010: Jan Feb Mar Apr May Jun Jul Aug Sep Oct Nov Dec

Report for 2020 May
                   MONTHLY CLIMATOLOGICAL SUMMARY for MAY. 2020

NAME: cvweather_new   CITY: Mechanicsburg   STATE: PA 
ELEV:   439 ft  LAT:  40° 13' 22" N  LONG:  77° 00' 51" W

                   TEMPERATURE (°F), RAIN  (in), WIND SPEED (mph)

                                      HEAT  COOL        AVG
    MEAN                              DEG   DEG         WIND                 DOM
DAY TEMP  HIGH   TIME   LOW    TIME   DAYS  DAYS  RAIN  SPEED HIGH   TIME    DIR
------------------------------------------------------------------------------------
 1  56.4  65.4   3:20p  48.5   6:23a   8.6   0.0  0.03   3.3  23.0   6:47p   WNW
 2  59.7  73.0   3:38p  44.3   6:39a   6.7   1.4  0.00   1.9  21.0  12:12a    NW
 3  64.9  77.8   4:31p  51.9   6:19a   4.2   4.0  0.09   1.1  16.0   2:55p    SW
 4  60.9  67.9  11:02a  49.8  10:58p   4.4   0.3  0.00   5.4  35.0   3:33p    NW
 5  49.0  55.5   3:17p  40.8   5:56a  16.0   0.0  0.00   0.9  11.0  12:26a    NW
 6  45.9  47.8  12:29a  41.4  11:57p  18.9   0.0  0.48   0.9  32.0  10:28a   ESE
 7  52.3  65.1   5:10p  35.7   6:28a  12.6   0.0  0.00   2.0  24.0   8:30p   WNW
 8  45.4  53.2  12:01a  36.1  11:38p  19.6   0.0  0.38   2.5  42.0   9:59p    NW
 9  37.7  44.9   2:18p  31.4  11:55p  27.0   0.0  0.01   7.9  43.0   1:21a    NW
10  46.1  64.5   4:35p  27.4   5:29a  18.8   0.0  0.00   0.9  16.0  11:43a   SSE
11  47.4  55.8  12:48p  41.5   3:04a  17.5   0.0  0.01   4.5  32.0   9:11p   WNW
12  50.0  59.9   3:42p  42.3   1:39a  15.0   0.0  0.00   5.1  30.0  12:30a    NW
13  50.9  67.9   5:02p  33.3   5:51a  14.3   0.2  0.00   0.8  17.0   3:30p    NW
14  55.5  69.9   1:14p  37.5   1:47a  10.2   0.7  0.00   0.4  15.0  12:40p   SSE
15  70.4  85.0   3:00p  57.9  12:29a   2.1   7.5  0.05   0.9  18.0   5:10p   SSE
16  66.1  73.9   4:35p  56.3  11:57p   1.6   2.7  0.02   1.5  15.0   3:18p   NNW
17  59.7  64.9   1:43p  52.6   4:44a   5.3   0.0  0.00   0.9  16.0  12:25p   ESE
18  62.7  71.9   2:07p  56.3   8:01a   3.5   1.2  0.00   2.0  19.0   4:50p   ESE
19  60.2  70.0   3:09p  52.1   3:36a   5.5   0.7  0.00   4.3  27.0  11:58a   ESE
20  55.5  63.2   3:43p  49.4  11:09p   9.5   0.0  0.00   4.1  26.0  10:11a   ESE
21  57.0  71.3   4:30p  38.6   6:03a   9.2   1.2  0.00   0.9  18.0   1:56a   ESE
22  61.8  64.6   6:40p  58.8   5:11a   3.2   0.0  0.23   0.6  11.0   8:57a   ESE
23  68.2  80.4   3:34p  60.1   5:29a   1.5   4.8  0.14   1.5  17.0  11:23a    NW
24  62.3  68.3   4:28p  55.7   7:38a   3.2   0.5  0.00   0.7  13.0   1:12a   ESE
25  64.7  75.0   5:04p  59.5   5:49a   2.2   1.9  0.02   0.3   8.0  12:01a   SSE
26  67.1  83.8   3:20p  56.6   5:33a   1.7   2.9  0.00   0.5  12.0   4:25p   SSE
27  71.7  79.8   2:00p  62.6   5:36a   0.2   6.8  0.00   1.3  13.0  11:50a    SE
28  73.7  82.5   4:13p  67.9   6:11a   0.0   8.6  0.02   4.0  20.0   1:45p   ESE
29  75.4  87.2   1:41p  65.8  11:42p   0.0  10.4  0.24   2.6  22.0  10:03p   SSE
30  69.7  79.5   2:47p  62.6   6:33a   0.3   5.0  0.00   3.7  23.0   4:43p    NW
31  62.5  70.1   5:13p  52.7   6:11a   3.6   1.1  0.00   3.5  26.0   3:27p    NW
-------------------------------------------------------------------------------------
    59.1  87.2    29    27.4    10   246.4  61.9  1.72   2.3  43.0     9     ESE

Max >=  90.0:  0
Max <=  32.0:  0
Min <=  32.0:  2
Min <=   0.0:  0
Max Rain: 0.48 ON 05/06/20
Days of Rain: 11 (>.01 in) 5 (>.1 in) 0 (>1 in)
Heat Base:  65.0  Cool Base:  65.0  Method: Integration