NOAA-Style Climate Reports

WeatherLink Software Version 6.0.3
Discontinued 1/31/2017
Select a Year or Month report
2020: Jan Feb Mar Apr May Jun Jul Aug Sep Oct Nov Dec
2019: Jan Feb Mar Apr May Jun Jul Aug Sep Oct Nov Dec
2018: Jan Feb Mar Apr May Jun Jul Aug Sep Oct Nov Dec
2017: Jan Feb Mar Apr May Jun Jul Aug Sep Oct Nov Dec
2016: Jan Feb Mar Apr May Jun Jul Aug Sep Oct Nov Dec
2015: Jan Feb Mar Apr May Jun Jul Aug Sep Oct Nov Dec
2014: Jan Feb Mar Apr May Jun Jul Aug Sep Oct Nov Dec
2013: Jan Feb Mar Apr May Jun Jul Aug Sep Oct Nov Dec
2012: Jan Feb Mar Apr May Jun Jul Aug Sep Oct Nov Dec
2011: Jan Feb Mar Apr May Jun Jul Aug Sep Oct Nov Dec
2010: Jan Feb Mar Apr May Jun Jul Aug Sep Oct Nov Dec

Report for 2020 June
                   MONTHLY CLIMATOLOGICAL SUMMARY for JUN. 2020

NAME: cvweather_new   CITY: Mechanicsburg   STATE: PA 
ELEV:   439 ft  LAT:  40° 13' 22" N  LONG:  77° 00' 51" W

                   TEMPERATURE (°F), RAIN  (in), WIND SPEED (mph)

                                      HEAT  COOL        AVG
    MEAN                              DEG   DEG         WIND                 DOM
DAY TEMP  HIGH   TIME   LOW    TIME   DAYS  DAYS  RAIN  SPEED HIGH   TIME    DIR
------------------------------------------------------------------------------------
 1  61.1  73.2   5:25p  45.0   6:20a   6.0   2.1  0.00   2.6  21.0   1:17p   WNW
 2  62.5  73.9   5:43p  52.1   3:52a   4.5   2.0  0.00   0.6  10.0   3:48p   SSE
 3  73.8  89.9   5:07p  61.3   2:27a   0.8   9.5  0.44   2.4  24.0   5:35p     W
 4  75.0  89.1   2:55p  64.6   6:05a   0.0   9.9  1.08   1.2  14.0   8:50p   SSE
 5  72.9  83.0   4:54p  67.3  12:11a   0.0   7.9  0.02   0.6  12.0   6:48p     E
 6  77.4  88.2   3:28p  67.5   1:51a   0.0  12.4  0.00   3.4  22.0   5:37p   WNW
 7  70.6  78.8   6:12p  59.7   6:01a   0.5   6.1  0.00   2.6  18.0   3:55p   NNW
 8  68.4  81.1   6:50p  52.4   5:58a   2.4   5.8  0.00   1.1  12.0   9:46p   NNE
 9  75.4  90.4   4:41p  56.0   5:50a   1.7  12.1  0.00   0.9  11.0   2:58p   SSE
10  78.5  87.6  12:10p  72.0   3:42a   0.0   4.7  0.00   1.4  15.0  12:14p   SSE
11  78.3  83.6   4:44p  66.3  11:53p   0.0   6.2  0.00   3.4  21.0   2:12p   WNW
12  72.4  83.8   3:17p  58.3   6:04a   1.0   8.4  0.00   3.0  19.0   7:25p    NW
13  65.1  73.4   4:42p  54.8   5:46a   2.0   2.1  0.00   2.4  19.0   1:20a   NNW
14  62.4  74.4   5:15p  52.4   5:57a   4.4   1.8  0.00   1.3  13.0   6:00p   NNE
15  67.0  76.9   4:58p  56.0   5:52a   2.1   4.2  0.00   1.5  15.0   2:11p    NE
16  68.7  78.4   4:40p  54.3   6:05a   1.6   5.3  0.00   2.0  21.0   4:44p   ESE
17  69.2  76.6   4:22p  59.7   5:28a   1.0   5.2  0.00   2.0  21.0  12:32p   ESE
18  69.4  77.0   1:58p  65.5   5:39a   0.0   3.1  0.00   2.6  14.0   1:19a   ESE
19  70.3  81.1   1:05p  64.6   5:22a   0.0   5.3  0.77   1.5  22.0   5:28p   ESE
20  70.2  83.0   3:35p  64.9   5:26a   0.0   5.1  0.61   0.6  21.0   4:14p    SE
21  74.7  86.9   4:38p  64.8   4:57a   0.0   9.7  0.00   1.1  13.0   9:13p    SE
22  75.8  88.0   3:25p  67.6   6:07a   0.0  10.8  0.01   1.3  23.0   5:33p   SSE
23  75.1  87.5   4:25p  66.0   4:21a   0.0  10.0  0.12   1.0  13.0   2:03p   SSE
24  75.1  84.8   3:32p  66.9   6:18a   0.0  10.1  0.00   2.4  16.0   9:18a     W
25  71.5  85.3   3:01p  61.8   6:10a   0.3   6.7  0.14   0.9  19.0   3:53p     W
26  74.1  86.8   5:13p  60.5   5:20a   0.8   9.9  0.00   1.8  20.0  12:28a     W
27  76.2  87.8   3:55p  66.8   6:03a   0.0  11.2  0.48   2.3  24.0  12:50p   WSW
28  78.3  88.2   5:33p  68.5   5:21a   0.0  13.3  0.02   1.6  19.0   2:13p   WNW
29  79.2  89.5   5:46p  67.4   5:25a   0.0  14.1  0.00   2.3  19.0   1:37p   NNW
30  77.4  84.9   3:07p  68.6   6:44a   0.0  12.4  0.00   1.6  19.0   5:26p     N
-------------------------------------------------------------------------------------
    72.2  90.4     9    45.0     1    29.1 227.4  3.69   1.8  24.0     3     SSE

Max >=  90.0:  1
Max <=  32.0:  0
Min <=  32.0:  0
Min <=   0.0:  0
Max Rain: 1.08 ON 06/04/20
Days of Rain: 9 (>.01 in) 7 (>.1 in) 1 (>1 in)
Heat Base:  65.0  Cool Base:  65.0  Method: Integration