NOAA-Style Climate Reports

WeatherLink Software Version 6.0.3
Discontinued 1/31/2017
Select a Year or Month report
2021: Jan Feb Mar Apr May Jun Jul Aug Sep Oct Nov Dec
2020: Jan Feb Mar Apr May Jun Jul Aug Sep Oct Nov Dec
2019: Jan Feb Mar Apr May Jun Jul Aug Sep Oct Nov Dec
2018: Jan Feb Mar Apr May Jun Jul Aug Sep Oct Nov Dec
2017: Jan Feb Mar Apr May Jun Jul Aug Sep Oct Nov Dec
2016: Jan Feb Mar Apr May Jun Jul Aug Sep Oct Nov Dec
2015: Jan Feb Mar Apr May Jun Jul Aug Sep Oct Nov Dec
2014: Jan Feb Mar Apr May Jun Jul Aug Sep Oct Nov Dec
2013: Jan Feb Mar Apr May Jun Jul Aug Sep Oct Nov Dec
2012: Jan Feb Mar Apr May Jun Jul Aug Sep Oct Nov Dec
2011: Jan Feb Mar Apr May Jun Jul Aug Sep Oct Nov Dec
2010: Jan Feb Mar Apr May Jun Jul Aug Sep Oct Nov Dec

Report for 2020 July
                   MONTHLY CLIMATOLOGICAL SUMMARY for JUL. 2020

NAME: cvweather_new   CITY: Mechanicsburg   STATE: PA 
ELEV:   439 ft  LAT:  40° 13' 22" N  LONG:  77° 00' 51" W

                   TEMPERATURE (°F), RAIN  (in), WIND SPEED (mph)

                                      HEAT  COOL        AVG
    MEAN                              DEG   DEG         WIND                 DOM
DAY TEMP  HIGH   TIME   LOW    TIME   DAYS  DAYS  RAIN  SPEED HIGH   TIME    DIR
------------------------------------------------------------------------------------
 1  75.2  84.7   5:35p  64.2   5:18a   0.0  10.2  0.00   1.9  21.0   8:14a    NW
 2  79.2  92.1   4:38p  64.8   6:04a   0.0  14.1  0.00   1.8  21.0  12:57p    NW
 3  81.8  94.8   5:35p  71.2   6:23a   0.0  16.8  0.01   2.3  22.0   7:49p   WNW
 4  80.2  92.6   4:21p  68.8   5:37a   0.0  15.2  0.01   1.0  10.0   1:28p     N
 5  82.4  95.0   5:43p  67.7   6:03a   0.0  17.4  0.00   0.7   9.0   2:18p   NNW
 6  81.4  96.7   3:39p  69.7   8:24p   0.0  16.4  1.07   1.3  18.0   7:49p   SSE
 7  74.0  81.1   6:29p  69.4   2:10a   0.0   8.9  0.00   1.4  12.0   6:46a   ESE
 8  80.1  90.5   2:52p  72.8   1:41a   0.0  15.1  0.00   1.4  19.0   6:56p    SE
 9  80.6  89.1   4:12p  71.0   5:24a   0.0  15.6  0.00   1.6  20.0   6:56p    SE
10  76.7  80.4   4:03p  72.7   5:48a   0.0  11.7  0.00   1.9  22.0  11:28a   NNE
11  77.0  87.1   1:08p  69.0   5:57a   0.0  12.0  0.00   2.2  21.0   4:43p     W
12  73.7  89.2   1:48p  65.1   5:48a   0.0   8.7  0.62   1.3  13.0   5:40p   WNW
13  74.9  85.4   5:47p  65.2   6:18a   0.0   9.9  0.01   2.3  22.0   5:11p   WNW
14  75.5  87.4   5:38p  62.2   6:33a   0.3  10.7  0.00   1.9  19.0   8:29a    NW
15  77.0  90.7   4:16p  62.0   6:16a   0.3  12.3  0.00   2.0  21.0  11:41p    SE
16  75.4  81.6   3:58p  71.0   6:13a   0.0  10.4  0.02   4.4  22.0   7:11p    SE
17  80.4  91.9   5:03p  70.8   3:12a   0.0  15.3  0.03   1.7  14.0   3:11p    NW
18  80.8  95.1   4:38p  63.7   6:12a   0.1  15.9  0.00   0.7  36.0  10:15p   SSE
19  84.4  98.9   3:19p  67.4   6:15a   0.0  15.5  0.00   0.9  15.0   1:18p    SW
20  87.1  97.9   4:20p  78.8  12:00m   0.0  22.0  0.00   2.1  14.0  11:08a    NW
21  80.7  94.9   3:44p  70.0   6:20a   0.0  15.6  0.06   0.8  14.0   7:15p   SSE
22  75.6  93.2   2:10p  69.8   4:54a   0.0  10.6  0.18   0.8  19.0   2:55p   WNW
23  78.4  89.7   3:49p  71.5   6:20a   0.0  13.4  0.00   1.1  14.0   6:31p     W
24  79.2  88.0   6:29p  72.8   5:01a   0.0  13.6  0.10   1.3  17.0   7:16p   WNW
25  83.1  90.2   2:32p  73.4  12:46a   0.0   7.4  0.00   1.7  18.0   1:19p   SSE
26
27  89.1  97.2   4:35p  71.0   7:20a   0.0  16.8  0.00   1.8  20.0   6:20p   WSW
28  81.7  87.7   4:09p  75.0  11:57p   0.0  16.7  0.00   1.8  14.0   9:13a   WSW
29  80.8  93.9   3:28p  66.1   6:32a   0.0  15.8  0.00   0.9  12.0  12:32p    SW
30  81.8  93.8   2:23p  69.2   6:01a   0.0  16.8  0.05   1.0  13.0   1:40p   WSW
31  76.9  86.0   6:31p  71.0   1:50a   0.0  11.9  0.02   0.9  10.0   6:06p     N
-------------------------------------------------------------------------------------
    79.5  98.9    19    62.0    15     0.7 412.7  2.18   1.6  36.0    18     WNW

Max >=  90.0: 17
Max <=  32.0:  0
Min <=  32.0:  0
Min <=   0.0:  0
Max Rain: 1.07 ON 07/06/20
Days of Rain: 9 (>.01 in) 3 (>.1 in) 1 (>1 in)
Heat Base:  65.0  Cool Base:  65.0  Method: Integration