NOAA-Style Climate Reports

WeatherLink Software Version 6.0.3
Discontinued 1/31/2017
Select a Year or Month report
2021: Jan Feb Mar Apr May Jun Jul Aug Sep Oct Nov Dec
2020: Jan Feb Mar Apr May Jun Jul Aug Sep Oct Nov Dec
2019: Jan Feb Mar Apr May Jun Jul Aug Sep Oct Nov Dec
2018: Jan Feb Mar Apr May Jun Jul Aug Sep Oct Nov Dec
2017: Jan Feb Mar Apr May Jun Jul Aug Sep Oct Nov Dec
2016: Jan Feb Mar Apr May Jun Jul Aug Sep Oct Nov Dec
2015: Jan Feb Mar Apr May Jun Jul Aug Sep Oct Nov Dec
2014: Jan Feb Mar Apr May Jun Jul Aug Sep Oct Nov Dec
2013: Jan Feb Mar Apr May Jun Jul Aug Sep Oct Nov Dec
2012: Jan Feb Mar Apr May Jun Jul Aug Sep Oct Nov Dec
2011: Jan Feb Mar Apr May Jun Jul Aug Sep Oct Nov Dec
2010: Jan Feb Mar Apr May Jun Jul Aug Sep Oct Nov Dec

Report for 2020 August
                   MONTHLY CLIMATOLOGICAL SUMMARY for AUG. 2020

NAME: cvweather_new   CITY: Mechanicsburg   STATE: PA 
ELEV:   439 ft  LAT:  40° 13' 22" N  LONG:  77° 00' 51" W

                   TEMPERATURE (°F), RAIN  (in), WIND SPEED (mph)

                                      HEAT  COOL        AVG
    MEAN                              DEG   DEG         WIND                 DOM
DAY TEMP  HIGH   TIME   LOW    TIME   DAYS  DAYS  RAIN  SPEED HIGH   TIME    DIR
------------------------------------------------------------------------------------
 1  77.4  86.8   2:47p  67.3   6:18a   0.0  12.4  0.27   1.0  13.0   2:33p    SE
 2  81.6  91.6   3:04p  73.4  12:01a   0.0  16.6  0.03   1.3  18.0  12:45p   SSE
 3  75.5  86.2   2:26p  68.7   6:16a   0.0  10.4  0.14   1.0  21.0   6:07p   SSE
 4  73.9  86.0   4:42p  69.2   9:35a   0.0   8.9  1.53   1.9  16.0   1:39p   ESE
 5  75.4  86.0   4:47p  64.2   6:28a   0.0  10.2  0.00   0.9  15.0  12:55p   WNW
 6  72.2  80.5   5:15p  63.3   7:15a   0.1   7.2  0.28   1.5  24.0   2:10p   ESE
 7  71.1  76.2  11:01a  67.5  11:06p   0.0   5.8  0.42   1.0  12.0   5:33p    NE
 8  76.0  87.5   4:16p  67.6  12:01a   0.0  11.0  0.00   0.6   9.0   5:58p   NNE
 9  68.6  72.2  12:01a  66.5   5:37a   0.0   1.1  0.00   0.0   3.0   7:00a    NW
10  81.6  86.1   8:04p  77.8  12:00m   0.0   2.7  0.00   1.4   8.0   9:26p   SSE
11  80.8  90.5   2:28p  72.7   6:49a   0.0  15.8  0.00   1.0  17.0   3:45p   SSE
12  81.5  91.7   3:54p  71.6   6:34a   0.0  16.5  0.00   1.1  14.0   6:54p   NNE
13  78.6  86.5   4:07p  72.9   5:44a   0.0  13.6  0.00   1.3  12.0   5:33p   ESE
14  74.2  75.5  12:01a  73.7   2:56a   0.0   1.4  0.00   0.1   3.0   1:19a   ESE
15
16  69.8  74.4   7:10p  64.9  11:55p   0.0   1.1  0.00   0.6   8.0   6:50p    SE
17  72.4  86.1   5:55p  61.5   6:00a   0.8   8.2  0.00   0.8  18.0  11:25a    SE
18  73.9  84.7   2:35p  61.8   6:25a   0.3   9.2  0.00   0.6  11.0  11:10a   WNW
19  73.0  83.5   3:25p  64.7  12:00m   0.0   8.0  0.00   1.5  12.0  12:55p     N
20  69.9  82.4   3:00p  54.3   6:35a   2.3   7.2  0.00   1.2  15.0   2:30p    SE
21  75.4  87.9   3:40p  63.6   7:05a   0.1  10.4  0.00   0.9  14.0   3:10p   SSE
22  78.2  90.9   2:25p  70.4   7:15a   0.0  13.2  0.00   0.6  11.0   3:50p   SSE
23  76.5  88.4   2:45p  68.5   4:35a   0.0  11.5  0.00   0.6   8.0  12:50p    SE
24  77.8  92.0   2:45p  68.7   7:45a   0.0  12.8  0.00   0.5  13.0   2:35p   WNW
25  80.4  91.9   2:50p  71.1   4:20a   0.0  15.4  0.00   2.9  19.0   5:30p     W
26  77.6  87.8   6:00p  68.5   7:00a   0.0  12.6  0.00   2.7  19.0  12:40p   WNW
27  81.1  94.6   3:15p  68.7   6:10a   0.0  16.1  0.01   3.4  31.0   8:25p     W
28  76.2  87.6  12:20p  71.3  11:40p   0.0  11.2  0.21   0.9  19.0   1:35p    SW
29  75.4  86.3   4:05p  70.0   3:35a   0.0  10.4  0.79   1.6  26.0   9:50p   WNW
30  70.3  80.2   4:00p  61.8   5:10a   0.5   5.9  0.00   2.1  17.0  10:05a   WNW
31  65.5  71.3   3:05p  60.2   2:30a   0.9   1.3  0.10   1.6  15.0   2:40p   ESE
-------------------------------------------------------------------------------------
    75.4  94.6    27    54.3    20     5.0 288.1  3.78   1.2  31.0    27     SSE

Max >=  90.0:  7
Max <=  32.0:  0
Min <=  32.0:  0
Min <=   0.0:  0
Max Rain: 1.53 ON 08/04/20
Days of Rain: 9 (>.01 in) 7 (>.1 in) 1 (>1 in)
Heat Base:  65.0  Cool Base:  65.0  Method: Integration