NOAA-Style Climate Reports

WeatherLink Software Version 6.0.3
Discontinued 1/31/2017
Select a Year or Month report
2021: Jan Feb Mar Apr May Jun Jul Aug Sep Oct Nov Dec
2020: Jan Feb Mar Apr May Jun Jul Aug Sep Oct Nov Dec
2019: Jan Feb Mar Apr May Jun Jul Aug Sep Oct Nov Dec
2018: Jan Feb Mar Apr May Jun Jul Aug Sep Oct Nov Dec
2017: Jan Feb Mar Apr May Jun Jul Aug Sep Oct Nov Dec
2016: Jan Feb Mar Apr May Jun Jul Aug Sep Oct Nov Dec
2015: Jan Feb Mar Apr May Jun Jul Aug Sep Oct Nov Dec
2014: Jan Feb Mar Apr May Jun Jul Aug Sep Oct Nov Dec
2013: Jan Feb Mar Apr May Jun Jul Aug Sep Oct Nov Dec
2012: Jan Feb Mar Apr May Jun Jul Aug Sep Oct Nov Dec
2011: Jan Feb Mar Apr May Jun Jul Aug Sep Oct Nov Dec
2010: Jan Feb Mar Apr May Jun Jul Aug Sep Oct Nov Dec

Report for 2020 September
                   MONTHLY CLIMATOLOGICAL SUMMARY for SEP. 2020

NAME: cvweather_new   CITY: Mechanicsburg   STATE: PA 
ELEV:   439 ft  LAT:  40° 13' 22" N  LONG:  77° 00' 51" W

                   TEMPERATURE (°F), RAIN  (in), WIND SPEED (mph)

                                      HEAT  COOL        AVG
    MEAN                              DEG   DEG         WIND                 DOM
DAY TEMP  HIGH   TIME   LOW    TIME   DAYS  DAYS  RAIN  SPEED HIGH   TIME    DIR
------------------------------------------------------------------------------------
 1  67.2  72.5   4:55p  63.5   8:25a   0.2   2.4  0.17   0.4   9.0   8:40a   ESE
 2  74.4  82.1   4:30p  69.0   4:05a   0.0   9.4  0.31   1.3  11.0   2:55a   SSE
 3  73.3  80.8  10:50a  69.2  12:00m   0.0   8.3  1.02   0.4  13.0   4:30p   SSE
 4  73.7  84.7   3:45p  64.9   6:45a   0.0   8.7  0.00   1.6  15.0   4:40p   WNW
 5  68.5  81.3   5:30p  54.2   6:40a   2.0   5.5  0.00   0.4  13.0  12:55p   SSE
 6  69.5  81.6   2:45p  54.9   6:45a   2.2   6.6  0.00   1.0  15.0   4:15p   SSE
 7  72.5  82.5   5:10p  62.2   6:55a   0.3   7.8  0.00   1.5  18.0   1:40p   SSE
 8  73.4  85.4   3:00p  60.9   7:10a   0.4   8.8  0.00   0.4  10.0   2:05p   ESE
 9  74.6  83.4   4:00p  66.1   6:40a   0.0   9.6  0.00   0.9  11.0   5:35p   ESE
10  77.5  87.0   4:15p  72.8   7:15a   0.0  12.4  0.00   0.7   7.0  12:15a   ESE
11  72.6  76.8   2:15p  64.1  11:55p   0.0   7.6  0.00   2.4  14.0  11:20a     N
12  65.9  70.6   3:45p  57.8   8:30a   1.1   1.9  0.01   2.5  14.0   3:50p   ESE
13  67.7  78.9   1:35p  58.1   7:05a   1.2   3.8  0.05   1.3  14.0   8:40a    SE
14  68.2  74.1   2:50p  59.3  12:00m   0.3   3.5  0.00   2.9  19.0   4:40p   NNW
15  56.7  67.8   4:45p  44.6   7:05a   8.5   0.3  0.00   0.8  20.0  12:20a   NNW
16  57.3  72.8   4:50p  42.3   6:45a   9.1   1.4  0.00   0.9  16.0  12:45p   SSE
17  62.4  75.4   4:40p  49.9   6:40a   5.2   2.5  0.00   0.2   7.0   9:25a     W
18  63.5  72.0   4:15p  53.1  12:00m   3.0   1.4  0.00   4.0  35.0   8:15p   NNW
19  53.0  64.9   4:05p  42.7   7:10a  12.0   0.0  0.00   1.8  15.0   1:20p   NNW
20  51.3  65.4   4:45p  35.2   6:45a  13.7   0.0  0.00   1.2  14.0   3:40p   ESE
21  51.6  65.9   4:15p  34.8   7:10a  13.4   0.0  0.00   0.9  13.0  12:15p   ESE
22  55.5  73.9   3:20p  36.2   7:10a  11.2   1.8  0.00   1.7  15.0   2:15p    NW
23  69.0  83.0   4:55p  55.9   7:10a   2.3   6.2  0.00   2.5  18.0  12:25p   WNW
24  66.1  75.2   4:15p  58.3   7:25a   1.9   3.0  0.00   0.4   6.0  10:05a   WNW
25  64.3  77.9   3:20p  53.3   7:00a   4.1   3.4  0.00   0.9  14.0   8:50p    SE
26  63.0  66.8   4:55p  59.8  12:05a   2.3   0.3  0.02   0.1   7.0   6:35a   ENE
27  68.1  75.8   3:05p  62.1   1:15a   0.8   3.9  0.00   0.4   8.0   4:40p   ESE
28  72.5  83.8   3:50p  64.7   2:20a   0.0   7.5  0.00   1.9  17.0   2:55p   SSE
29  65.1  72.5  12:05a  54.2  11:35p   2.6   2.8  0.07   1.5  13.0   4:55a    NW
30  59.8  70.6   3:30p  51.5   7:35a   6.0   0.9  0.26   1.5  20.0  11:20a   SSE
-------------------------------------------------------------------------------------
    65.9  87.0    10    34.8    21   103.8 131.7  1.91   1.3  35.0    18     SSE

Max >=  90.0:  0
Max <=  32.0:  0
Min <=  32.0:  0
Min <=   0.0:  0
Max Rain: 1.02 ON 09/03/20
Days of Rain: 7 (>.01 in) 4 (>.1 in) 1 (>1 in)
Heat Base:  65.0  Cool Base:  65.0  Method: Integration