NOAA-Style Climate Reports

WeatherLink Software Version 6.0.3
Discontinued 1/31/2017
Select a Year or Month report
2021: Jan Feb Mar Apr May Jun Jul Aug Sep Oct Nov Dec
2020: Jan Feb Mar Apr May Jun Jul Aug Sep Oct Nov Dec
2019: Jan Feb Mar Apr May Jun Jul Aug Sep Oct Nov Dec
2018: Jan Feb Mar Apr May Jun Jul Aug Sep Oct Nov Dec
2017: Jan Feb Mar Apr May Jun Jul Aug Sep Oct Nov Dec
2016: Jan Feb Mar Apr May Jun Jul Aug Sep Oct Nov Dec
2015: Jan Feb Mar Apr May Jun Jul Aug Sep Oct Nov Dec
2014: Jan Feb Mar Apr May Jun Jul Aug Sep Oct Nov Dec
2013: Jan Feb Mar Apr May Jun Jul Aug Sep Oct Nov Dec
2012: Jan Feb Mar Apr May Jun Jul Aug Sep Oct Nov Dec
2011: Jan Feb Mar Apr May Jun Jul Aug Sep Oct Nov Dec
2010: Jan Feb Mar Apr May Jun Jul Aug Sep Oct Nov Dec

Report for 2020 November
                   MONTHLY CLIMATOLOGICAL SUMMARY for NOV. 2020

NAME: cvweather_new   CITY: Mechanicsburg   STATE: PA 
ELEV:   439 ft  LAT:  40° 13' 22" N  LONG:  77° 00' 51" W

                   TEMPERATURE (°F), RAIN  (in), WIND SPEED (mph)

                                      HEAT  COOL        AVG
    MEAN                              DEG   DEG         WIND                 DOM
DAY TEMP  HIGH   TIME   LOW    TIME   DAYS  DAYS  RAIN  SPEED HIGH   TIME    DIR
------------------------------------------------------------------------------------
 1  43.8  51.0   2:45p  35.7   1:55a  21.2   0.0  0.10   1.7  28.0  11:10p     E
 2  39.4  44.9   2:05p  35.0   7:50p  25.6   0.0  0.00   5.7  33.0  11:25a   WNW
 3  47.8  59.1   3:00p  37.7  12:45a  17.2   0.0  0.00   3.0  27.0   9:15a   WSW
 4  49.9  68.5   3:00p  31.4   6:45a  15.5   0.3  0.00   0.7  14.0   9:35a   SSE
 5  54.4  69.0   2:40p  39.1   6:50a  11.0   0.4  0.00   0.3   7.0  12:55p   ESE
 6  55.9  74.1   3:05p  42.0   7:50a  10.6   1.5  0.00   0.5   9.0  12:05p   WSW
 7  55.8  76.0   3:40p  38.4   6:15a  11.4   2.2  0.00   0.4   9.0  11:35a   WNW
 8  56.0  77.8   3:00p  37.8   6:50a  11.6   2.6  0.00   0.2   6.0  10:25a   ESE
 9  58.3  76.5   2:35p  40.2   6:15a   8.9   2.2  0.00   0.5  10.0   4:05p   SSE
10  63.7  75.8   2:05p  49.6   6:35a   4.2   2.8  0.00   1.4  17.0   1:55p   SSE
11  64.6  67.0  11:20a  60.8   2:20a   1.0   0.6  0.76   1.1  10.0   8:35a   SSE
12  52.0  64.6  12:05a  39.0  12:00m  13.0   0.0  0.02   1.6  12.0   9:10a     N
13  47.8  60.0   3:20p  38.0  12:35a  17.2   0.0  0.00   1.3  13.0   2:50p   WNW
14  43.7  53.7   3:35p  35.9   7:00a  21.3   0.0  0.00   0.9  10.0   9:40a    NW
15  48.4  62.9   5:25p  36.6   1:10a  16.6   0.0  0.24   3.6  35.0   6:15p     E
16  48.6  57.1   2:15p  41.8   9:25p  16.4   0.0  0.00   3.8  26.0   9:20a   WSW
17  39.6  47.0  10:35a  33.6   4:45a  25.4   0.0  0.00   1.8  26.0  11:20a    NW
18  34.7  39.5   1:50p  27.1  11:25p  30.3   0.0  0.00   5.1  24.0   7:35a    NW
19  37.5  47.5   3:40p  23.3   5:20a  27.5   0.0  0.00   1.4  15.0  11:35a   SSE
20  49.8  67.3   3:10p  33.2   7:15a  15.3   0.1  0.00   0.8   8.0  11:40a   SSE
21  51.3  59.3   3:05p  40.7   4:20a  13.7   0.0  0.00   0.7  12.0   4:05p    NW
22  46.0  49.6  12:05a  42.7   7:25a  19.0   0.0  0.00   1.6  12.0   2:00p     E
23  45.2  48.7   5:40a  41.8   8:20p  19.8   0.0  0.19   3.9  30.0   1:15p   WNW
24  42.8  48.6   2:55p  36.2   7:30a  22.2   0.0  0.00   2.7  15.0   1:10a   WNW
25  47.0  53.8   2:25p  37.7   7:40a  18.0   0.0  0.07   1.2  12.0   3:15a   ESE
26  56.1  65.0   2:00p  48.8  12:15a   8.8   0.0  0.02   1.7  19.0  11:55a   WSW
27  53.2  56.6   3:30p  48.2  12:00m  11.8   0.0  0.00   0.2   5.0  12:40a   NNW
28  47.7  54.9   2:40p  35.5  11:45p  17.2   0.0  0.00   2.0  15.0  12:45p   WNW
29  42.7  56.4   3:30p  28.1   6:50a  22.2   0.0  0.00   1.1  11.0  10:55p   SSE
30  48.4  57.6   2:20p  42.0   5:20a  16.6   0.0  0.91   0.2   6.0   1:10a    NE
-------------------------------------------------------------------------------------
    49.1  77.8     8    23.3    19   490.5  12.7  2.31   1.7  35.0    15     WNW

Max >=  90.0:  0
Max <=  32.0:  0
Min <=  32.0:  4
Min <=   0.0:  0
Max Rain: 0.91 ON 11/30/20
Days of Rain: 8 (>.01 in) 4 (>.1 in) 0 (>1 in)
Heat Base:  65.0  Cool Base:  65.0  Method: Integration