NOAA-Style Climate Reports

WeatherLink Software Version 6.0.3
Discontinued 1/31/2017
Select a Year or Month report
2021: Jan Feb Mar Apr May Jun Jul Aug Sep Oct Nov Dec
2020: Jan Feb Mar Apr May Jun Jul Aug Sep Oct Nov Dec
2019: Jan Feb Mar Apr May Jun Jul Aug Sep Oct Nov Dec
2018: Jan Feb Mar Apr May Jun Jul Aug Sep Oct Nov Dec
2017: Jan Feb Mar Apr May Jun Jul Aug Sep Oct Nov Dec
2016: Jan Feb Mar Apr May Jun Jul Aug Sep Oct Nov Dec
2015: Jan Feb Mar Apr May Jun Jul Aug Sep Oct Nov Dec
2014: Jan Feb Mar Apr May Jun Jul Aug Sep Oct Nov Dec
2013: Jan Feb Mar Apr May Jun Jul Aug Sep Oct Nov Dec
2012: Jan Feb Mar Apr May Jun Jul Aug Sep Oct Nov Dec
2011: Jan Feb Mar Apr May Jun Jul Aug Sep Oct Nov Dec
2010: Jan Feb Mar Apr May Jun Jul Aug Sep Oct Nov Dec

Report for 2020 December
                   MONTHLY CLIMATOLOGICAL SUMMARY for DEC. 2020

NAME: cvweather_new   CITY: Mechanicsburg   STATE: PA 
ELEV:   439 ft  LAT:  40° 13' 22" N  LONG:  77° 00' 51" W

                   TEMPERATURE (°F), RAIN  (in), WIND SPEED (mph)

                                      HEAT  COOL        AVG
    MEAN                              DEG   DEG         WIND                 DOM
DAY TEMP  HIGH   TIME   LOW    TIME   DAYS  DAYS  RAIN  SPEED HIGH   TIME    DIR
------------------------------------------------------------------------------------
 1  38.4  44.7  12:05a  33.3   7:45p  26.6   0.0  0.05   0.0   0.0     ---   ---
 2  37.2  42.3   2:05p  31.3  12:00m  27.7   0.0  0.00   0.0   0.0     ---   ---
 3  39.9  50.5   2:15p  28.4   7:10a  25.1   0.0  0.00   0.0   0.0     ---   ---
 4  42.0  46.4  12:15p  38.6   4:30a  23.0   0.0  0.34   0.0   0.0     ---   ---
 5  41.8  44.2  11:45a  38.3  12:00m  23.2   0.0  0.03   0.0   0.0     ---   ---
 6  35.3  40.5   1:05p  27.7  10:45p  29.6   0.0  0.00   0.0   0.0     ---   ---
 7  30.8  37.6   2:55p  24.2   7:15a  34.0   0.0  0.00   0.0   0.0     ---   ---
 8  35.1  42.9   3:10p  30.8  12:35a  29.9   0.0  0.00   0.0   0.0     ---   ---
 9  36.4  41.6  11:55p  29.1   2:35a  28.4   0.0  0.00   0.0   0.0     ---   ---
10  41.9  49.9   2:25p  33.2  11:45p  23.1   0.0  0.00   0.0   0.0     ---   ---
11  41.6  55.6   3:05p  31.2   7:00a  22.5   0.0  0.00   0.0   0.0     ---   ---
12  43.0  50.3   3:20p  36.2   6:15a  22.0   0.0  0.00   0.1   7.0   7:15p   NNE
13  43.9  52.6  12:45p  32.6  11:55p  21.1   0.0  0.00   2.0  19.0  11:40a   WNW
14  35.7  39.9   6:45p  32.5  10:45a  29.2   0.0  0.65   3.4  30.0   7:20p    NW
15  32.6  37.7   2:30p  29.0   2:35a  32.4   0.0  0.00   2.7  16.0  12:40a    NW
16  25.3  29.2  12:05a  22.9   3:15p  39.7   0.0  0.00   3.3  18.0   5:20p     E
17  27.9  33.1   3:50p  22.6   3:45a  37.0   0.0  0.29   3.6  17.0  12:30a     N
18  27.5  31.2   1:55p  21.4  11:35p  37.3   0.0  0.00   2.6  17.0   1:55p    NW
19  22.1  29.6   3:00p  11.2   8:00a  42.3   0.0  0.00   0.3   5.0   7:50p   WSW
20  31.0  38.5   2:45p  24.7  12:05a  33.7   0.0  0.10   1.2  10.0   7:10a   ESE
21  33.4  37.6   3:45p  28.9   6:25a  31.6   0.0  0.05   0.5   8.0   2:50p   SSE
22  39.5  44.5  11:30a  33.1   2:20a  25.5   0.0  0.03   4.2  29.0   8:20p   WNW
23  36.7  44.3   3:20p  26.7   7:10a  28.3   0.0  0.00   1.9  13.0   3:10p     S
24  45.9  60.6  11:40p  38.5   2:15a  19.1   0.0  1.72   2.8  24.0  10:05p    SE
25  31.9  57.4  12:05a  21.4  12:00m  33.1   0.0  0.24   5.1  22.0  12:05p     W
26  23.3  26.2   4:10p  20.6   6:55a  41.4   0.0  0.00   3.4  20.0   2:00a   WSW
27  29.7  38.0   3:00p  20.5   7:50a  34.3   0.0  0.00   1.6  13.0   3:50p   SSE
28  38.9  48.6   3:50p  29.6   4:25a  25.6   0.0  0.00   2.3  16.0   6:30p    NW
29  33.2  39.8  12:05a  23.5  11:00p  31.8   0.0  0.00   5.7  28.0  11:15a    NW
30  34.2  41.4  12:00m  24.5  12:05a  30.8   0.0  0.00   2.6  20.0  12:25p     S
31  39.0  43.5   1:40a  32.5  12:00m  26.0   0.0  0.03   2.6  17.0   9:15a    NW
-------------------------------------------------------------------------------------
    35.3  60.6    24    11.2    19   915.3   0.0  3.53   1.7  30.0    14      NW

Max >=  90.0:  0
Max <=  32.0:  4
Min <=  32.0: 21
Min <=   0.0:  0
Max Rain: 1.72 ON 12/24/20
Days of Rain: 11 (>.01 in) 5 (>.1 in) 1 (>1 in)
Heat Base:  65.0  Cool Base:  65.0  Method: Integration