NOAA-Style Climate Reports

WeatherLink Software Version 6.0.3
Discontinued 1/31/2017
Select a Year or Month report
2021: Jan Feb Mar Apr May Jun Jul Aug Sep Oct Nov Dec
2020: Jan Feb Mar Apr May Jun Jul Aug Sep Oct Nov Dec
2019: Jan Feb Mar Apr May Jun Jul Aug Sep Oct Nov Dec
2018: Jan Feb Mar Apr May Jun Jul Aug Sep Oct Nov Dec
2017: Jan Feb Mar Apr May Jun Jul Aug Sep Oct Nov Dec
2016: Jan Feb Mar Apr May Jun Jul Aug Sep Oct Nov Dec
2015: Jan Feb Mar Apr May Jun Jul Aug Sep Oct Nov Dec
2014: Jan Feb Mar Apr May Jun Jul Aug Sep Oct Nov Dec
2013: Jan Feb Mar Apr May Jun Jul Aug Sep Oct Nov Dec
2012: Jan Feb Mar Apr May Jun Jul Aug Sep Oct Nov Dec
2011: Jan Feb Mar Apr May Jun Jul Aug Sep Oct Nov Dec
2010: Jan Feb Mar Apr May Jun Jul Aug Sep Oct Nov Dec

Report for 2021
                            ANNUAL CLIMATOLOGICAL SUMMARY

NAME: cvweather_new  CITY: Mechanicsburg   STATE: PA  
ELEV:   439 ft  LAT:  40° 13' 22" N  LONG:  77° 00' 51" W

               TEMPERATURE (°F), HEAT BASE 65.0, COOL BASE 65.0
                          DEP.  HEAT  COOL                                          
        MEAN  MEAN        FROM  DEG   DEG                        MAX  MAX  MIN  MIN 
 YR MO  MAX   MIN   MEAN  NORM  DAYS  DAYS  HI  DATE  LOW  DATE  >=90 <=32 <=32 <=0 
------------------------------------------------------------------------------------
 21  1  39.6  27.7  33.5   0.0   973     0  49.3   2  17.4   21    0    3   23    0
 21  2  38.1  26.0  31.9   0.0   925     0  57.5  24  16.0    8    0    8   24    0
 21  3  54.5  34.4  44.7   0.0   580     3  78.0  11  20.3    8    0    0   13    0
 21  4  64.4  42.9  53.8   0.0   362    28  87.0  28  26.7    2    0    0    4    0
 21  5  73.0  50.1  61.5   0.0   216   107  93.0  26  37.6    8    2    0    0    0
 21  6  84.4  62.7  73.3   0.0    32   279  97.7  30  47.5   23    9    0    0    0
 21  7  86.8  66.3  75.6   0.0     8   335  96.5   7  57.2   31   11    0    0    0
 21  8  86.9  67.7  76.2   0.0     9   355  97.6  11  56.2    3   10    0    0    0
 21  9  78.2  58.3  67.8   0.0    67   151  87.4  15  45.6   24    0    0    0    0
 21 10  71.5  55.1  62.9   0.0    89    49  84.1   3  44.2    2    0    0    0    0
 21 11
 21 12
------------------------------------------------------------------------------------
        67.9  49.2  58.3   0.0  3260  1307  97.7 JUN  16.0  FEB   32   11   64    0

                                PRECIPITATION (in)

               DEP.   MAX        DAYS OF RAIN 
               FROM   OBS.          OVER
 YR MO  TOTAL  NORM   DAY  DATE .01   .1   1
---------------------------------------------
 21  1  1.54   0.00  0.61    1    8    4    0
 21  2  2.78   0.00  0.93   28   13    6    0
 21  3  3.00   0.00  1.10   18    6    5    1
 21  4  3.33   0.00  1.70   11    8    6    1
 21  5  3.95   0.00  1.13    3    9    8    1
 21  6  4.24   0.00  1.19   14   11    6    1
 21  7  5.55   0.00  1.27   17   13    7    3
 21  8  4.37   0.00  3.19   18    8    5    1
 21  9  9.03   0.00  4.25    1    9    9    2
 21 10  0.69   0.00  0.30   16    4    2    0
 21 11
 21 12
---------------------------------------------
       38.48  0.00  4.25  SEP   89   58   10

                                WIND SPEED (mph)
                          DOM
 YR MO   AVG.  HI   DATE  DIR
---------------------------------
 21  1   3.4  32.0   20    NW
 21  2   3.3  30.0    6   WNW
 21  3   4.2  37.0   28    NW
 21  4   3.7  49.0   30   WNW
 21  5   2.5  31.0   26     W
 21  6   1.8  28.0   30   SSE
 21  7   1.7  23.0   17   SSE
 21  8   1.7  30.0   13   SSE
 21  9   1.9  28.0    1   SSE
 21 10   1.8  27.0   18     W
 21 11
 21 12
---------------------------------
         2.6  49.0  APR   NW