NOAA-Style Climate Reports

WeatherLink Software Version 6.0.3
Discontinued 1/31/2017
Select a Year or Month report
2021: Jan Feb Mar Apr May Jun Jul Aug Sep Oct Nov Dec
2020: Jan Feb Mar Apr May Jun Jul Aug Sep Oct Nov Dec
2019: Jan Feb Mar Apr May Jun Jul Aug Sep Oct Nov Dec
2018: Jan Feb Mar Apr May Jun Jul Aug Sep Oct Nov Dec
2017: Jan Feb Mar Apr May Jun Jul Aug Sep Oct Nov Dec
2016: Jan Feb Mar Apr May Jun Jul Aug Sep Oct Nov Dec
2015: Jan Feb Mar Apr May Jun Jul Aug Sep Oct Nov Dec
2014: Jan Feb Mar Apr May Jun Jul Aug Sep Oct Nov Dec
2013: Jan Feb Mar Apr May Jun Jul Aug Sep Oct Nov Dec
2012: Jan Feb Mar Apr May Jun Jul Aug Sep Oct Nov Dec
2011: Jan Feb Mar Apr May Jun Jul Aug Sep Oct Nov Dec
2010: Jan Feb Mar Apr May Jun Jul Aug Sep Oct Nov Dec

Report for 2021 January
                   MONTHLY CLIMATOLOGICAL SUMMARY for JAN. 2021

NAME: cvweather_new   CITY: Mechanicsburg   STATE: PA 
ELEV:   439 ft  LAT:  40° 13' 22" N  LONG:  77° 00' 51" W

                   TEMPERATURE (°F), RAIN  (in), WIND SPEED (mph)

                                      HEAT  COOL        AVG
    MEAN                              DEG   DEG         WIND                 DOM
DAY TEMP  HIGH   TIME   LOW    TIME   DAYS  DAYS  RAIN  SPEED HIGH   TIME    DIR
------------------------------------------------------------------------------------
 1  29.6  32.6  12:20a  22.2   7:35a  35.1   0.0  0.61   1.1  11.0   6:00p   NNE
 2  37.3  49.3   2:05p  31.6  11:50p  27.7   0.0  0.07   1.7  18.0   2:10p    NW
 3  32.6  33.5  11:40p  29.2   2:15a  32.0   0.0  0.40   1.0  10.0   7:25a     W
 4  38.8  42.1  12:35p  33.7  12:05a  26.2   0.0  0.02   1.7  11.0  10:10a    NW
 5  36.6  38.4   2:40p  35.0   7:10a  28.4   0.0  0.00   1.3   9.0   9:55p    NW
 6  36.8  37.5   7:05p  35.2  11:35p  27.4   0.0  0.00   4.8  23.0  12:25p    NW
 7  36.0  41.8   2:05p  30.4  12:00m  29.0   0.0  0.00   4.8  20.0  12:20a    NW
 8  30.6  34.7   6:20p  27.5   6:50a  34.4   0.0  0.00   3.1  16.0  11:55p   NNW
 9  34.2  43.4   3:20p  22.9   7:30a  30.7   0.0  0.00   5.9  23.0   2:15p    NW
10  36.6  45.7   2:15p  27.0  11:55p  28.3   0.0  0.00   2.9  15.0  12:00p    NW
11  29.4  40.8   2:40p  21.7   4:05a  35.3   0.0  0.00   0.4   9.0   1:05p     W
12  32.2  42.1   2:50p  21.5   3:50a  32.5   0.0  0.00   1.1  10.0  12:55p   WSW
13  36.6  46.3   3:55p  29.0   3:55a  28.4   0.0  0.00   1.2  17.0  12:10p     W
14  37.8  48.7   3:05p  31.2   7:00a  27.2   0.0  0.00   0.6   7.0  10:40a   WSW
15  39.3  46.2   5:05p  33.3   7:00a  25.7   0.0  0.20   3.3  18.0   2:30p   ESE
16  38.2  43.6   2:25p  32.7   6:55a  26.8   0.0  0.14   4.1  20.0  11:50p   WNW
17  37.9  44.0   3:40p  33.7   1:50a  27.1   0.0  0.00   3.2  22.0   2:25p   WSW
18  36.2  42.6   2:10p  32.4   5:45a  28.7   0.0  0.00   3.4  23.0   3:20p     W
19  37.2  45.1   1:55p  31.8   7:30a  27.8   0.0  0.00   3.1  22.0  12:45p   WSW
20  32.7  38.8  11:50a  22.9  11:50p  32.3   0.0  0.00   5.5  32.0   2:40p    NW
21  33.4  48.6   2:45p  17.4   4:35a  31.5   0.0  0.00   1.7  20.0   2:55p   WSW
22  39.2  44.0   1:55p  32.7  12:00m  25.8   0.0  0.00   6.2  27.0   2:45a     W
23  27.4  32.8  12:05a  24.8   7:45a  37.6   0.0  0.00   9.3  31.0  12:30p    NW
24  28.2  33.7   2:55p  22.3   7:15a  35.1   0.0  0.00   2.6  16.0   1:30a    NW
25  31.9  34.8   1:30p  29.1  11:30p  33.1   0.0  0.00   1.0   9.0   8:05p   ESE
26  31.0  33.1  11:35p  28.8   1:05a  33.9   0.0  0.07   1.8  12.0   9:20a   ESE
27  34.8  38.0  11:35a  30.4  12:00m  30.2   0.0  0.02   4.4  21.0   8:15a    NW
28  27.0  31.9   3:30p  23.6   8:10a  38.0   0.0  0.01   9.3  31.0   3:45p    NW
29  25.1  29.0   4:05p  21.5   6:20a  39.7   0.0  0.00   8.7  32.0   9:30a    NW
30  27.6  35.8   3:50p  19.7   7:30a  37.3   0.0  0.00   3.0  18.0   1:00a    NW
31  25.5  27.9   3:20a  22.1  11:35p  39.5   0.0  0.00   3.3  19.0   3:55p     E
-------------------------------------------------------------------------------------
    33.5  49.3     2    17.4    21   972.7   0.0  1.54   3.4  32.0    20      NW

Max >=  90.0:  0
Max <=  32.0:  3
Min <=  32.0: 23
Min <=   0.0:  0
Max Rain: 0.61 ON 01/01/21
Days of Rain: 8 (>.01 in) 4 (>.1 in) 0 (>1 in)
Heat Base:  65.0  Cool Base:  65.0  Method: Integration