NOAA-Style Climate Reports

WeatherLink Software Version 6.0.3
Discontinued 1/31/2017
Select a Year or Month report
2021: Jan Feb Mar Apr May Jun Jul Aug Sep Oct Nov Dec
2020: Jan Feb Mar Apr May Jun Jul Aug Sep Oct Nov Dec
2019: Jan Feb Mar Apr May Jun Jul Aug Sep Oct Nov Dec
2018: Jan Feb Mar Apr May Jun Jul Aug Sep Oct Nov Dec
2017: Jan Feb Mar Apr May Jun Jul Aug Sep Oct Nov Dec
2016: Jan Feb Mar Apr May Jun Jul Aug Sep Oct Nov Dec
2015: Jan Feb Mar Apr May Jun Jul Aug Sep Oct Nov Dec
2014: Jan Feb Mar Apr May Jun Jul Aug Sep Oct Nov Dec
2013: Jan Feb Mar Apr May Jun Jul Aug Sep Oct Nov Dec
2012: Jan Feb Mar Apr May Jun Jul Aug Sep Oct Nov Dec
2011: Jan Feb Mar Apr May Jun Jul Aug Sep Oct Nov Dec
2010: Jan Feb Mar Apr May Jun Jul Aug Sep Oct Nov Dec

Report for 2021 May
                   MONTHLY CLIMATOLOGICAL SUMMARY for MAY. 2021

NAME: cvweather_new   CITY: Mechanicsburg   STATE: PA 
ELEV:   439 ft  LAT:  40° 13' 22" N  LONG:  77° 00' 51" W

                   TEMPERATURE (°F), RAIN  (in), WIND SPEED (mph)

                                      HEAT  COOL        AVG
    MEAN                              DEG   DEG         WIND                 DOM
DAY TEMP  HIGH   TIME   LOW    TIME   DAYS  DAYS  RAIN  SPEED HIGH   TIME    DIR
------------------------------------------------------------------------------------
 1  54.4  68.4   5:30p  43.7   6:05a  11.0   0.4  0.00   5.0  27.0   3:05a    NW
 2  69.9  87.6   3:30p  51.9   6:05a   3.7   8.6  0.00   2.3  21.0   1:10p   SSE
 3  64.0  69.4   1:30p  58.3  12:00m   1.8   0.8  1.13   1.7  14.0   7:40p   ESE
 4  69.6  85.7   4:10p  56.3   3:05a   3.0   7.5  0.01   1.7  15.0   5:00p   SSE
 5  63.0  70.1   1:00p  53.1  11:55p   2.7   0.7  0.83   4.7  26.0  12:00m    NW
 6  55.3  63.8   2:55p  47.1   4:45a   9.7   0.0  0.00   3.7  23.0  12:05a   WNW
 7  50.4  60.1  11:45a  44.2   6:20a  14.6   0.0  0.36   1.4  15.0  11:20a   SSE
 8  46.9  56.4   4:15p  37.6   5:45a  18.1   0.0  0.02   3.3  25.0   4:50p   WSW
 9  46.1  51.0  11:00a  40.6   2:40a  18.9   0.0  0.11   2.0  17.0   7:05p   ESE
10  52.7  63.7   5:35p  45.5   6:45a  12.3   0.0  0.01   4.5  19.0   6:40p   WNW
11  55.4  62.8   4:50p  46.6   5:45a   9.6   0.0  0.00   4.3  22.0   1:15p     W
12  53.5  66.8   5:20p  39.5   6:20a  11.5   0.0  0.00   2.5  17.0   8:45a     N
13  55.6  68.3   4:45p  39.2   6:05a   9.7   0.3  0.00   2.2  18.0   3:10p   WSW
14  60.2  73.4   3:40p  42.9   6:30a   6.9   2.2  0.00   1.3  16.0   5:15p   WSW
15  62.5  77.8   1:05p  43.4   6:05a   6.1   3.6  0.00   1.4  13.0   2:35p   WNW
16  58.4  69.2   3:05p  51.3   6:10a   6.9   0.3  0.00   1.5  16.0   4:20p   ESE
17  60.4  73.5   2:10p  44.6   6:05a   6.6   2.1  0.00   1.0  11.0   2:15p   SSE
18  65.5  81.6   5:05p  46.2   6:20a   5.3   5.7  0.00   1.1  10.0   4:35p    SW
19  70.9  87.4   3:15p  51.0   6:10a   3.2   9.0  0.00   1.0   9.0   2:20p     W
20  72.8  89.0   3:00p  56.8   6:05a   1.5   9.3  0.00   2.3  17.0   5:40p   ESE
21  71.7  86.5   3:45p  55.6   5:55a   1.9   8.6  0.00   1.3  11.0   6:25p   SSE
22  75.6  87.5   4:10p  61.4   6:05a   0.4  11.0  0.00   3.0  16.0   4:20p     W
23  80.9  90.0   4:15p  68.9   6:30a   0.0  15.9  0.00   4.2  20.0   4:55p     W
24  61.7  74.7  12:05a  57.1   8:55p   4.1   0.8  0.14   3.2  17.0  12:20a   ESE
25  63.9  76.1   6:15p  56.2   2:55a   3.8   2.7  0.00   1.6  12.0   3:35p   SSE
26  71.8  93.0   2:40p  61.1   5:50a   0.6   7.4  0.30   1.3  31.0   3:30p   SSE
27  71.8  81.3   4:25p  61.7   6:00a   0.3   7.1  0.00   3.1  17.0   3:50p    NW
28  60.3  68.9  12:45p  49.7  11:15p   5.0   0.3  0.82   3.3  18.0   2:00p   ESE
29  48.8  50.3   3:20p  46.8   9:35a  16.2   0.0  0.22   3.4  16.0   3:40a    NE
30  50.2  54.4   4:50p  47.4   5:30a  14.8   0.0  0.00   2.4  14.0  12:55a   NNE
31  61.5  74.2   5:45p  48.1   4:35a   5.9   2.4  0.00   2.8  15.0  12:45p    NW
-------------------------------------------------------------------------------------
    61.5  93.0    26    37.6     8   216.1 106.7  3.95   2.5  31.0    26       W

Max >=  90.0:  2
Max <=  32.0:  0
Min <=  32.0:  0
Min <=   0.0:  0
Max Rain: 1.13 ON 05/03/21
Days of Rain: 9 (>.01 in) 8 (>.1 in) 1 (>1 in)
Heat Base:  65.0  Cool Base:  65.0  Method: Integration