NOAA-Style Climate Reports

WeatherLink Software Version 6.0.3
Discontinued 1/31/2017
Select a Year or Month report
2021: Jan Feb Mar Apr May Jun Jul Aug Sep Oct Nov Dec
2020: Jan Feb Mar Apr May Jun Jul Aug Sep Oct Nov Dec
2019: Jan Feb Mar Apr May Jun Jul Aug Sep Oct Nov Dec
2018: Jan Feb Mar Apr May Jun Jul Aug Sep Oct Nov Dec
2017: Jan Feb Mar Apr May Jun Jul Aug Sep Oct Nov Dec
2016: Jan Feb Mar Apr May Jun Jul Aug Sep Oct Nov Dec
2015: Jan Feb Mar Apr May Jun Jul Aug Sep Oct Nov Dec
2014: Jan Feb Mar Apr May Jun Jul Aug Sep Oct Nov Dec
2013: Jan Feb Mar Apr May Jun Jul Aug Sep Oct Nov Dec
2012: Jan Feb Mar Apr May Jun Jul Aug Sep Oct Nov Dec
2011: Jan Feb Mar Apr May Jun Jul Aug Sep Oct Nov Dec
2010: Jan Feb Mar Apr May Jun Jul Aug Sep Oct Nov Dec

Report for 2021 June
                   MONTHLY CLIMATOLOGICAL SUMMARY for JUN. 2021

NAME: cvweather_new   CITY: Mechanicsburg   STATE: PA 
ELEV:   439 ft  LAT:  40° 13' 22" N  LONG:  77° 00' 51" W

                   TEMPERATURE (°F), RAIN  (in), WIND SPEED (mph)

                                      HEAT  COOL        AVG
    MEAN                              DEG   DEG         WIND                 DOM
DAY TEMP  HIGH   TIME   LOW    TIME   DAYS  DAYS  RAIN  SPEED HIGH   TIME    DIR
------------------------------------------------------------------------------------
 1  65.3  78.9   3:25p  50.4   6:00a   4.5   4.8  0.00   0.9  10.0   9:30p   SSE
 2  69.0  76.5   3:45p  62.0   6:15a   0.4   4.3  0.00   2.4  15.0   7:05p    SE
 3  68.3  74.8  11:45a  62.6   5:25a   0.3   3.6  0.32   1.3   9.0   7:40p   ESE
 4  73.5  83.8   5:50p  65.5   5:05a   0.0   8.5  0.12   1.7  18.0   4:40p   SSE
 5  77.5  93.2   4:40p  61.8   6:00a   0.4  12.4  0.00   1.9  18.0  11:50a   WSW
 6  80.8  93.1   2:15p  65.6   5:55a   0.0  15.8  0.00   0.9  13.0   4:50p   SSE
 7  81.0  94.0   3:15p  68.8   5:05a   0.0  16.0  0.00   0.9  11.0   4:20p   SSE
 8  80.4  89.9   4:15p  73.8   6:10a   0.0  15.4  0.01   1.5  12.0  12:30p    NW
 9  78.1  90.0   2:40p  70.8   4:40a   0.0  13.1  0.00   1.6  13.0  12:35p     W
10  76.4  84.4   3:40p  68.6   5:45a   0.0  11.4  0.01   3.2  19.0   3:15p   ESE
11  61.6  72.1  12:05a  58.4  11:50p   3.7   0.3  0.78   2.5  16.0   1:00a   ESE
12  67.0  77.9   3:05p  58.5  12:05a   2.1   4.1  0.10   1.3  10.0   2:15p    NW
13  71.3  76.6   5:40p  66.8   1:15a   0.0   6.3  0.00   1.7  10.0   4:50p   SSE
14  72.2  88.9   4:30p  62.6  12:00m   0.1   7.3  1.19   1.7  18.0   5:00p   SSE
15  68.5  78.0   4:30p  59.3   6:10a   1.2   4.7  0.01   3.4  16.0  12:25p   WNW
16  67.8  76.8   5:35p  56.0   6:00a   1.3   4.1  0.00   3.1  18.0   2:40p    NW
17  66.5  78.8   6:10p  51.0   6:10a   3.1   4.6  0.00   2.0  15.0   2:10p    NW
18  70.2  85.3   2:25p  51.4   5:45a   3.3   8.6  0.03   1.5  19.0   5:35p   SSE
19  73.2  85.1  12:25p  66.4   6:25a   0.0   8.2  0.03   1.3  14.0   3:55p   WSW
20  76.2  90.0   3:25p  62.0   6:00a   0.3  11.6  0.08   1.2  13.0   6:35p   SSE
21  78.7  92.5   2:20p  71.3   4:35a   0.0  13.7  0.02   1.4  22.0   5:30p   SSE
22  65.7  73.8  12:45a  54.7  12:00m   1.4   2.1  0.84   2.7  16.0   5:35p    NW
23  63.6  77.5   4:50p  47.5   5:55a   5.1   3.7  0.00   1.3  16.0   1:25p   WSW
24  67.2  78.3   1:40p  53.7   4:55a   2.9   5.1  0.00   2.0  18.0   2:05p   SSE
25  69.6  79.9   2:35p  56.7   6:05a   1.6   6.2  0.00   2.3  16.0   2:25p   SSE
26  76.6  85.5   2:05p  66.8   1:40a   0.0  11.6  0.00   2.2  16.0   4:55p   SSE
27  80.3  89.5   4:40p  70.4   6:10a   0.0  15.3  0.00   1.6  13.0   1:15p   SSE
28  83.7  93.3   1:30p  73.7   4:30a   0.0  18.7  0.00   1.4  14.0   4:45p   SSE
29  85.1  96.6   4:05p  74.7   5:55a   0.0  20.1  0.00   1.3  11.0   5:10p   SSE
30  82.3  97.7   4:35p  70.6  12:00m   0.0  17.3  0.70   1.9  28.0   7:05p   WSW
-------------------------------------------------------------------------------------
    73.3  97.7    30    47.5    23    31.7 278.9  4.24   1.8  28.0    30     SSE

Max >=  90.0:  9
Max <=  32.0:  0
Min <=  32.0:  0
Min <=   0.0:  0
Max Rain: 1.19 ON 06/14/21
Days of Rain: 11 (>.01 in) 6 (>.1 in) 1 (>1 in)
Heat Base:  65.0  Cool Base:  65.0  Method: Integration