NOAA-Style Climate Reports

WeatherLink Software Version 6.0.3
Discontinued 1/31/2017
Select a Year or Month report
2021: Jan Feb Mar Apr May Jun Jul Aug Sep Oct Nov Dec
2020: Jan Feb Mar Apr May Jun Jul Aug Sep Oct Nov Dec
2019: Jan Feb Mar Apr May Jun Jul Aug Sep Oct Nov Dec
2018: Jan Feb Mar Apr May Jun Jul Aug Sep Oct Nov Dec
2017: Jan Feb Mar Apr May Jun Jul Aug Sep Oct Nov Dec
2016: Jan Feb Mar Apr May Jun Jul Aug Sep Oct Nov Dec
2015: Jan Feb Mar Apr May Jun Jul Aug Sep Oct Nov Dec
2014: Jan Feb Mar Apr May Jun Jul Aug Sep Oct Nov Dec
2013: Jan Feb Mar Apr May Jun Jul Aug Sep Oct Nov Dec
2012: Jan Feb Mar Apr May Jun Jul Aug Sep Oct Nov Dec
2011: Jan Feb Mar Apr May Jun Jul Aug Sep Oct Nov Dec
2010: Jan Feb Mar Apr May Jun Jul Aug Sep Oct Nov Dec

Report for 2021 July
                   MONTHLY CLIMATOLOGICAL SUMMARY for JUL. 2021

NAME: cvweather_new   CITY: Mechanicsburg   STATE: PA 
ELEV:   439 ft  LAT:  40° 13' 22" N  LONG:  77° 00' 51" W

                   TEMPERATURE (°F), RAIN  (in), WIND SPEED (mph)

                                      HEAT  COOL        AVG
    MEAN                              DEG   DEG         WIND                 DOM
DAY TEMP  HIGH   TIME   LOW    TIME   DAYS  DAYS  RAIN  SPEED HIGH   TIME    DIR
------------------------------------------------------------------------------------
 1  71.4  74.8   5:40p  69.4   5:00a   0.0   6.4  0.56   0.9   9.0  11:10a   WSW
 2  71.9  81.5   5:10p  63.2  12:00m   0.0   7.0  0.01   2.7  20.0   6:50p     W
 3  66.5  76.0   3:25p  58.9   4:15a   1.3   2.8  0.05   2.8  19.0   1:25p    NW
 4  72.5  85.4   7:15p  59.8   6:15a   1.0   8.5  0.01   1.3  10.0  10:30a   WSW
 5  76.3  90.1   3:45p  60.3   5:55a   0.7  12.0  0.00   1.0  11.0   3:30p   SSE
 6  83.1  95.7   4:30p  69.5   6:20a   0.0  18.1  0.00   1.4  15.0   4:25p   WSW
 7  83.8  96.5   3:30p  72.5   5:50a   0.0  18.8  0.00   1.3  11.0  12:25p   SSE
 8  74.6  87.0   3:00p  69.7   6:20p   0.0   9.6  1.11   0.9  20.0   3:45p     W
 9  74.3  86.8   3:25p  67.6   5:35a   0.0   9.3  0.62   1.8  20.0   5:05p     W
10  73.5  82.9   4:25p  63.9   5:50a   0.1   8.6  0.00   1.8  12.0   2:20a     W
11  74.3  85.1   6:20p  67.1   5:40a   0.0   9.3  1.21   2.2  18.0   9:20p   ESE
12  76.0  92.6   2:50p  70.1  12:05a   0.0  11.0  0.28   1.2  15.0   4:10p   ESE
13  79.7  90.3   6:20p  72.8   5:35a   0.0  14.7  0.05   1.8  14.0   5:45p   SSE
14  79.4  89.1   1:40p  72.2   6:00a   0.0  14.4  0.09   1.2  19.0   2:25p     W
15  79.4  91.1   2:10p  68.5   6:10a   0.0  14.4  0.00   1.0  13.0   3:15p   SSE
16  80.4  94.1   3:10p  69.8   6:10a   0.0  15.4  0.11   1.6  16.0  10:25p   SSE
17  76.3  94.0   3:55p  69.7   4:05a   0.0  11.3  1.27   1.7  23.0   6:20p   SSE
18  71.8  78.7   6:00p  67.2   6:25a   0.0   6.8  0.00   2.8  17.0  10:15a     W
19  73.0  87.2   3:05p  62.0   5:35a   0.4   8.4  0.05   1.6  17.0   3:45p     W
20  77.1  88.2   4:35p  65.8   6:15a   0.0  12.1  0.00   1.1   9.0   1:20p     W
21  74.5  84.6   1:15p  68.2   6:05a   0.0   9.5  0.05   2.2  22.0   4:45p   WSW
22  70.4  79.9   4:10p  59.1   6:35a   0.8   6.3  0.00   2.3  13.0  11:00a    NW
23  71.6  84.5   3:55p  60.4   6:35a   0.9   7.6  0.00   1.1  12.0   2:40p   WSW
24  73.5  86.2   2:10p  59.3   5:55a   1.0   9.5  0.00   1.6  13.0   2:35p   SSE
25  80.3  90.9   6:40p  70.7   6:40a   0.0  15.3  0.00   1.2  10.0  12:30a   SSE
26  80.2  90.7   6:50p  69.7   6:15a   0.0  15.2  0.00   1.2  10.0  12:20p    NW
27  79.7  91.9   4:40p  68.0   6:35a   0.0  14.7  0.00   1.5  11.0   1:30p   WSW
28  76.1  84.7   3:25p  66.1   6:30a   0.0  11.1  0.00   1.7  16.0   3:40p   NNE
29  74.3  82.9   6:00p  67.7   5:50a   0.0   9.3  0.08   1.4  19.0   6:30p   SSE
30  76.7  84.6   3:35p  69.3  12:00m   0.0  11.7  0.00   4.2  20.0   3:00p    NW
31  70.1  81.5   5:15p  57.2   6:20a   1.3   6.3  0.00   1.1  12.0   3:30p     N
-------------------------------------------------------------------------------------
    75.6  96.5     7    57.2    31     7.5 335.4  5.55   1.7  23.0    17     SSE

Max >=  90.0: 11
Max <=  32.0:  0
Min <=  32.0:  0
Min <=   0.0:  0
Max Rain: 1.27 ON 07/17/21
Days of Rain: 13 (>.01 in) 7 (>.1 in) 3 (>1 in)
Heat Base:  65.0  Cool Base:  65.0  Method: Integration