NOAA-Style Climate Reports

WeatherLink Software Version 6.0.3
Discontinued 1/31/2017
Select a Year or Month report
2021: Jan Feb Mar Apr May Jun Jul Aug Sep Oct Nov Dec
2020: Jan Feb Mar Apr May Jun Jul Aug Sep Oct Nov Dec
2019: Jan Feb Mar Apr May Jun Jul Aug Sep Oct Nov Dec
2018: Jan Feb Mar Apr May Jun Jul Aug Sep Oct Nov Dec
2017: Jan Feb Mar Apr May Jun Jul Aug Sep Oct Nov Dec
2016: Jan Feb Mar Apr May Jun Jul Aug Sep Oct Nov Dec
2015: Jan Feb Mar Apr May Jun Jul Aug Sep Oct Nov Dec
2014: Jan Feb Mar Apr May Jun Jul Aug Sep Oct Nov Dec
2013: Jan Feb Mar Apr May Jun Jul Aug Sep Oct Nov Dec
2012: Jan Feb Mar Apr May Jun Jul Aug Sep Oct Nov Dec
2011: Jan Feb Mar Apr May Jun Jul Aug Sep Oct Nov Dec
2010: Jan Feb Mar Apr May Jun Jul Aug Sep Oct Nov Dec

Report for 2021 August
                   MONTHLY CLIMATOLOGICAL SUMMARY for AUG. 2021

NAME: cvweather_new   CITY: Mechanicsburg   STATE: PA 
ELEV:   439 ft  LAT:  40° 13' 22" N  LONG:  77° 00' 51" W

                   TEMPERATURE (°F), RAIN  (in), WIND SPEED (mph)

                                      HEAT  COOL        AVG
    MEAN                              DEG   DEG         WIND                 DOM
DAY TEMP  HIGH   TIME   LOW    TIME   DAYS  DAYS  RAIN  SPEED HIGH   TIME    DIR
------------------------------------------------------------------------------------
 1  68.1  80.4   2:20p  60.8  12:00m   0.8   3.9  0.17   1.5  17.0   7:00p   NNE
 2  67.6  80.2   4:55p  56.9   6:30a   2.3   4.9  0.02   1.9  14.0  11:05a     W
 3  68.2  78.3   4:40p  56.2   6:40a   2.3   5.5  0.00   1.4  15.0   5:05p   ESE
 4  70.3  81.1   3:20p  59.9   6:45a   1.0   6.3  0.00   1.2  13.0   2:25p   ESE
 5  73.1  87.1   4:25p  57.0   6:25a   1.7   9.7  0.00   1.0   9.0  12:35p   WSW
 6  77.5  91.2   2:25p  62.2   6:20a   0.2  12.8  0.00   1.6  13.0   7:35p   SSE
 7  76.1  83.1   1:00p  69.7   6:45a   0.0  11.1  0.00   1.7  12.0   4:05p   SSE
 8  76.6  88.8   2:35p  61.7   6:25a   0.3  11.8  0.00   1.2   8.0  12:45p   SSE
 9  78.8  89.1   3:30p  68.6   6:40a   0.0  13.8  0.00   2.5  15.0   7:15p   ESE
10  78.3  94.7   2:30p  71.4   5:40p   0.0  13.3  0.37   1.9  26.0   5:05p   ESE
11  77.9  97.6   3:20p  68.8   6:20a   0.0  12.9  0.01   1.1  23.0   4:50p   SSE
12  82.9  97.3   3:15p  68.8   6:05a   0.0  17.9  0.00   1.7  23.0  10:00p   SSE
13  79.4  96.0   1:55p  69.3   6:50a   0.0  14.4  0.00   1.5  30.0   3:35p   SSE
14  76.8  86.8   4:25p  71.1   5:25a   0.0  11.8  0.00   2.0  14.0   5:00p     N
15  73.8  82.3   2:35p  67.7   6:45a   0.0   8.8  0.00   1.9  13.0   3:50p   NNE
16  74.1  78.7   4:45p  69.2   8:35a   0.0   9.1  0.25   2.7  14.0   8:45p   ESE
17  76.8  85.7   1:40p  72.1  12:05a   0.0  11.8  0.10   1.7  11.0   6:55p   SSE
18  75.7  82.1  11:45a  71.3   7:10a   0.0  10.7  3.19   3.3  22.0  12:20p   ESE
19  79.2  88.3   3:35p  72.6   1:00a   0.0  14.2  0.00   3.1  18.0  11:25a     W
20  77.6  86.8   5:10p  72.0   6:55a   0.0  12.6  0.03   1.1   9.0   1:45p     W
21  77.2  87.1   4:25p  67.6   6:20a   0.0  12.2  0.01   1.3  10.0   2:35p   ESE
22  74.1  76.4  12:10a  72.0  11:55p   0.0   9.1  0.21   0.6   7.0   5:40p     W
23  80.2  90.7   5:20p  71.3   1:45a   0.0  15.2  0.01   2.8  16.0   1:00p     W
24  80.8  92.0   5:15p  71.6   4:45a   0.0  15.8  0.00   1.7  11.0   9:55a     W
25  81.1  94.4   3:50p  68.2   6:40a   0.0  16.1  0.00   0.8  10.0   1:25p   SSE
26  81.1  94.2   5:10p  69.8   6:40a   0.0  16.1  0.00   1.0   8.0   1:10p     W
27  78.5  90.5   1:40p  73.2   6:35a   0.0  13.5  0.00   1.1  13.0   4:45p     W
28  75.3  83.6   1:10p  70.1  11:55p   0.0  10.3  0.00   2.7  21.0   3:50p   ESE
29  72.8  79.6   5:30p  67.2   7:45a   0.0   7.8  0.00   1.8  10.0   2:25a   ESE
30  77.6  87.6   3:20p  71.3   5:25a   0.0  12.6  0.00   1.3  15.0   5:05p   WSW
31  74.2  80.8   3:05p  69.5  11:35p   0.0   9.2  0.00   0.8   6.0   1:45p     W
-------------------------------------------------------------------------------------
    76.2  97.6    11    56.2     3     8.6 355.2  4.37   1.7  30.0    13     SSE

Max >=  90.0: 10
Max <=  32.0:  0
Min <=  32.0:  0
Min <=   0.0:  0
Max Rain: 3.19 ON 08/18/21
Days of Rain: 8 (>.01 in) 5 (>.1 in) 1 (>1 in)
Heat Base:  65.0  Cool Base:  65.0  Method: Integration