NOAA-Style Climate Reports

WeatherLink Software Version 6.0.3
Discontinued 1/31/2017
Select a Year or Month report
2021: Jan Feb Mar Apr May Jun Jul Aug Sep Oct Nov Dec
2020: Jan Feb Mar Apr May Jun Jul Aug Sep Oct Nov Dec
2019: Jan Feb Mar Apr May Jun Jul Aug Sep Oct Nov Dec
2018: Jan Feb Mar Apr May Jun Jul Aug Sep Oct Nov Dec
2017: Jan Feb Mar Apr May Jun Jul Aug Sep Oct Nov Dec
2016: Jan Feb Mar Apr May Jun Jul Aug Sep Oct Nov Dec
2015: Jan Feb Mar Apr May Jun Jul Aug Sep Oct Nov Dec
2014: Jan Feb Mar Apr May Jun Jul Aug Sep Oct Nov Dec
2013: Jan Feb Mar Apr May Jun Jul Aug Sep Oct Nov Dec
2012: Jan Feb Mar Apr May Jun Jul Aug Sep Oct Nov Dec
2011: Jan Feb Mar Apr May Jun Jul Aug Sep Oct Nov Dec
2010: Jan Feb Mar Apr May Jun Jul Aug Sep Oct Nov Dec

Report for 2021 September
                   MONTHLY CLIMATOLOGICAL SUMMARY for SEP. 2021

NAME: cvweather_new   CITY: Mechanicsburg   STATE: PA 
ELEV:   439 ft  LAT:  40° 13' 22" N  LONG:  77° 00' 51" W

                   TEMPERATURE (°F), RAIN  (in), WIND SPEED (mph)

                                      HEAT  COOL        AVG
    MEAN                              DEG   DEG         WIND                 DOM
DAY TEMP  HIGH   TIME   LOW    TIME   DAYS  DAYS  RAIN  SPEED HIGH   TIME    DIR
------------------------------------------------------------------------------------
 1  66.8  69.5  12:05a  63.0   8:00p   0.2   2.0  4.25   4.0  28.0  11:25p   NNE
 2  67.6  76.6   5:40p  57.7   7:05a   1.1   3.7  0.00   3.9  21.0  12:05a    NW
 3  63.3  73.2   4:25p  50.9   6:25a   3.9   2.2  0.00   1.5  11.0   4:45p   NNW
 4  66.1  78.9   4:20p  54.5   5:35a   3.4   4.6  0.00   1.0   9.0  12:35p   SSE
 5  67.8  72.6   5:35p  63.8   8:30a   0.1   2.9  0.30   1.2   9.0   3:05p   SSE
 6  72.0  82.2   4:05p  62.6   7:10a   0.2   7.2  0.01   2.3  18.0   1:30p     W
 7  70.0  83.1   4:10p  55.6   7:10a   2.3   7.3  0.00   1.2  12.0  11:40a   SSE
 8  73.6  86.7   2:55p  62.7   6:10a   0.2   8.8  0.57   1.7  14.0   1:55p   SSE
 9  67.0  77.8   4:05p  60.4  10:55p   0.7   2.7  0.19   1.2  28.0   4:25p   WSW
10  64.7  74.2   5:10p  57.5   3:15a   2.8   2.5  0.00   3.4  21.0   3:40p     W
11  65.4  79.4   2:15p  52.3   6:30a   3.7   4.1  0.00   1.3  16.0   2:50p   SSE
12  71.9  87.0   3:40p  57.9   6:45a   1.7   8.5  0.00   1.0  14.0   1:35p   SSE
13  76.0  86.3   5:15p  66.8   6:30a   0.0  11.0  0.00   1.1  11.0  11:40a   WSW
14  75.6  85.9   2:15p  65.8   7:05a   0.0  10.6  0.00   0.9  10.0   2:40p   SSE
15  75.1  87.4   3:50p  68.2   9:40p   0.0  10.1  0.58   1.5  21.0   5:45p   SSE
16  72.9  80.0   3:45p  66.1   7:10a   0.0   7.7  0.11   2.5  16.0   7:10p   ESE
17  73.1  79.2   5:30p  68.3  12:00m   0.0   8.1  0.00   1.6  11.0   3:30p   ESE
18  74.7  85.2   4:45p  66.8   4:15a   0.0   9.7  0.00   1.2  12.0   1:30p   NNW
19  70.2  78.8   3:20p  58.5  12:00m   0.5   5.7  0.00   2.1  10.0   9:40a   NNW
20  66.3  77.3   2:55p  55.1   3:30a   2.9   4.2  0.00   2.6  16.0  12:40p    SE
21  68.1  78.1   4:10p  60.4   7:20a   1.2   4.3  0.00   2.4  13.0   5:40p   ESE
22  71.3  75.4  12:15p  68.4   3:55a   0.0   6.3  0.72   4.0  22.0   6:55p   ESE
23  64.9  74.6   1:55p  51.4  12:00m   3.0   2.9  1.93   3.3  23.0   1:40a   WSW
24  58.7  72.9   3:05p  45.6   6:45a   8.0   1.6  0.00   1.1  13.0  12:10p   WSW
25  61.0  76.2   3:25p  47.3   7:15a   6.5   2.5  0.00   1.0   9.0  10:50a     W
26  63.1  73.2   4:20p  52.3   7:15a   3.9   2.0  0.00   3.0  19.0   2:55p     W
27  66.1  80.7   4:25p  51.7   4:35a   4.1   5.2  0.00   1.3  16.0  12:30p   SSE
28  65.1  75.9   4:35p  58.5  12:00m   2.0   2.1  0.37   1.4  18.0   6:45p     W
29  59.8  69.5   5:45p  50.3   7:40a   5.9   0.7  0.00   2.1  15.0   2:20p    NW
30  56.9  67.1   2:20p  47.3   7:15a   8.2   0.1  0.00   1.6  14.0  10:40a   WSW
-------------------------------------------------------------------------------------
    67.8  87.4    15    45.6    24    66.5 151.3  9.03   1.9  28.0     1     SSE

Max >=  90.0:  0
Max <=  32.0:  0
Min <=  32.0:  0
Min <=   0.0:  0
Max Rain: 4.25 ON 09/01/21
Days of Rain: 9 (>.01 in) 9 (>.1 in) 2 (>1 in)
Heat Base:  65.0  Cool Base:  65.0  Method: Integration