NOAA-Style Climate Reports

WeatherLink Software Version 6.0.3
Discontinued 1/31/2017
Select a Year or Month report
2022: Jan Feb Mar Apr May Jun Jul Aug Sep Oct Nov Dec
2021: Jan Feb Mar Apr May Jun Jul Aug Sep Oct Nov Dec
2020: Jan Feb Mar Apr May Jun Jul Aug Sep Oct Nov Dec
2019: Jan Feb Mar Apr May Jun Jul Aug Sep Oct Nov Dec
2018: Jan Feb Mar Apr May Jun Jul Aug Sep Oct Nov Dec
2017: Jan Feb Mar Apr May Jun Jul Aug Sep Oct Nov Dec
2016: Jan Feb Mar Apr May Jun Jul Aug Sep Oct Nov Dec
2015: Jan Feb Mar Apr May Jun Jul Aug Sep Oct Nov Dec
2014: Jan Feb Mar Apr May Jun Jul Aug Sep Oct Nov Dec
2013: Jan Feb Mar Apr May Jun Jul Aug Sep Oct Nov Dec
2012: Jan Feb Mar Apr May Jun Jul Aug Sep Oct Nov Dec
2011: Jan Feb Mar Apr May Jun Jul Aug Sep Oct Nov Dec
2010: Jan Feb Mar Apr May Jun Jul Aug Sep Oct Nov Dec

Report for 2021 October
                   MONTHLY CLIMATOLOGICAL SUMMARY for OCT. 2021

NAME: cvweather_new   CITY: Mechanicsburg   STATE: PA 
ELEV:   439 ft  LAT:  40° 13' 22" N  LONG:  77° 00' 51" W

                   TEMPERATURE (°F), RAIN  (in), WIND SPEED (mph)

                                      HEAT  COOL        AVG
    MEAN                              DEG   DEG         WIND                 DOM
DAY TEMP  HIGH   TIME   LOW    TIME   DAYS  DAYS  RAIN  SPEED HIGH   TIME    DIR
------------------------------------------------------------------------------------
 1  56.8  69.1   5:05p  46.2   4:45a   8.7   0.5  0.00   1.3  10.0  12:15p    NW
 2  59.4  77.6   4:20p  44.2   7:10a   8.3   2.7  0.00   0.8   8.0  12:55p    NW
 3  65.5  84.1   3:50p  50.1   4:40a   5.2   5.7  0.24   0.9  13.0   3:20p   WSW
 4  71.5  81.0   5:50p  66.7   7:20a   0.0   6.5  0.07   1.1  10.0   1:25p     W
 5  66.6  69.8   4:35p  63.6   8:25a   0.1   1.8  0.00   2.1  11.0  12:25a   ESE
 6  66.9  70.6   4:25p  64.3   6:45a   0.1   2.0  0.00   1.7  10.0  10:15a   ESE
 7  67.5  74.4   3:30p  62.0  12:00m   0.2   2.8  0.00   1.0   9.0  12:35p   SSE
 8  66.7  74.3  12:20p  58.8   6:50a   1.8   3.5  0.00   0.9   9.0   3:30p   ESE
 9  65.7  68.4   5:20p  62.9  12:00m   0.2   1.0  0.00   3.5  19.0   1:05p   ESE
10  62.9  65.9   5:00p  60.0   8:05a   2.2   0.1  0.05   2.3  11.0   9:15a   ESE
11  63.8  67.3   3:55p  59.4   4:45a   1.8   0.5  0.00   1.0   9.0   2:00p   NNE
12  62.1  67.1   3:40p  56.2   4:25a   3.1   0.2  0.01   0.6   8.0   9:45a   ESE
13  65.4  72.9   4:35p  60.3  12:00m   1.3   1.7  0.00   0.6   8.0   2:05p   WSW
14  66.8  80.0   3:35p  57.4   7:55a   2.5   4.2  0.00   1.0  11.0  12:10p   WSW
15  70.6  83.4   3:40p  60.2   2:40a   1.4   7.1  0.00   1.1  11.0   2:45p   SSE
16  64.1  72.2  11:40a  52.1  11:50p   2.5   1.6  0.30   3.2  24.0   5:35p   SSE
17  54.2  61.9   1:35p  48.7   3:20a  10.8   0.0  0.01   4.4  25.0   2:50p     W
18  53.6  60.4   5:00p  44.2   7:20a  11.4   0.0  0.00   3.6  27.0   1:50p   WNW
19  58.0  71.5   3:45p  44.5   7:35a   8.2   1.2  0.00   3.0  22.0   3:55p     W
20  62.8  75.7   4:05p  52.6   1:10a   4.8   2.6  0.00   2.6  15.0   2:30p     W
21  61.7  78.0   2:45p  46.1   7:40a   6.2   3.0  0.00   1.1  14.0   3:50p   SSE
22  58.3  64.0   2:50p  52.0   7:30a   6.7   0.0  0.01   2.1  14.0  12:10p   WNW
23  53.3  56.6   4:00p  45.5  12:00m  11.7   0.0  0.08   1.2  11.0   4:40p   WSW
24  51.7  62.3   3:40p  41.6   2:35a  13.3   0.0  0.00   1.7  13.0   2:40p   ESE
25  62.2  75.8   2:05p  52.2   7:25a   5.3   2.5  0.36   2.3  26.0   8:10p   ESE
26  54.8  62.4  11:15a  47.7   7:00p  10.2   0.0  0.01   5.4  26.0  11:55a     W
27  58.7  69.1   4:35p  48.7  12:05a   6.8   0.5  0.00   4.9  23.0  11:15a    NW
28  54.5  62.2   2:45p  41.8   7:45a  10.5   0.0  0.00   2.4  15.0   5:05p   ESE
29  52.0  56.8  12:05a  49.8  12:55p  13.0   0.0  1.53   5.8  35.0  10:50a   ESE
30  53.6  59.7   2:45p  50.8  12:55a  11.4   0.0  0.10   0.5   8.0  12:05a    NW
31  53.2  61.3   3:35p  47.7   3:55a  11.8   0.0  0.10   2.0  19.0   3:00p   WSW
-------------------------------------------------------------------------------------
    60.8  84.1     3    41.6    24   181.5  51.7  2.87   2.1  35.0    29     ESE

Max >=  90.0:  0
Max <=  32.0:  0
Min <=  32.0:  0
Min <=   0.0:  0
Max Rain: 1.53 ON 10/29/21
Days of Rain: 9 (>.01 in) 4 (>.1 in) 1 (>1 in)
Heat Base:  65.0  Cool Base:  65.0  Method: Integration