NOAA-Style Climate Reports

WeatherLink Software Version 6.0.3
Discontinued 1/31/2017
Select a Year or Month report
2022: Jan Feb Mar Apr May Jun Jul Aug Sep Oct Nov Dec
2021: Jan Feb Mar Apr May Jun Jul Aug Sep Oct Nov Dec
2020: Jan Feb Mar Apr May Jun Jul Aug Sep Oct Nov Dec
2019: Jan Feb Mar Apr May Jun Jul Aug Sep Oct Nov Dec
2018: Jan Feb Mar Apr May Jun Jul Aug Sep Oct Nov Dec
2017: Jan Feb Mar Apr May Jun Jul Aug Sep Oct Nov Dec
2016: Jan Feb Mar Apr May Jun Jul Aug Sep Oct Nov Dec
2015: Jan Feb Mar Apr May Jun Jul Aug Sep Oct Nov Dec
2014: Jan Feb Mar Apr May Jun Jul Aug Sep Oct Nov Dec
2013: Jan Feb Mar Apr May Jun Jul Aug Sep Oct Nov Dec
2012: Jan Feb Mar Apr May Jun Jul Aug Sep Oct Nov Dec
2011: Jan Feb Mar Apr May Jun Jul Aug Sep Oct Nov Dec
2010: Jan Feb Mar Apr May Jun Jul Aug Sep Oct Nov Dec

Report for 2021 November
                   MONTHLY CLIMATOLOGICAL SUMMARY for NOV. 2021

NAME: cvweather_new   CITY: Mechanicsburg   STATE: PA 
ELEV:   439 ft  LAT:  40° 13' 22" N  LONG:  77° 00' 51" W

                   TEMPERATURE (°F), RAIN  (in), WIND SPEED (mph)

                                      HEAT  COOL        AVG
    MEAN                              DEG   DEG         WIND                 DOM
DAY TEMP  HIGH   TIME   LOW    TIME   DAYS  DAYS  RAIN  SPEED HIGH   TIME    DIR
------------------------------------------------------------------------------------
 1  51.4  57.7   4:40p  41.2  12:00m  13.5   0.0  0.00   3.5  22.0  12:50p    NW
 2  43.9  50.1   5:10p  35.6  12:00m  21.1   0.0  0.00   1.3  11.0   7:35a   WSW
 3  39.1  48.9   4:25p  30.4   5:20a  25.9   0.0  0.00   2.3  19.0   2:40p     W
 4  37.5  50.1   2:45p  26.8   8:00a  27.5   0.0  0.00   0.6   8.0   1:25p   WSW
 5  37.4  51.7   4:05p  26.0   5:35a  27.6   0.0  0.00   1.1  11.0   4:30p     W
 6  37.9  53.2   3:25p  24.1   7:55a  27.1   0.0  0.00   0.8  10.0   4:30p   ESE
 7  40.6  56.8   2:15p  25.6   6:35a  24.3   0.0  0.00   1.1  10.0   2:05p    NW
 8  55.3  69.4   3:00p  41.6  12:05a  10.2   0.5  0.00   2.2  15.0   1:00p    NW
 9  54.7  71.3   3:05p  40.6   6:35a  11.2   0.9  0.00   1.1  11.0   2:30p   WSW
10  56.7  67.8   2:55p  46.5  12:00m   8.5   0.2  0.00   2.2  16.0  10:00a    NW
11  53.4  62.4   3:40p  42.4   6:35a  11.6   0.0  0.00   3.1  18.0   3:20p   ESE
12  55.9  62.1   2:45p  42.7  11:00p   9.1   0.0  1.34   3.3  22.0   1:45a   SSE
13  42.9  49.6  10:40a  38.0  10:00p  22.1   0.0  0.16   3.6  26.0   3:00p   WSW
14  39.2  45.2   2:25p  31.4   6:05a  25.7   0.0  0.01   1.8  15.0   9:35a   SSE
15  40.3  46.6  12:30p  33.8  10:55p  24.6   0.0  0.01   4.7  29.0   2:15p   WSW
16  39.2  50.1   3:00p  31.0   6:55a  25.6   0.0  0.00   1.6  13.0  12:35p   WSW
17  40.4  51.7   3:45p  31.1   2:50a  24.5   0.0  0.00   1.6  11.0   9:05a   ESE
18  48.3  67.4   1:25p  34.1   6:55a  16.9   0.2  0.02   2.7  23.0   6:30p   WSW
19  39.1  43.6  12:05a  31.9  11:30p  25.9   0.0  0.01   6.1  25.0   4:35a     W
20  36.0  45.6   2:05p  25.8   7:05a  29.0   0.0  0.00   1.4  14.0   1:10p   SSE
21  40.4  48.5  12:50p  32.9   7:10a  24.6   0.0  0.08   1.1   8.0  11:35a   ESE
22  39.4  48.1  12:20p  31.5  11:40p  25.6   0.0  0.01   3.5  22.0  11:55a   WNW
23  34.2  41.3   3:00p  28.8   6:35a  29.2   0.0  0.00   3.8  22.0  11:45a   WNW
24  34.9  46.2   2:05p  25.6   5:55a  30.1   0.0  0.00   1.4  10.0   9:30a   WSW
25  40.6  54.8   3:05p  28.0   4:15a  24.4   0.0  0.00   0.7   7.0  10:15a     W
26  40.4  48.7   5:20a  34.3  12:00m  24.5   0.0  0.00   8.4  32.0   5:40a     W
27  34.0  38.2   3:30p  31.9   7:40p  31.0   0.0  0.00   4.8  23.0   2:55a   WNW
28  35.3  39.2   2:10p  31.9  12:20a  29.7   0.0  0.02   1.4  18.0   9:30p   ESE
29  37.1  40.9   2:45p  31.3   6:25a  27.9   0.0  0.00   4.4  24.0   1:20p   WNW
30  35.2  38.9   3:25p  30.2  10:30p  29.8   0.0  0.00   0.8   8.0   4:35a    SW
-------------------------------------------------------------------------------------
    42.0  71.3     9    24.1     6   688.7   1.8  1.66   2.5  32.0    26       W

Max >=  90.0:  0
Max <=  32.0:  0
Min <=  32.0: 18
Min <=   0.0:  0
Max Rain: 1.34 ON 11/12/21
Days of Rain: 5 (>.01 in) 2 (>.1 in) 1 (>1 in)
Heat Base:  65.0  Cool Base:  65.0  Method: Integration