NOAA-Style Climate Reports

WeatherLink Software Version 6.0.3
Discontinued 1/31/2017
Select a Year or Month report
2022: Jan Feb Mar Apr May Jun Jul Aug Sep Oct Nov Dec
2021: Jan Feb Mar Apr May Jun Jul Aug Sep Oct Nov Dec
2020: Jan Feb Mar Apr May Jun Jul Aug Sep Oct Nov Dec
2019: Jan Feb Mar Apr May Jun Jul Aug Sep Oct Nov Dec
2018: Jan Feb Mar Apr May Jun Jul Aug Sep Oct Nov Dec
2017: Jan Feb Mar Apr May Jun Jul Aug Sep Oct Nov Dec
2016: Jan Feb Mar Apr May Jun Jul Aug Sep Oct Nov Dec
2015: Jan Feb Mar Apr May Jun Jul Aug Sep Oct Nov Dec
2014: Jan Feb Mar Apr May Jun Jul Aug Sep Oct Nov Dec
2013: Jan Feb Mar Apr May Jun Jul Aug Sep Oct Nov Dec
2012: Jan Feb Mar Apr May Jun Jul Aug Sep Oct Nov Dec
2011: Jan Feb Mar Apr May Jun Jul Aug Sep Oct Nov Dec
2010: Jan Feb Mar Apr May Jun Jul Aug Sep Oct Nov Dec

Report for 2021 December
                   MONTHLY CLIMATOLOGICAL SUMMARY for DEC. 2021

NAME: cvweather_new   CITY: Mechanicsburg   STATE: PA 
ELEV:   439 ft  LAT:  40° 13' 22" N  LONG:  77° 00' 51" W

                   TEMPERATURE (°F), RAIN  (in), WIND SPEED (mph)

                                      HEAT  COOL        AVG
    MEAN                              DEG   DEG         WIND                 DOM
DAY TEMP  HIGH   TIME   LOW    TIME   DAYS  DAYS  RAIN  SPEED HIGH   TIME    DIR
------------------------------------------------------------------------------------
 1  40.9  49.2   3:10p  32.0  12:05a  24.1   0.0  0.05   1.4  12.0   2:10p   SSE
 2  49.9  63.0   4:55p  40.3  12:05a  15.1   0.0  0.02   3.8  35.0  10:50p   SSE
 3  44.8  49.7  12:05a  42.3  10:30p  20.2   0.0  0.00   5.6  34.0   1:30a   WNW
 4  45.8  55.0   3:15p  39.2   7:50a  19.2   0.0  0.00   1.9  13.0   4:05p     W
 5  43.0  48.8   3:40p  34.6   7:30a  22.0   0.0  0.00   2.4  13.0   1:25p    SE
 6  47.0  57.0   2:10p  35.3  12:00m  18.0   0.0  0.10   5.0  34.0   6:05p   SSE
 7  32.9  36.2   1:30p  27.9   6:35a  32.0   0.0  0.00   1.9  20.0  12:30a   WSW
 8  33.6  37.0   3:55p  30.1   2:40a  31.3   0.0  0.00   2.9  23.0   8:50p   SSE
 9  33.7  40.3   1:20p  24.9   7:20a  31.3   0.0  0.00   2.3  15.0  12:40a   SSE
10  42.5  47.8   2:40p  36.4  12:05a  22.5   0.0  0.00   2.6  15.0   3:45a   ESE
11  50.3  64.3   6:00p  42.3  11:55p  14.7   0.0  0.05   5.1  41.0  10:45p   ESE
12  41.1  48.3   3:00p  32.6  11:35p  23.9   0.0  0.00   5.1  30.0  12:05a     W
13  40.0  54.7   3:05p  26.0   7:55a  25.0   0.0  0.00   1.3  11.0   3:35p    SW
14  43.9  53.3   2:45p  32.9  11:15p  21.1   0.0  0.00   2.1  12.0  10:00a     N
15  41.1  50.7   3:00p  30.2   7:00a  23.9   0.0  0.00   1.0   9.0  12:35p   ESE
16  52.7  62.9   2:50p  43.3   7:35a  12.3   0.0  0.00   1.6  12.0   2:15p   SSE
17  51.6  57.5   3:35a  44.7  12:00m  13.4   0.0  0.00   2.3  13.0   5:05a    NW
18  41.5  45.4   3:00p  37.9   6:05a  23.5   0.0  0.17   1.9  11.0   8:45a   ESE
19  37.7  47.1   2:00a  26.9  12:00m  27.3   0.0  0.01   5.8  29.0   2:25a    NW
20  29.4  38.8   1:45p  20.1   5:40a  35.6   0.0  0.00   1.3  11.0   2:05p     S
21  30.8  39.6   2:50p  19.9   7:25a  34.2   0.0  0.00   1.3   9.0   3:05p   ESE
22  33.9  43.8  12:10p  26.5   6:30a  30.9   0.0  0.00   5.7  29.0   4:35p   WNW
23  30.4  35.3   4:05p  23.6   6:50a  34.6   0.0  0.00   2.3  14.0  12:05a   WNW
24  38.8  47.2   2:20p  29.9   7:45a  26.2   0.0  0.00   2.4  10.0   1:35a     E
25  43.8  55.8  11:50p  38.9   8:40a  21.2   0.0  0.26   1.5  17.0  11:40p     E
26  45.9  55.2  12:05a  36.5  12:00m  19.1   0.0  0.00   4.4  19.0   3:15a    NW
27  33.5  37.5  12:25a  32.2  10:35a  31.4   0.0  0.15   2.0  10.0   8:15p   ESE
28  35.2  40.2  11:55p  31.2   5:20a  29.8   0.0  0.21   1.9  14.0  11:05p   WSW
29  44.0  53.2   2:20p  38.3   4:35a  21.0   0.0  0.09   1.5  13.0  12:15a   ESE
30  47.1  51.1   3:50p  42.9   2:10a  17.9   0.0  0.08   1.2   7.0  12:30a   SSE
31  50.6  54.0   3:00p  48.0   7:55a  14.4   0.0  0.01   2.0  12.0  12:45p   SSE
-------------------------------------------------------------------------------------
    41.2  64.3    11    19.9    21   737.1   0.0  1.20   2.7  41.0    11     SSE

Max >=  90.0:  0
Max <=  32.0:  0
Min <=  32.0: 13
Min <=   0.0:  0
Max Rain: 0.26 ON 12/25/21
Days of Rain: 10 (>.01 in) 4 (>.1 in) 0 (>1 in)
Heat Base:  65.0  Cool Base:  65.0  Method: Integration